[INFO] cloning repository https://github.com/aggregatable-dkg/dkg
[INFO] running `Command { std: "git" "-c" "credential.helper=" "-c" "credential.helper=/workspace/cargo-home/bin/git-credential-null" "clone" "--bare" "https://github.com/aggregatable-dkg/dkg" "/workspace/cache/git-repos/https%3A%2F%2Fgithub.com%2Faggregatable-dkg%2Fdkg", kill_on_drop: false }`
[INFO] [stderr] Cloning into bare repository '/workspace/cache/git-repos/https%3A%2F%2Fgithub.com%2Faggregatable-dkg%2Fdkg'...
[INFO] running `Command { std: "git" "rev-parse" "HEAD", kill_on_drop: false }`
[INFO] [stdout] 3d6d799852c44d231056f8a3cf8fce46a272e790
[INFO] checking aggregatable-dkg/dkg against beta-2021-10-15 for beta-1.56-3
[INFO] running `Command { std: "git" "clone" "/workspace/cache/git-repos/https%3A%2F%2Fgithub.com%2Faggregatable-dkg%2Fdkg" "/workspace/builds/worker-4/source", kill_on_drop: false }`
[INFO] [stderr] Cloning into '/workspace/builds/worker-4/source'...
[INFO] [stderr] done.
[INFO] validating manifest of git repo https://github.com/aggregatable-dkg/dkg on toolchain beta-2021-10-15
[INFO] running `Command { std: "/workspace/cargo-home/bin/cargo" "+beta-2021-10-15" "metadata" "--manifest-path" "Cargo.toml" "--no-deps", kill_on_drop: false }`
[INFO] started tweaking git repo https://github.com/aggregatable-dkg/dkg
[INFO] finished tweaking git repo https://github.com/aggregatable-dkg/dkg
[INFO] tweaked toml for git repo https://github.com/aggregatable-dkg/dkg written to /workspace/builds/worker-4/source/Cargo.toml
[INFO] crate git repo https://github.com/aggregatable-dkg/dkg already has a lockfile, it will not be regenerated
[INFO] running `Command { std: "/workspace/cargo-home/bin/cargo" "+beta-2021-10-15" "fetch" "--manifest-path" "Cargo.toml", kill_on_drop: false }`
[INFO] [stderr]  Downloading crates ...
[INFO] [stderr]   Downloaded unroll v0.1.4
[INFO] running `Command { std: "docker" "create" "-v" "/var/lib/crater-agent-workspace/builds/worker-4/target:/opt/rustwide/target:rw,Z" "-v" "/var/lib/crater-agent-workspace/builds/worker-4/source:/opt/rustwide/workdir:ro,Z" "-v" "/var/lib/crater-agent-workspace/cargo-home:/opt/rustwide/cargo-home:ro,Z" "-v" "/var/lib/crater-agent-workspace/rustup-home:/opt/rustwide/rustup-home:ro,Z" "-e" "SOURCE_DIR=/opt/rustwide/workdir" "-e" "CARGO_TARGET_DIR=/opt/rustwide/target" "-e" "CARGO_HOME=/opt/rustwide/cargo-home" "-e" "RUSTUP_HOME=/opt/rustwide/rustup-home" "-w" "/opt/rustwide/workdir" "-m" "1610612736" "--user" "0:0" "--network" "none" "ghcr.io/rust-lang/crates-build-env/linux@sha256:a89201d6b5b9fd45c15d5952ece0a0129e7e80cb26ec023fd59cf09bc26f1604" "/opt/rustwide/cargo-home/bin/cargo" "+beta-2021-10-15" "metadata" "--no-deps" "--format-version=1", kill_on_drop: false }`
[INFO] [stderr] WARNING: Your kernel does not support swap limit capabilities or the cgroup is not mounted. Memory limited without swap.
[INFO] [stdout] 939d252d2d0e8f59d3d8b270ba74a258bc1dae29d26cee6e100f3c53822cf879
[INFO] running `Command { std: "docker" "start" "-a" "939d252d2d0e8f59d3d8b270ba74a258bc1dae29d26cee6e100f3c53822cf879", kill_on_drop: false }`
[INFO] running `Command { std: "docker" "inspect" "939d252d2d0e8f59d3d8b270ba74a258bc1dae29d26cee6e100f3c53822cf879", kill_on_drop: false }`
[INFO] running `Command { std: "docker" "rm" "-f" "939d252d2d0e8f59d3d8b270ba74a258bc1dae29d26cee6e100f3c53822cf879", kill_on_drop: false }`
[INFO] [stdout] 939d252d2d0e8f59d3d8b270ba74a258bc1dae29d26cee6e100f3c53822cf879
[INFO] running `Command { std: "docker" "create" "-v" "/var/lib/crater-agent-workspace/builds/worker-4/target:/opt/rustwide/target:rw,Z" "-v" "/var/lib/crater-agent-workspace/builds/worker-4/source:/opt/rustwide/workdir:ro,Z" "-v" "/var/lib/crater-agent-workspace/cargo-home:/opt/rustwide/cargo-home:ro,Z" "-v" "/var/lib/crater-agent-workspace/rustup-home:/opt/rustwide/rustup-home:ro,Z" "-e" "SOURCE_DIR=/opt/rustwide/workdir" "-e" "CARGO_TARGET_DIR=/opt/rustwide/target" "-e" "CARGO_INCREMENTAL=0" "-e" "RUST_BACKTRACE=full" "-e" "RUSTFLAGS=--cap-lints=warn" "-e" "CARGO_HOME=/opt/rustwide/cargo-home" "-e" "RUSTUP_HOME=/opt/rustwide/rustup-home" "-w" "/opt/rustwide/workdir" "-m" "1610612736" "--user" "0:0" "--network" "none" "ghcr.io/rust-lang/crates-build-env/linux@sha256:a89201d6b5b9fd45c15d5952ece0a0129e7e80cb26ec023fd59cf09bc26f1604" "/opt/rustwide/cargo-home/bin/cargo" "+beta-2021-10-15" "check" "--frozen" "--all" "--all-targets" "--message-format=json", kill_on_drop: false }`
[INFO] [stderr] WARNING: Your kernel does not support swap limit capabilities or the cgroup is not mounted. Memory limited without swap.
[INFO] [stdout] 775bf23fc76178584798fc423e6fbb2710593659ee94628190775a39c1b31d9f
[INFO] running `Command { std: "docker" "start" "-a" "775bf23fc76178584798fc423e6fbb2710593659ee94628190775a39c1b31d9f", kill_on_drop: false }`
[INFO] [stderr]    Compiling proc-macro2 v1.0.23
[INFO] [stderr]    Compiling syn v1.0.42
[INFO] [stderr]    Compiling libc v0.2.77
[INFO] [stderr]    Compiling rayon-core v1.8.1
[INFO] [stderr]    Compiling memchr v2.3.3
[INFO] [stderr]     Checking bench-utils v0.1.1-alpha.0 (https://github.com/scipr-lab/zexe#85cac177)
[INFO] [stderr]    Compiling rayon v1.4.0
[INFO] [stderr]     Checking blake2s_simd v0.5.10
[INFO] [stderr]     Checking serde_json v1.0.57
[INFO] [stderr]     Checking serde_cbor v0.11.1
[INFO] [stderr]    Compiling syn v0.15.44
[INFO] [stderr]     Checking plotters v0.2.15
[INFO] [stderr]     Checking clap v2.33.3
[INFO] [stderr]     Checking csv-core v0.1.10
[INFO] [stderr]     Checking bstr v0.2.13
[INFO] [stderr]     Checking tinytemplate v1.1.0
[INFO] [stderr]    Compiling quote v1.0.7
[INFO] [stderr]     Checking getrandom v0.1.15
[INFO] [stderr]     Checking num_cpus v1.13.0
[INFO] [stderr]     Checking atty v0.2.14
[INFO] [stderr]     Checking rand_core v0.5.1
[INFO] [stderr]     Checking csv v1.1.3
[INFO] [stderr]     Checking rand_chacha v0.2.2
[INFO] [stderr]     Checking rand v0.7.3
[INFO] [stderr]    Compiling unroll v0.1.4
[INFO] [stderr]    Compiling mince v0.1.1-alpha.0 (https://github.com/scipr-lab/zexe#85cac177)
[INFO] [stderr]    Compiling derivative v2.1.1
[INFO] [stderr]    Compiling algebra-core-derive v0.1.1-alpha.0 (https://github.com/scipr-lab/zexe#85cac177)
[INFO] [stderr]    Compiling thiserror-impl v1.0.20
[INFO] [stderr]    Compiling serde_derive v1.0.116
[INFO] [stderr]    Compiling field-assembly v0.1.1-alpha.0 (https://github.com/scipr-lab/zexe#85cac177)
[INFO] [stderr]    Compiling algebra-core v0.1.1-alpha.0 (https://github.com/scipr-lab/zexe#85cac177)
[INFO] [stderr]     Checking thiserror v1.0.20
[INFO] [stdout] error[E0277]: cannot multiply-assign `<P as quadratic_extension::QuadExtParameters>::BaseField` by `&&<P as quadratic_extension::QuadExtParameters>::BaseField`
[INFO] [stdout]    --> /opt/rustwide/cargo-home/git/checkouts/zexe-f74c42809fa6cfe1/85cac17/algebra-core/src/fields/models/quadratic_extension.rs:135:28
[INFO] [stdout]     |
[INFO] [stdout] 135 |         self.c0.mul_assign(&element);
[INFO] [stdout]     |                            ^^^^^^^^ no implementation for `<P as quadratic_extension::QuadExtParameters>::BaseField *= &&<P as quadratic_extension::QuadExtParameters>::BaseField`
[INFO] [stdout]     |
[INFO] [stdout]     = help: the trait `std::ops::MulAssign<&&<P as quadratic_extension::QuadExtParameters>::BaseField>` is not implemented for `<P as quadratic_extension::QuadExtParameters>::BaseField`
[INFO] [stdout] help: consider further restricting the associated type
[INFO] [stdout]     |
[INFO] [stdout] 134 |     pub fn mul_assign_by_basefield(&mut self, element: &P::BaseField) where <P as quadratic_extension::QuadExtParameters>::BaseField: std::ops::MulAssign<&&<P as quadratic_extension::QuadExtParameters>::BaseField> {
[INFO] [stdout]     |                                                                       +++++++++++++++++++++++++++++++++++++++++++++++++++++++++++++++++++++++++++++++++++++++++++++++++++++++++++++++++++++++++++++++++++++++++++++++
[INFO] [stdout] 
[INFO] [stdout] 
[INFO] [stdout] error[E0277]: cannot multiply-assign `<P as quadratic_extension::QuadExtParameters>::BaseField` by `&&<P as quadratic_extension::QuadExtParameters>::BaseField`
[INFO] [stdout]    --> /opt/rustwide/cargo-home/git/checkouts/zexe-f74c42809fa6cfe1/85cac17/algebra-core/src/fields/models/quadratic_extension.rs:136:28
[INFO] [stdout]     |
[INFO] [stdout] 136 |         self.c1.mul_assign(&element);
[INFO] [stdout]     |                            ^^^^^^^^ no implementation for `<P as quadratic_extension::QuadExtParameters>::BaseField *= &&<P as quadratic_extension::QuadExtParameters>::BaseField`
[INFO] [stdout]     |
[INFO] [stdout]     = help: the trait `std::ops::MulAssign<&&<P as quadratic_extension::QuadExtParameters>::BaseField>` is not implemented for `<P as quadratic_extension::QuadExtParameters>::BaseField`
[INFO] [stdout] help: consider further restricting the associated type
[INFO] [stdout]     |
[INFO] [stdout] 134 |     pub fn mul_assign_by_basefield(&mut self, element: &P::BaseField) where <P as quadratic_extension::QuadExtParameters>::BaseField: std::ops::MulAssign<&&<P as quadratic_extension::QuadExtParameters>::BaseField> {
[INFO] [stdout]     |                                                                       +++++++++++++++++++++++++++++++++++++++++++++++++++++++++++++++++++++++++++++++++++++++++++++++++++++++++++++++++++++++++++++++++++++++++++++++
[INFO] [stdout] 
[INFO] [stdout] 
[INFO] [stdout] error[E0277]: cannot add `&mut <P as ModelParameters>::BaseField` to `<P as ModelParameters>::BaseField`
[INFO] [stdout]    --> /opt/rustwide/cargo-home/git/checkouts/zexe-f74c42809fa6cfe1/85cac17/algebra-core/src/curves/models/short_weierstrass_jacobian.rs:444:23
[INFO] [stdout]     |
[INFO] [stdout] 444 |             let e = a + a.double_in_place();
[INFO] [stdout]     |                       ^ no implementation for `<P as ModelParameters>::BaseField + &mut <P as ModelParameters>::BaseField`
[INFO] [stdout]     |
[INFO] [stdout]     = help: the trait `Add<&mut <P as ModelParameters>::BaseField>` is not implemented for `<P as ModelParameters>::BaseField`
[INFO] [stdout] help: consider further restricting the associated type
[INFO] [stdout]     |
[INFO] [stdout] 425 |     fn double_in_place(&mut self) -> &mut Self where <P as ModelParameters>::BaseField: Add<&mut <P as ModelParameters>::BaseField> {
[INFO] [stdout]     |                                                ++++++++++++++++++++++++++++++++++++++++++++++++++++++++++++++++++++++++++++++++++++
[INFO] [stdout] 
[INFO] [stdout] 
[INFO] [stdout] error[E0277]: cannot subtract `&mut <P as ModelParameters>::BaseField` from `<P as ModelParameters>::BaseField`
[INFO] [stdout]    --> /opt/rustwide/cargo-home/git/checkouts/zexe-f74c42809fa6cfe1/85cac17/algebra-core/src/curves/models/short_weierstrass_jacobian.rs:457:41
[INFO] [stdout]     |
[INFO] [stdout] 457 |             self.y = (d - &self.x) * &e - c.double_in_place().double_in_place().double_in_place();
[INFO] [stdout]     |                                         ^ no implementation for `<P as ModelParameters>::BaseField - &mut <P as ModelParameters>::BaseField`
[INFO] [stdout]     |
[INFO] [stdout]     = help: the trait `Sub<&mut <P as ModelParameters>::BaseField>` is not implemented for `<P as ModelParameters>::BaseField`
[INFO] [stdout] help: consider further restricting the associated type
[INFO] [stdout]     |
[INFO] [stdout] 425 |     fn double_in_place(&mut self) -> &mut Self where <P as ModelParameters>::BaseField: Sub<&mut <P as ModelParameters>::BaseField> {
[INFO] [stdout]     |                                                ++++++++++++++++++++++++++++++++++++++++++++++++++++++++++++++++++++++++++++++++++++
[INFO] [stdout] 
[INFO] [stdout] 
[INFO] [stdout] error[E0277]: cannot subtract `&mut <P as ModelParameters>::BaseField` from `<P as ModelParameters>::BaseField`
[INFO] [stdout]    --> /opt/rustwide/cargo-home/git/checkouts/zexe-f74c42809fa6cfe1/85cac17/algebra-core/src/curves/models/short_weierstrass_jacobian.rs:486:36
[INFO] [stdout]     |
[INFO] [stdout] 486 |             self.y = m * &(s - &t) - yyyy.double_in_place().double_in_place().double_in_place();
[INFO] [stdout]     |                                    ^ no implementation for `<P as ModelParameters>::BaseField - &mut <P as ModelParameters>::BaseField`
[INFO] [stdout]     |
[INFO] [stdout]     = help: the trait `Sub<&mut <P as ModelParameters>::BaseField>` is not implemented for `<P as ModelParameters>::BaseField`
[INFO] [stdout] help: consider further restricting the associated type
[INFO] [stdout]     |
[INFO] [stdout] 425 |     fn double_in_place(&mut self) -> &mut Self where <P as ModelParameters>::BaseField: Sub<&mut <P as ModelParameters>::BaseField> {
[INFO] [stdout]     |                                                ++++++++++++++++++++++++++++++++++++++++++++++++++++++++++++++++++++++++++++++++++++
[INFO] [stdout] 
[INFO] [stdout] 
[INFO] [stdout] error[E0277]: cannot subtract `&mut <P as ModelParameters>::BaseField` from `<P as ModelParameters>::BaseField`
[INFO] [stdout]    --> /opt/rustwide/cargo-home/git/checkouts/zexe-f74c42809fa6cfe1/85cac17/algebra-core/src/curves/models/short_weierstrass_jacobian.rs:647:41
[INFO] [stdout]     |
[INFO] [stdout] 647 |             self.y = r * &(v - &self.x) - (s1 * &j).double_in_place();
[INFO] [stdout]     |                                         ^ no implementation for `<P as ModelParameters>::BaseField - &mut <P as ModelParameters>::BaseField`
[INFO] [stdout]     |
[INFO] [stdout]     = help: the trait `Sub<&mut <P as ModelParameters>::BaseField>` is not implemented for `<P as ModelParameters>::BaseField`
[INFO] [stdout] help: consider further restricting the associated type
[INFO] [stdout]     |
[INFO] [stdout] 591 |     fn add_assign(&mut self, other: &'a Self) where <P as ModelParameters>::BaseField: Sub<&mut <P as ModelParameters>::BaseField> {
[INFO] [stdout]     |                                               ++++++++++++++++++++++++++++++++++++++++++++++++++++++++++++++++++++++++++++++++++++
[INFO] [stdout] 
[INFO] [stdout] 
[INFO] [stderr]     Checking criterion v0.3.3
[INFO] [stdout] error: aborting due to 6 previous errors
[INFO] [stdout] 
[INFO] [stdout] 
[INFO] [stdout] For more information about this error, try `rustc --explain E0277`.
[INFO] [stdout] 
[INFO] [stderr] error: could not compile `algebra-core` due to 7 previous errors
[INFO] [stderr] warning: build failed, waiting for other jobs to finish...
[INFO] [stderr] error: build failed
[INFO] running `Command { std: "docker" "inspect" "775bf23fc76178584798fc423e6fbb2710593659ee94628190775a39c1b31d9f", kill_on_drop: false }`
[INFO] running `Command { std: "docker" "rm" "-f" "775bf23fc76178584798fc423e6fbb2710593659ee94628190775a39c1b31d9f", kill_on_drop: false }`
[INFO] [stdout] 775bf23fc76178584798fc423e6fbb2710593659ee94628190775a39c1b31d9f
