[INFO] cloning repository https://github.com/afonsolage/midoriya
[INFO] running `Command { std: "git" "-c" "credential.helper=" "-c" "credential.helper=/workspace/cargo-home/bin/git-credential-null" "clone" "--bare" "https://github.com/afonsolage/midoriya" "/workspace/cache/git-repos/https%3A%2F%2Fgithub.com%2Fafonsolage%2Fmidoriya", kill_on_drop: false }`
[INFO] [stderr] Cloning into bare repository '/workspace/cache/git-repos/https%3A%2F%2Fgithub.com%2Fafonsolage%2Fmidoriya'...
[INFO] running `Command { std: "git" "rev-parse" "HEAD", kill_on_drop: false }`
[INFO] [stdout] 556a520cd2036f63294cd885c3cc56ea9a0a5bfe
[INFO] checking afonsolage/midoriya against beta-2021-10-15 for beta-1.56-3
[INFO] running `Command { std: "git" "clone" "/workspace/cache/git-repos/https%3A%2F%2Fgithub.com%2Fafonsolage%2Fmidoriya" "/workspace/builds/worker-2/source", kill_on_drop: false }`
[INFO] [stderr] Cloning into '/workspace/builds/worker-2/source'...
[INFO] [stderr] done.
[INFO] validating manifest of git repo https://github.com/afonsolage/midoriya on toolchain beta-2021-10-15
[INFO] running `Command { std: "/workspace/cargo-home/bin/cargo" "+beta-2021-10-15" "metadata" "--manifest-path" "Cargo.toml" "--no-deps", kill_on_drop: false }`
[INFO] started tweaking git repo https://github.com/afonsolage/midoriya
[INFO] finished tweaking git repo https://github.com/afonsolage/midoriya
[INFO] tweaked toml for git repo https://github.com/afonsolage/midoriya written to /workspace/builds/worker-2/source/Cargo.toml
[INFO] crate git repo https://github.com/afonsolage/midoriya already has a lockfile, it will not be regenerated
[INFO] running `Command { std: "/workspace/cargo-home/bin/cargo" "+beta-2021-10-15" "fetch" "--manifest-path" "Cargo.toml", kill_on_drop: false }`
[INFO] [stderr]     Blocking waiting for file lock on package cache
[INFO] running `Command { std: "docker" "create" "-v" "/var/lib/crater-agent-workspace/builds/worker-2/target:/opt/rustwide/target:rw,Z" "-v" "/var/lib/crater-agent-workspace/builds/worker-2/source:/opt/rustwide/workdir:ro,Z" "-v" "/var/lib/crater-agent-workspace/cargo-home:/opt/rustwide/cargo-home:ro,Z" "-v" "/var/lib/crater-agent-workspace/rustup-home:/opt/rustwide/rustup-home:ro,Z" "-e" "SOURCE_DIR=/opt/rustwide/workdir" "-e" "CARGO_TARGET_DIR=/opt/rustwide/target" "-e" "CARGO_HOME=/opt/rustwide/cargo-home" "-e" "RUSTUP_HOME=/opt/rustwide/rustup-home" "-w" "/opt/rustwide/workdir" "-m" "1610612736" "--user" "0:0" "--network" "none" "ghcr.io/rust-lang/crates-build-env/linux@sha256:a89201d6b5b9fd45c15d5952ece0a0129e7e80cb26ec023fd59cf09bc26f1604" "/opt/rustwide/cargo-home/bin/cargo" "+beta-2021-10-15" "metadata" "--no-deps" "--format-version=1", kill_on_drop: false }`
[INFO] [stdout] d6d8851d5a023fdd0461801105880bd85416d7cbd435abf4d788958ebb8ae1cf
[INFO] [stderr] WARNING: Your kernel does not support swap limit capabilities or the cgroup is not mounted. Memory limited without swap.
[INFO] running `Command { std: "docker" "start" "-a" "d6d8851d5a023fdd0461801105880bd85416d7cbd435abf4d788958ebb8ae1cf", kill_on_drop: false }`
[INFO] running `Command { std: "docker" "inspect" "d6d8851d5a023fdd0461801105880bd85416d7cbd435abf4d788958ebb8ae1cf", kill_on_drop: false }`
[INFO] running `Command { std: "docker" "rm" "-f" "d6d8851d5a023fdd0461801105880bd85416d7cbd435abf4d788958ebb8ae1cf", kill_on_drop: false }`
[INFO] [stdout] d6d8851d5a023fdd0461801105880bd85416d7cbd435abf4d788958ebb8ae1cf
[INFO] running `Command { std: "docker" "create" "-v" "/var/lib/crater-agent-workspace/builds/worker-2/target:/opt/rustwide/target:rw,Z" "-v" "/var/lib/crater-agent-workspace/builds/worker-2/source:/opt/rustwide/workdir:ro,Z" "-v" "/var/lib/crater-agent-workspace/cargo-home:/opt/rustwide/cargo-home:ro,Z" "-v" "/var/lib/crater-agent-workspace/rustup-home:/opt/rustwide/rustup-home:ro,Z" "-e" "SOURCE_DIR=/opt/rustwide/workdir" "-e" "CARGO_TARGET_DIR=/opt/rustwide/target" "-e" "CARGO_INCREMENTAL=0" "-e" "RUST_BACKTRACE=full" "-e" "RUSTFLAGS=--cap-lints=warn" "-e" "CARGO_HOME=/opt/rustwide/cargo-home" "-e" "RUSTUP_HOME=/opt/rustwide/rustup-home" "-w" "/opt/rustwide/workdir" "-m" "1610612736" "--user" "0:0" "--network" "none" "ghcr.io/rust-lang/crates-build-env/linux@sha256:a89201d6b5b9fd45c15d5952ece0a0129e7e80cb26ec023fd59cf09bc26f1604" "/opt/rustwide/cargo-home/bin/cargo" "+beta-2021-10-15" "check" "--frozen" "--all" "--all-targets" "--message-format=json", kill_on_drop: false }`
[INFO] [stderr] WARNING: Your kernel does not support swap limit capabilities or the cgroup is not mounted. Memory limited without swap.
[INFO] [stdout] 5ff57078a1fbb1db42b9a44a9557a8f293ce07f807d8be52f3ca2d308f4c35e9
[INFO] running `Command { std: "docker" "start" "-a" "5ff57078a1fbb1db42b9a44a9557a8f293ce07f807d8be52f3ca2d308f4c35e9", kill_on_drop: false }`
[INFO] [stderr]     Checking cfg-if v0.1.4
[INFO] [stderr]    Compiling serde v1.0.69
[INFO] [stderr]     Checking smallvec v0.6.2
[INFO] [stderr]     Checking stable_deref_trait v1.1.0
[INFO] [stderr]    Compiling rayon-core v1.4.0
[INFO] [stderr]     Checking mint v0.5.0
[INFO] [stderr]    Compiling libc v0.2.42
[INFO] [stderr]     Checking getopts v0.2.17
[INFO] [stderr]     Checking fluent-locale v0.3.1
[INFO] [stderr]     Checking num_cpus v1.8.0
[INFO] [stderr]     Checking memchr v0.1.11
[INFO] [stderr]     Checking memmap v0.6.2
[INFO] [stderr]     Checking slice-deque v0.1.9
[INFO] [stderr]    Compiling libloading v0.5.0
[INFO] [stderr]     Checking fxhash v0.2.1
[INFO] [stderr]    Compiling miniz-sys v0.1.10
[INFO] [stderr]     Checking shared_library v0.1.8
[INFO] [stderr]    Compiling minimp3-sys v0.3.0
[INFO] [stderr]     Checking rustc-hash v1.0.1
[INFO] [stderr]    Compiling x11-dl v2.18.0
[INFO] [stderr]     Checking tempfile v3.0.2
[INFO] [stderr]    Compiling wayland-scanner v0.20.10
[INFO] [stderr]     Checking owning_ref v0.3.3
[INFO] [stderr]    Compiling log v0.4.3
[INFO] [stderr]     Checking crossbeam-utils v0.2.2
[INFO] [stderr]     Checking aho-corasick v0.5.3
[INFO] [stderr]     Checking nix v0.11.0
[INFO] [stderr]     Checking twox-hash v1.1.0
[INFO] [stderr]     Checking approx v0.2.0
[INFO] [stderr]    Compiling syn v0.14.4
[INFO] [stderr]     Checking backtrace-sys v0.1.23
[INFO] [stderr]    Compiling syn v0.13.11
[INFO] [stderr]     Checking parking_lot_core v0.2.14
[INFO] [stderr]     Checking fluent v0.2.0
[INFO] [stderr]     Checking osmesa-sys v0.1.2
[INFO] [stdout] error[E0214]: parenthesized type parameters may only be used with a `Fn` trait
[INFO] [stdout]   --> /opt/rustwide/cargo-home/registry/src/github.com-1ecc6299db9ec823/twox-hash-1.1.0/src/number_streams.rs:67:23
[INFO] [stdout]    |
[INFO] [stdout] 67 |     fn count(self) -> usize() {
[INFO] [stdout]    |                       ^^^^^^^ only `Fn` traits may use parentheses
[INFO] [stdout] ...
[INFO] [stdout] 74 | number_stream!(U32FromBytes, u32, U32_BYTES);
[INFO] [stdout]    | --------------------------------------------- in this macro invocation
[INFO] [stdout]    |
[INFO] [stdout]    = note: this error originates in the macro `number_stream` (in Nightly builds, run with -Z macro-backtrace for more info)
[INFO] [stdout] 
[INFO] [stdout] 
[INFO] [stdout] error[E0214]: parenthesized type parameters may only be used with a `Fn` trait
[INFO] [stdout]   --> /opt/rustwide/cargo-home/registry/src/github.com-1ecc6299db9ec823/twox-hash-1.1.0/src/number_streams.rs:67:23
[INFO] [stdout]    |
[INFO] [stdout] 67 |     fn count(self) -> usize() {
[INFO] [stdout]    |                       ^^^^^^^ only `Fn` traits may use parentheses
[INFO] [stdout] ...
[INFO] [stdout] 75 | number_stream!(U64FromBytes, u64, U64_BYTES);
[INFO] [stdout]    | --------------------------------------------- in this macro invocation
[INFO] [stdout]    |
[INFO] [stdout]    = note: this error originates in the macro `number_stream` (in Nightly builds, run with -Z macro-backtrace for more info)
[INFO] [stdout] 
[INFO] [stdout] 
[INFO] [stderr]    Compiling rustc_version_runtime v0.1.3
[INFO] [stderr] error: failed to run custom build command for `rustc_version_runtime v0.1.3`
[INFO] [stderr] 
[INFO] [stderr] Caused by:
[INFO] [stderr]   process didn't exit successfully: `/opt/rustwide/target/debug/build/rustc_version_runtime-c2d96763005f429d/build-script-build` (exit status: 101)
[INFO] [stderr]   --- stderr
[INFO] [stderr]   thread 'main' panicked at 'called `Result::unwrap()` on an `Err` value: Os { code: 30, kind: ReadOnlyFilesystem, message: "Read-only file system" }', /opt/rustwide/cargo-home/registry/src/github.com-1ecc6299db9ec823/rustc_version_runtime-0.1.3/build.rs:27:48
[INFO] [stderr]   stack backtrace:
[INFO] [stderr]      0:     0x55e53849160c - std::backtrace_rs::backtrace::libunwind::trace::h51faa62df48810e4
[INFO] [stderr]                                  at /rustc/58268ff091703ace98c3c2a8c5f2fb2c3aecace2/library/std/src/../../backtrace/src/backtrace/libunwind.rs:90:5
[INFO] [stderr]      1:     0x55e53849160c - std::backtrace_rs::backtrace::trace_unsynchronized::h91de4d8e16d607e4
[INFO] [stderr]                                  at /rustc/58268ff091703ace98c3c2a8c5f2fb2c3aecace2/library/std/src/../../backtrace/src/backtrace/mod.rs:66:5
[INFO] [stderr]      2:     0x55e53849160c - std::sys_common::backtrace::_print_fmt::h71b0935f97e4322c
[INFO] [stderr]                                  at /rustc/58268ff091703ace98c3c2a8c5f2fb2c3aecace2/library/std/src/sys_common/backtrace.rs:67:5
[INFO] [stderr]      3:     0x55e53849160c - <std::sys_common::backtrace::_print::DisplayBacktrace as core::fmt::Display>::fmt::h9a78218788c14e18
[INFO] [stderr]                                  at /rustc/58268ff091703ace98c3c2a8c5f2fb2c3aecace2/library/std/src/sys_common/backtrace.rs:46:22
[INFO] [stderr]      4:     0x55e5384af27c - core::fmt::write::h3381b3176fe2b3d3
[INFO] [stderr]                                  at /rustc/58268ff091703ace98c3c2a8c5f2fb2c3aecace2/library/core/src/fmt/mod.rs:1150:17
[INFO] [stderr]      5:     0x55e53848ecf5 - std::io::Write::write_fmt::h1d5220480c7a2437
[INFO] [stderr]                                  at /rustc/58268ff091703ace98c3c2a8c5f2fb2c3aecace2/library/std/src/io/mod.rs:1667:15
[INFO] [stderr]      6:     0x55e538492d00 - std::sys_common::backtrace::_print::h4b77abc4d907ed0e
[INFO] [stderr]                                  at /rustc/58268ff091703ace98c3c2a8c5f2fb2c3aecace2/library/std/src/sys_common/backtrace.rs:49:5
[INFO] [stderr]      7:     0x55e538492d00 - std::sys_common::backtrace::print::hb170c60b542377ad
[INFO] [stderr]                                  at /rustc/58268ff091703ace98c3c2a8c5f2fb2c3aecace2/library/std/src/sys_common/backtrace.rs:36:9
[INFO] [stderr]      8:     0x55e538492d00 - std::panicking::default_hook::{{closure}}::h12bbda9af8901ee3
[INFO] [stderr]                                  at /rustc/58268ff091703ace98c3c2a8c5f2fb2c3aecace2/library/std/src/panicking.rs:210:50
[INFO] [stderr]      9:     0x55e5384928b7 - std::panicking::default_hook::h8c6c66d3f3ba6768
[INFO] [stderr]                                  at /rustc/58268ff091703ace98c3c2a8c5f2fb2c3aecace2/library/std/src/panicking.rs:227:9
[INFO] [stderr]     10:     0x55e5384933b4 - std::panicking::rust_panic_with_hook::h36f2fa0bb09f4069
[INFO] [stderr]                                  at /rustc/58268ff091703ace98c3c2a8c5f2fb2c3aecace2/library/std/src/panicking.rs:624:17
[INFO] [stderr]     11:     0x55e538492e90 - std::panicking::begin_panic_handler::{{closure}}::h9c42b65a42d06a7a
[INFO] [stderr]                                  at /rustc/58268ff091703ace98c3c2a8c5f2fb2c3aecace2/library/std/src/panicking.rs:521:13
[INFO] [stderr]     12:     0x55e538491ad4 - std::sys_common::backtrace::__rust_end_short_backtrace::hc791bddfe31e532c
[INFO] [stderr]                                  at /rustc/58268ff091703ace98c3c2a8c5f2fb2c3aecace2/library/std/src/sys_common/backtrace.rs:141:18
[INFO] [stderr]     13:     0x55e538492df9 - rust_begin_unwind
[INFO] [stderr]                                  at /rustc/58268ff091703ace98c3c2a8c5f2fb2c3aecace2/library/std/src/panicking.rs:517:5
[INFO] [stderr]     14:     0x55e53845d031 - core::panicking::panic_fmt::hf9de31d4acbce4db
[INFO] [stderr]                                  at /rustc/58268ff091703ace98c3c2a8c5f2fb2c3aecace2/library/core/src/panicking.rs:101:14
[INFO] [stderr]     15:     0x55e53845d0c3 - core::result::unwrap_failed::ha0c84e81219e5878
[INFO] [stderr]                                  at /rustc/58268ff091703ace98c3c2a8c5f2fb2c3aecace2/library/core/src/result.rs:1617:5
[INFO] [stderr]     16:     0x55e538460d1d - core::result::Result<T,E>::unwrap::hbc3ea298c6ddeeb1
[INFO] [stderr]                                  at /rustc/58268ff091703ace98c3c2a8c5f2fb2c3aecace2/library/core/src/result.rs:1299:23
[INFO] [stderr]     17:     0x55e53845de3e - build_script_build::main::hc2f9af41e75351f8
[INFO] [stderr]                                  at /opt/rustwide/cargo-home/registry/src/github.com-1ecc6299db9ec823/rustc_version_runtime-0.1.3/build.rs:27:17
[INFO] [stderr]     18:     0x55e53845f6ab - core::ops::function::FnOnce::call_once::hd243b62b2225050a
[INFO] [stderr]                                  at /rustc/58268ff091703ace98c3c2a8c5f2fb2c3aecace2/library/core/src/ops/function.rs:227:5
[INFO] [stderr]     19:     0x55e53845f8fe - std::sys_common::backtrace::__rust_begin_short_backtrace::h740f0cf773846e43
[INFO] [stderr]                                  at /rustc/58268ff091703ace98c3c2a8c5f2fb2c3aecace2/library/std/src/sys_common/backtrace.rs:125:18
[INFO] [stderr]     20:     0x55e53845f8d1 - std::rt::lang_start::{{closure}}::hec44c6777732e19e
[INFO] [stderr]                                  at /rustc/58268ff091703ace98c3c2a8c5f2fb2c3aecace2/library/std/src/rt.rs:63:18
[INFO] [stderr]     21:     0x55e5384938ba - core::ops::function::impls::<impl core::ops::function::FnOnce<A> for &F>::call_once::hc590b210ed55e22f
[INFO] [stderr]                                  at /rustc/58268ff091703ace98c3c2a8c5f2fb2c3aecace2/library/core/src/ops/function.rs:259:13
[INFO] [stderr]     22:     0x55e5384938ba - std::panicking::try::do_call::h5f0600b7a33ea1af
[INFO] [stderr]                                  at /rustc/58268ff091703ace98c3c2a8c5f2fb2c3aecace2/library/std/src/panicking.rs:403:40
[INFO] [stderr]     23:     0x55e5384938ba - std::panicking::try::he15826df0f376a33
[INFO] [stderr]                                  at /rustc/58268ff091703ace98c3c2a8c5f2fb2c3aecace2/library/std/src/panicking.rs:367:19
[INFO] [stderr]     24:     0x55e5384938ba - std::panic::catch_unwind::hd8af3a578b6b4c86
[INFO] [stderr]                                  at /rustc/58268ff091703ace98c3c2a8c5f2fb2c3aecace2/library/std/src/panic.rs:129:14
[INFO] [stderr]     25:     0x55e5384938ba - std::rt::lang_start_internal::{{closure}}::h301d1329324ae1f0
[INFO] [stderr]                                  at /rustc/58268ff091703ace98c3c2a8c5f2fb2c3aecace2/library/std/src/rt.rs:45:48
[INFO] [stderr]     26:     0x55e5384938ba - std::panicking::try::do_call::h941e8fdb0bd03655
[INFO] [stderr]                                  at /rustc/58268ff091703ace98c3c2a8c5f2fb2c3aecace2/library/std/src/panicking.rs:403:40
[INFO] [stderr]     27:     0x55e5384938ba - std::panicking::try::ha20a77bf65530f63
[INFO] [stderr]                                  at /rustc/58268ff091703ace98c3c2a8c5f2fb2c3aecace2/library/std/src/panicking.rs:367:19
[INFO] [stderr]     28:     0x55e5384938ba - std::panic::catch_unwind::h33afc061cc69ef90
[INFO] [stderr]                                  at /rustc/58268ff091703ace98c3c2a8c5f2fb2c3aecace2/library/std/src/panic.rs:129:14
[INFO] [stderr]     29:     0x55e5384938ba - std::rt::lang_start_internal::hc05c244593147106
[INFO] [stderr]                                  at /rustc/58268ff091703ace98c3c2a8c5f2fb2c3aecace2/library/std/src/rt.rs:45:20
[INFO] [stderr]     30:     0x55e53845f8a0 - std::rt::lang_start::h7e5b4b21e096e8d7
[INFO] [stderr]                                  at /rustc/58268ff091703ace98c3c2a8c5f2fb2c3aecace2/library/std/src/rt.rs:62:5
[INFO] [stderr]     31:     0x55e53845ee8c - main
[INFO] [stderr]     32:     0x7fc49f7380b3 - __libc_start_main
[INFO] [stderr]     33:     0x55e53845d78e - _start
[INFO] [stderr]     34:                0x0 - <unknown>
[INFO] [stderr] warning: build failed, waiting for other jobs to finish...
[INFO] [stdout] error: aborting due to 2 previous errors
[INFO] [stdout] 
[INFO] [stdout] 
[INFO] [stdout] For more information about this error, try `rustc --explain E0214`.
[INFO] [stdout] 
[INFO] [stderr] error: build failed
[INFO] running `Command { std: "docker" "inspect" "5ff57078a1fbb1db42b9a44a9557a8f293ce07f807d8be52f3ca2d308f4c35e9", kill_on_drop: false }`
[INFO] running `Command { std: "docker" "rm" "-f" "5ff57078a1fbb1db42b9a44a9557a8f293ce07f807d8be52f3ca2d308f4c35e9", kill_on_drop: false }`
[INFO] [stdout] 5ff57078a1fbb1db42b9a44a9557a8f293ce07f807d8be52f3ca2d308f4c35e9
