[INFO] cloning repository https://github.com/adrianisuru/ray-tracer
[INFO] running `Command { std: "git" "-c" "credential.helper=" "-c" "credential.helper=/workspace/cargo-home/bin/git-credential-null" "clone" "--bare" "https://github.com/adrianisuru/ray-tracer" "/workspace/cache/git-repos/https%3A%2F%2Fgithub.com%2Fadrianisuru%2Fray-tracer", kill_on_drop: false }`
[INFO] [stderr] Cloning into bare repository '/workspace/cache/git-repos/https%3A%2F%2Fgithub.com%2Fadrianisuru%2Fray-tracer'...
[INFO] running `Command { std: "git" "rev-parse" "HEAD", kill_on_drop: false }`
[INFO] [stdout] 7d148d623953e714f08ae23d3aed61cb2d995318
[INFO] checking adrianisuru/ray-tracer against beta-2021-10-15 for beta-1.56-3
[INFO] running `Command { std: "git" "clone" "/workspace/cache/git-repos/https%3A%2F%2Fgithub.com%2Fadrianisuru%2Fray-tracer" "/workspace/builds/worker-6/source", kill_on_drop: false }`
[INFO] [stderr] Cloning into '/workspace/builds/worker-6/source'...
[INFO] [stderr] done.
[INFO] validating manifest of git repo https://github.com/adrianisuru/ray-tracer on toolchain beta-2021-10-15
[INFO] running `Command { std: "/workspace/cargo-home/bin/cargo" "+beta-2021-10-15" "metadata" "--manifest-path" "Cargo.toml" "--no-deps", kill_on_drop: false }`
[INFO] removed /workspace/builds/worker-6/source/rust-toolchain
[INFO] started tweaking git repo https://github.com/adrianisuru/ray-tracer
[INFO] finished tweaking git repo https://github.com/adrianisuru/ray-tracer
[INFO] tweaked toml for git repo https://github.com/adrianisuru/ray-tracer written to /workspace/builds/worker-6/source/Cargo.toml
[INFO] crate git repo https://github.com/adrianisuru/ray-tracer already has a lockfile, it will not be regenerated
[INFO] running `Command { std: "/workspace/cargo-home/bin/cargo" "+beta-2021-10-15" "fetch" "--manifest-path" "Cargo.toml", kill_on_drop: false }`
[INFO] running `Command { std: "docker" "create" "-v" "/var/lib/crater-agent-workspace/builds/worker-6/target:/opt/rustwide/target:rw,Z" "-v" "/var/lib/crater-agent-workspace/builds/worker-6/source:/opt/rustwide/workdir:ro,Z" "-v" "/var/lib/crater-agent-workspace/cargo-home:/opt/rustwide/cargo-home:ro,Z" "-v" "/var/lib/crater-agent-workspace/rustup-home:/opt/rustwide/rustup-home:ro,Z" "-e" "SOURCE_DIR=/opt/rustwide/workdir" "-e" "CARGO_TARGET_DIR=/opt/rustwide/target" "-e" "CARGO_HOME=/opt/rustwide/cargo-home" "-e" "RUSTUP_HOME=/opt/rustwide/rustup-home" "-w" "/opt/rustwide/workdir" "-m" "1610612736" "--user" "0:0" "--network" "none" "ghcr.io/rust-lang/crates-build-env/linux@sha256:a89201d6b5b9fd45c15d5952ece0a0129e7e80cb26ec023fd59cf09bc26f1604" "/opt/rustwide/cargo-home/bin/cargo" "+beta-2021-10-15" "metadata" "--no-deps" "--format-version=1", kill_on_drop: false }`
[INFO] [stderr] WARNING: Your kernel does not support swap limit capabilities or the cgroup is not mounted. Memory limited without swap.
[INFO] [stdout] b071db66ecacf2223c5913d71e150732a7d49c24fa0f5f43a0fff096b242d2f1
[INFO] running `Command { std: "docker" "start" "-a" "b071db66ecacf2223c5913d71e150732a7d49c24fa0f5f43a0fff096b242d2f1", kill_on_drop: false }`
[INFO] running `Command { std: "docker" "inspect" "b071db66ecacf2223c5913d71e150732a7d49c24fa0f5f43a0fff096b242d2f1", kill_on_drop: false }`
[INFO] running `Command { std: "docker" "rm" "-f" "b071db66ecacf2223c5913d71e150732a7d49c24fa0f5f43a0fff096b242d2f1", kill_on_drop: false }`
[INFO] [stdout] b071db66ecacf2223c5913d71e150732a7d49c24fa0f5f43a0fff096b242d2f1
[INFO] running `Command { std: "docker" "create" "-v" "/var/lib/crater-agent-workspace/builds/worker-6/target:/opt/rustwide/target:rw,Z" "-v" "/var/lib/crater-agent-workspace/builds/worker-6/source:/opt/rustwide/workdir:ro,Z" "-v" "/var/lib/crater-agent-workspace/cargo-home:/opt/rustwide/cargo-home:ro,Z" "-v" "/var/lib/crater-agent-workspace/rustup-home:/opt/rustwide/rustup-home:ro,Z" "-e" "SOURCE_DIR=/opt/rustwide/workdir" "-e" "CARGO_TARGET_DIR=/opt/rustwide/target" "-e" "CARGO_INCREMENTAL=0" "-e" "RUST_BACKTRACE=full" "-e" "RUSTFLAGS=--cap-lints=warn" "-e" "CARGO_HOME=/opt/rustwide/cargo-home" "-e" "RUSTUP_HOME=/opt/rustwide/rustup-home" "-w" "/opt/rustwide/workdir" "-m" "1610612736" "--user" "0:0" "--network" "none" "ghcr.io/rust-lang/crates-build-env/linux@sha256:a89201d6b5b9fd45c15d5952ece0a0129e7e80cb26ec023fd59cf09bc26f1604" "/opt/rustwide/cargo-home/bin/cargo" "+beta-2021-10-15" "check" "--frozen" "--all" "--all-targets" "--message-format=json", kill_on_drop: false }`
[INFO] [stderr] WARNING: Your kernel does not support swap limit capabilities or the cgroup is not mounted. Memory limited without swap.
[INFO] [stdout] f6eef052e16897288edbdd0553ef6467c95f8a06535dc6712261c7cf1aa67c8d
[INFO] running `Command { std: "docker" "start" "-a" "f6eef052e16897288edbdd0553ef6467c95f8a06535dc6712261c7cf1aa67c8d", kill_on_drop: false }`
[INFO] [stderr]     Checking tobj v2.0.4
[INFO] [stderr]     Checking glam v0.13.0
[INFO] [stderr]     Checking triangle v0.1.351
[INFO] [stderr]     Checking getrandom v0.2.2
[INFO] [stderr]     Checking jpeg-decoder v0.1.22
[INFO] [stderr]     Checking rand_core v0.6.2
[INFO] [stderr]     Checking rand_chacha v0.3.0
[INFO] [stderr]     Checking tiff v0.6.1
[INFO] [stderr]     Checking rand v0.8.3
[INFO] [stderr]     Checking image v0.23.12
[INFO] [stderr]     Checking ray-tracer v0.1.0 (/opt/rustwide/workdir)
[INFO] [stdout] error[E0554]: `#![feature]` may not be used on the beta release channel
[INFO] [stdout]  --> src/lib.rs:1:1
[INFO] [stdout]   |
[INFO] [stdout] 1 | #![feature(total_cmp)]
[INFO] [stdout]   | ^^^^^^^^^^^^^^^^^^^^^^
[INFO] [stdout] 
[INFO] [stdout] 
[INFO] [stdout] error[E0554]: `#![feature]` may not be used on the beta release channel
[INFO] [stdout]  --> src/lib.rs:2:1
[INFO] [stdout]   |
[INFO] [stdout] 2 | #![feature(bool_to_option)]
[INFO] [stdout]   | ^^^^^^^^^^^^^^^^^^^^^^^^^^^
[INFO] [stdout] 
[INFO] [stdout] 
[INFO] [stdout] warning: unused imports: `Mat4`, `Vec4`, `vec3`
[INFO] [stdout]  --> src/camera.rs:2:23
[INFO] [stdout]   |
[INFO] [stdout] 2 | use glam::f32::{vec2, vec3, Mat3, Mat4, Vec2, Vec3, Vec4};
[INFO] [stdout]   |                       ^^^^        ^^^^              ^^^^
[INFO] [stdout]   |
[INFO] [stdout]   = note: `#[warn(unused_imports)]` on by default
[INFO] [stdout] 
[INFO] [stdout] 
[INFO] [stdout] warning: unnecessary parentheses around `if` condition
[INFO] [stdout]    --> src/lib.rs:358:8
[INFO] [stdout]     |
[INFO] [stdout] 358 |     if (nodes.len() == 1) {
[INFO] [stdout]     |        ^^^^^^^^^^^^^^^^^^ help: remove these parentheses
[INFO] [stdout]     |
[INFO] [stdout]     = note: `#[warn(unused_parens)]` on by default
[INFO] [stdout] 
[INFO] [stdout] 
[INFO] [stdout] error[E0554]: `#![feature]` may not be used on the beta release channel
[INFO] [stdout]  --> src/lib.rs:1:1
[INFO] [stdout]   |
[INFO] [stdout] 1 | #![feature(total_cmp)]
[INFO] [stdout]   | ^^^^^^^^^^^^^^^^^^^^^^
[INFO] [stdout] 
[INFO] [stdout] 
[INFO] [stdout] error[E0554]: `#![feature]` may not be used on the beta release channel
[INFO] [stdout]  --> src/lib.rs:2:1
[INFO] [stdout]   |
[INFO] [stdout] 2 | #![feature(bool_to_option)]
[INFO] [stdout]   | ^^^^^^^^^^^^^^^^^^^^^^^^^^^
[INFO] [stdout] 
[INFO] [stdout] 
[INFO] [stdout] warning: unused imports: `Mat4`, `Vec4`, `vec3`
[INFO] [stdout]  --> src/camera.rs:2:23
[INFO] [stdout]   |
[INFO] [stdout] 2 | use glam::f32::{vec2, vec3, Mat3, Mat4, Vec2, Vec3, Vec4};
[INFO] [stdout]   |                       ^^^^        ^^^^              ^^^^
[INFO] [stdout]   |
[INFO] [stdout]   = note: `#[warn(unused_imports)]` on by default
[INFO] [stdout] 
[INFO] [stdout] 
[INFO] [stdout] warning: unnecessary parentheses around `if` condition
[INFO] [stdout]    --> src/lib.rs:358:8
[INFO] [stdout]     |
[INFO] [stdout] 358 |     if (nodes.len() == 1) {
[INFO] [stdout]     |        ^^^^^^^^^^^^^^^^^^ help: remove these parentheses
[INFO] [stdout]     |
[INFO] [stdout]     = note: `#[warn(unused_parens)]` on by default
[INFO] [stdout] 
[INFO] [stdout] 
[INFO] [stdout] error: aborting due to 2 previous errors; 2 warnings emitted
[INFO] [stdout] 
[INFO] [stdout] 
[INFO] [stdout] For more information about this error, try `rustc --explain E0554`.
[INFO] [stdout] 
[INFO] [stderr] error: could not compile `ray-tracer` due to 3 previous errors; 2 warnings emitted
[INFO] [stderr] warning: build failed, waiting for other jobs to finish...
[INFO] [stdout] error: aborting due to 2 previous errors; 2 warnings emitted
[INFO] [stdout] 
[INFO] [stdout] 
[INFO] [stdout] For more information about this error, try `rustc --explain E0554`.
[INFO] [stdout] 
[INFO] [stderr] error: build failed
[INFO] running `Command { std: "docker" "inspect" "f6eef052e16897288edbdd0553ef6467c95f8a06535dc6712261c7cf1aa67c8d", kill_on_drop: false }`
[INFO] running `Command { std: "docker" "rm" "-f" "f6eef052e16897288edbdd0553ef6467c95f8a06535dc6712261c7cf1aa67c8d", kill_on_drop: false }`
[INFO] [stdout] f6eef052e16897288edbdd0553ef6467c95f8a06535dc6712261c7cf1aa67c8d
