[INFO] cloning repository https://github.com/adria0/maimai
[INFO] running `Command { std: "git" "-c" "credential.helper=" "-c" "credential.helper=/workspace/cargo-home/bin/git-credential-null" "clone" "--bare" "https://github.com/adria0/maimai" "/workspace/cache/git-repos/https%3A%2F%2Fgithub.com%2Fadria0%2Fmaimai", kill_on_drop: false }`
[INFO] [stderr] Cloning into bare repository '/workspace/cache/git-repos/https%3A%2F%2Fgithub.com%2Fadria0%2Fmaimai'...
[INFO] running `Command { std: "git" "rev-parse" "HEAD", kill_on_drop: false }`
[INFO] [stdout] 2c614de8fe1b4e7f6e7c93ac9c49860873909dc1
[INFO] checking adria0/maimai against 1.55.0 for beta-1.56-3
[INFO] running `Command { std: "git" "clone" "/workspace/cache/git-repos/https%3A%2F%2Fgithub.com%2Fadria0%2Fmaimai" "/workspace/builds/worker-11/source", kill_on_drop: false }`
[INFO] [stderr] Cloning into '/workspace/builds/worker-11/source'...
[INFO] [stderr] done.
[INFO] validating manifest of git repo https://github.com/adria0/maimai on toolchain 1.55.0
[INFO] running `Command { std: "/workspace/cargo-home/bin/cargo" "+1.55.0" "metadata" "--manifest-path" "Cargo.toml" "--no-deps", kill_on_drop: false }`
[INFO] started tweaking git repo https://github.com/adria0/maimai
[INFO] finished tweaking git repo https://github.com/adria0/maimai
[INFO] tweaked toml for git repo https://github.com/adria0/maimai written to /workspace/builds/worker-11/source/Cargo.toml
[INFO] crate git repo https://github.com/adria0/maimai already has a lockfile, it will not be regenerated
[INFO] running `Command { std: "/workspace/cargo-home/bin/cargo" "+1.55.0" "fetch" "--manifest-path" "Cargo.toml", kill_on_drop: false }`
[INFO] [stderr]     Blocking waiting for file lock on package cache
[INFO] [stderr]     Blocking waiting for file lock on package cache
[INFO] running `Command { std: "docker" "create" "-v" "/var/lib/crater-agent-workspace/builds/worker-11/target:/opt/rustwide/target:rw,Z" "-v" "/var/lib/crater-agent-workspace/builds/worker-11/source:/opt/rustwide/workdir:ro,Z" "-v" "/var/lib/crater-agent-workspace/cargo-home:/opt/rustwide/cargo-home:ro,Z" "-v" "/var/lib/crater-agent-workspace/rustup-home:/opt/rustwide/rustup-home:ro,Z" "-e" "SOURCE_DIR=/opt/rustwide/workdir" "-e" "CARGO_TARGET_DIR=/opt/rustwide/target" "-e" "CARGO_HOME=/opt/rustwide/cargo-home" "-e" "RUSTUP_HOME=/opt/rustwide/rustup-home" "-w" "/opt/rustwide/workdir" "-m" "1610612736" "--user" "0:0" "--network" "none" "ghcr.io/rust-lang/crates-build-env/linux@sha256:a89201d6b5b9fd45c15d5952ece0a0129e7e80cb26ec023fd59cf09bc26f1604" "/opt/rustwide/cargo-home/bin/cargo" "+1.55.0" "metadata" "--no-deps" "--format-version=1", kill_on_drop: false }`
[INFO] [stderr] WARNING: Your kernel does not support swap limit capabilities or the cgroup is not mounted. Memory limited without swap.
[INFO] [stdout] fefed087c55a7b25073e9766018d1fe87c0fa8aedabfca04f425619b2b1ef3e2
[INFO] running `Command { std: "docker" "start" "-a" "fefed087c55a7b25073e9766018d1fe87c0fa8aedabfca04f425619b2b1ef3e2", kill_on_drop: false }`
[INFO] running `Command { std: "docker" "inspect" "fefed087c55a7b25073e9766018d1fe87c0fa8aedabfca04f425619b2b1ef3e2", kill_on_drop: false }`
[INFO] running `Command { std: "docker" "rm" "-f" "fefed087c55a7b25073e9766018d1fe87c0fa8aedabfca04f425619b2b1ef3e2", kill_on_drop: false }`
[INFO] [stdout] fefed087c55a7b25073e9766018d1fe87c0fa8aedabfca04f425619b2b1ef3e2
[INFO] running `Command { std: "docker" "create" "-v" "/var/lib/crater-agent-workspace/builds/worker-11/target:/opt/rustwide/target:rw,Z" "-v" "/var/lib/crater-agent-workspace/builds/worker-11/source:/opt/rustwide/workdir:ro,Z" "-v" "/var/lib/crater-agent-workspace/cargo-home:/opt/rustwide/cargo-home:ro,Z" "-v" "/var/lib/crater-agent-workspace/rustup-home:/opt/rustwide/rustup-home:ro,Z" "-e" "SOURCE_DIR=/opt/rustwide/workdir" "-e" "CARGO_TARGET_DIR=/opt/rustwide/target" "-e" "CARGO_INCREMENTAL=0" "-e" "RUST_BACKTRACE=full" "-e" "RUSTFLAGS=--cap-lints=warn" "-e" "CARGO_HOME=/opt/rustwide/cargo-home" "-e" "RUSTUP_HOME=/opt/rustwide/rustup-home" "-w" "/opt/rustwide/workdir" "-m" "1610612736" "--user" "0:0" "--network" "none" "ghcr.io/rust-lang/crates-build-env/linux@sha256:a89201d6b5b9fd45c15d5952ece0a0129e7e80cb26ec023fd59cf09bc26f1604" "/opt/rustwide/cargo-home/bin/cargo" "+1.55.0" "check" "--frozen" "--all" "--all-targets" "--message-format=json", kill_on_drop: false }`
[INFO] [stdout] 5db00f5e4812313d93f1ab5fdfcf7d0f8afd3c32e18dc8a1f951cbb72dddc392
[INFO] [stderr] WARNING: Your kernel does not support swap limit capabilities or the cgroup is not mounted. Memory limited without swap.
[INFO] running `Command { std: "docker" "start" "-a" "5db00f5e4812313d93f1ab5fdfcf7d0f8afd3c32e18dc8a1f951cbb72dddc392", kill_on_drop: false }`
[INFO] [stderr]    Compiling libc v0.2.80
[INFO] [stderr]    Compiling syn v1.0.48
[INFO] [stderr]    Compiling serde_derive v1.0.117
[INFO] [stderr]    Compiling serde v1.0.117
[INFO] [stderr]    Compiling unicode-segmentation v1.7.0
[INFO] [stderr]    Compiling cc v1.0.62
[INFO] [stderr]    Compiling bindgen v0.55.1
[INFO] [stderr]    Compiling serde_json v1.0.59
[INFO] [stderr]    Compiling anyhow v1.0.34
[INFO] [stderr]     Checking quick-error v2.0.0
[INFO] [stderr]     Checking instant v0.1.8
[INFO] [stderr]    Compiling standback v0.2.11
[INFO] [stderr]    Compiling time v0.2.22
[INFO] [stderr]     Checking tinyvec v1.0.1
[INFO] [stderr]    Compiling clang-sys v1.0.1
[INFO] [stderr]    Compiling libloading v0.6.5
[INFO] [stderr]     Checking tracing v0.1.21
[INFO] [stderr]    Compiling regex v1.4.2
[INFO] [stderr]     Checking sha-1 v0.9.2
[INFO] [stderr]    Compiling heck v0.3.1
[INFO] [stderr]     Checking unicode-normalization v0.1.14
[INFO] [stderr]    Compiling brotli-sys v0.3.2
[INFO] [stderr]     Checking iovec v0.1.4
[INFO] [stderr]     Checking net2 v0.2.35
[INFO] [stderr]     Checking signal-hook-registry v1.2.2
[INFO] [stderr]     Checking num_cpus v1.13.0
[INFO] [stderr]     Checking parking_lot_core v0.8.0
[INFO] [stderr]     Checking getrandom v0.1.15
[INFO] [stderr]     Checking hostname v0.3.1
[INFO] [stderr]     Checking backtrace v0.3.54
[INFO] [stderr]     Checking flate2 v1.0.19
[INFO] [stderr]     Checking socket2 v0.3.16
[INFO] [stderr]     Checking nix v0.14.1
[INFO] [stderr]     Checking atty v0.2.14
[INFO] [stderr]    Compiling which v3.1.1
[INFO] [stderr]     Checking resolv-conf v0.7.0
[INFO] [stderr]     Checking threadpool v1.8.1
[INFO] [stderr]     Checking clap v2.33.3
[INFO] [stderr]     Checking rand_core v0.5.1
[INFO] [stderr]    Compiling env_logger v0.7.1
[INFO] [stderr]     Checking parking_lot v0.11.0
[INFO] [stderr]     Checking mio v0.6.22
[INFO] [stderr]     Checking rand_chacha v0.2.2
[INFO] [stderr]     Checking idna v0.2.0
[INFO] [stderr]     Checking rand v0.7.3
[INFO] [stderr]     Checking mio-uds v0.6.8
[INFO] [stderr]     Checking url v2.2.0
[INFO] [stderr]     Checking tokio v0.2.23
[INFO] [stderr]     Checking sysfs_gpio v0.5.4
[INFO] [stderr]    Compiling pest_generator v2.1.3
[INFO] [stderr]     Checking tokio-util v0.3.1
[INFO] [stderr]     Checking brotli2 v0.3.2
[INFO] [stderr]    Compiling pin-project-internal v1.0.1
[INFO] [stderr]    Compiling futures-macro v0.3.8
[INFO] [stderr]    Compiling pin-project-internal v0.4.27
[INFO] [stderr]    Compiling derive_more v0.99.11
[INFO] [stderr]    Compiling actix-macros v0.1.2
[INFO] [stderr]    Compiling thiserror-impl v1.0.22
[INFO] [stderr]    Compiling enum-as-inner v0.3.3
[INFO] [stderr]    Compiling async-trait v0.1.41
[INFO] [stderr]    Compiling time-macros-impl v0.1.1
[INFO] [stderr]    Compiling actix-web-codegen v0.4.0
[INFO] [stderr]    Compiling pest_derive v2.1.0
[INFO] [stderr]     Checking time-macros v0.1.1
[INFO] [stderr]     Checking thiserror v1.0.22
[INFO] [stderr]     Checking cookie v0.14.3
[INFO] [stderr]     Checking pin-project v1.0.1
[INFO] [stderr]     Checking futures-util v0.3.8
[INFO] [stderr]     Checking pin-project v0.4.27
[INFO] [stderr]     Checking actix-codec v0.3.0
[INFO] [stderr]     Checking tracing-futures v0.2.4
[INFO] [stderr]    Compiling uvc-sys v0.1.5 (https://github.com/adria0/libuvc-rs.git#d2676cd9)
[INFO] [stderr]     Checking actix-threadpool v0.3.3
[INFO] [stderr]     Checking actix-service v1.0.6
[INFO] [stderr]     Checking actix-rt v1.1.1
[INFO] [stderr]     Checking futures v0.3.8
[INFO] [stderr]     Checking h2 v0.2.7
[INFO] [stderr]     Checking trust-dns-proto v0.19.6
[INFO] [stderr]     Checking actix-utils v2.0.0
[INFO] [stderr] error: failed to run custom build command for `uvc-sys v0.1.5 (https://github.com/adria0/libuvc-rs.git#d2676cd9)`
[INFO] [stderr] 
[INFO] [stderr] Caused by:
[INFO] [stderr]   process didn't exit successfully: `/opt/rustwide/target/debug/build/uvc-sys-20793496ef0e7651/build-script-build` (exit status: 101)
[INFO] [stderr]   --- stdout
[INFO] [stderr]   cargo:rustc-link-lib=uvc
[INFO] [stderr] 
[INFO] [stderr]   --- stderr
[INFO] [stderr]   wrapper.h:1:10: fatal error: 'libuvc/libuvc.h' file not found
[INFO] [stderr]   wrapper.h:1:10: fatal error: 'libuvc/libuvc.h' file not found, err: true
[INFO] [stderr]   thread 'main' panicked at 'Failed to generate bindings: ()', /opt/rustwide/cargo-home/git/checkouts/libuvc-rs-16d00e36f4506028/d2676cd/uvc-sys/build.rs:28:10
[INFO] [stderr]   stack backtrace:
[INFO] [stderr]      0:     0x56272c3adbc0 - std::backtrace_rs::backtrace::libunwind::trace::ha0ad43e8a952bfe7
[INFO] [stderr]                                  at /rustc/c8dfcfe046a7680554bf4eb612bad840e7631c4b/library/std/src/../../backtrace/src/backtrace/libunwind.rs:90:5
[INFO] [stderr]      1:     0x56272c3adbc0 - std::backtrace_rs::backtrace::trace_unsynchronized::h6830419c0c4130dc
[INFO] [stderr]                                  at /rustc/c8dfcfe046a7680554bf4eb612bad840e7631c4b/library/std/src/../../backtrace/src/backtrace/mod.rs:66:5
[INFO] [stderr]      2:     0x56272c3adbc0 - std::sys_common::backtrace::_print_fmt::h8f3516631ffa1ef5
[INFO] [stderr]                                  at /rustc/c8dfcfe046a7680554bf4eb612bad840e7631c4b/library/std/src/sys_common/backtrace.rs:67:5
[INFO] [stderr]      3:     0x56272c3adbc0 - <std::sys_common::backtrace::_print::DisplayBacktrace as core::fmt::Display>::fmt::he1640d5f0d93f618
[INFO] [stderr]                                  at /rustc/c8dfcfe046a7680554bf4eb612bad840e7631c4b/library/std/src/sys_common/backtrace.rs:46:22
[INFO] [stderr]      4:     0x56272c3d236c - core::fmt::write::h88012e1f01caeebf
[INFO] [stderr]                                  at /rustc/c8dfcfe046a7680554bf4eb612bad840e7631c4b/library/core/src/fmt/mod.rs:1115:17
[INFO] [stderr]      5:     0x56272c3aab75 - std::io::Write::write_fmt::h360fa85b30182555
[INFO] [stderr]                                  at /rustc/c8dfcfe046a7680554bf4eb612bad840e7631c4b/library/std/src/io/mod.rs:1665:15
[INFO] [stderr]      6:     0x56272c3aff4b - std::sys_common::backtrace::_print::ha1f00492f406a015
[INFO] [stderr]                                  at /rustc/c8dfcfe046a7680554bf4eb612bad840e7631c4b/library/std/src/sys_common/backtrace.rs:49:5
[INFO] [stderr]      7:     0x56272c3aff4b - std::sys_common::backtrace::print::hd54561b13feb6af3
[INFO] [stderr]                                  at /rustc/c8dfcfe046a7680554bf4eb612bad840e7631c4b/library/std/src/sys_common/backtrace.rs:36:9
[INFO] [stderr]      8:     0x56272c3aff4b - std::panicking::default_hook::{{closure}}::h84fe124cd0864662
[INFO] [stderr]                                  at /rustc/c8dfcfe046a7680554bf4eb612bad840e7631c4b/library/std/src/panicking.rs:208:50
[INFO] [stderr]      9:     0x56272c3afa21 - std::panicking::default_hook::h5a8e74a76ce290a7
[INFO] [stderr]                                  at /rustc/c8dfcfe046a7680554bf4eb612bad840e7631c4b/library/std/src/panicking.rs:225:9
[INFO] [stderr]     10:     0x56272c3b0614 - std::panicking::rust_panic_with_hook::h67c812a4fe9d4c91
[INFO] [stderr]                                  at /rustc/c8dfcfe046a7680554bf4eb612bad840e7631c4b/library/std/src/panicking.rs:622:17
[INFO] [stderr]     11:     0x56272c3b00f7 - std::panicking::begin_panic_handler::{{closure}}::h33f9c1b96af300d7
[INFO] [stderr]                                  at /rustc/c8dfcfe046a7680554bf4eb612bad840e7631c4b/library/std/src/panicking.rs:519:13
[INFO] [stderr]     12:     0x56272c3ae0bc - std::sys_common::backtrace::__rust_end_short_backtrace::h51bae64be5921f0e
[INFO] [stderr]                                  at /rustc/c8dfcfe046a7680554bf4eb612bad840e7631c4b/library/std/src/sys_common/backtrace.rs:141:18
[INFO] [stderr]     13:     0x56272c3b0059 - rust_begin_unwind
[INFO] [stderr]                                  at /rustc/c8dfcfe046a7680554bf4eb612bad840e7631c4b/library/std/src/panicking.rs:515:5
[INFO] [stderr]     14:     0x56272be89931 - core::panicking::panic_fmt::h12a3a3c256485fca
[INFO] [stderr]                                  at /rustc/c8dfcfe046a7680554bf4eb612bad840e7631c4b/library/core/src/panicking.rs:92:14
[INFO] [stderr]     15:     0x56272be89a23 - core::result::unwrap_failed::h2d8d0952e3250de9
[INFO] [stderr]                                  at /rustc/c8dfcfe046a7680554bf4eb612bad840e7631c4b/library/core/src/result.rs:1599:5
[INFO] [stderr]     16:     0x56272be8b3b6 - core::result::Result<T,E>::expect::h4ee87c0e61c05f9b
[INFO] [stderr]                                  at /rustc/c8dfcfe046a7680554bf4eb612bad840e7631c4b/library/core/src/result.rs:1241:23
[INFO] [stderr]     17:     0x56272be8cf39 - build_script_build::main::he1b93faded8f7832
[INFO] [stderr]                                  at /opt/rustwide/cargo-home/git/checkouts/libuvc-rs-16d00e36f4506028/d2676cd/uvc-sys/build.rs:23:20
[INFO] [stderr]     18:     0x56272be8b4cb - core::ops::function::FnOnce::call_once::hcf1a5ab895f7d914
[INFO] [stderr]                                  at /rustc/c8dfcfe046a7680554bf4eb612bad840e7631c4b/library/core/src/ops/function.rs:227:5
[INFO] [stderr]     19:     0x56272be8b41e - std::sys_common::backtrace::__rust_begin_short_backtrace::had9cd6030395b254
[INFO] [stderr]                                  at /rustc/c8dfcfe046a7680554bf4eb612bad840e7631c4b/library/std/src/sys_common/backtrace.rs:125:18
[INFO] [stderr]     20:     0x56272be8ade1 - std::rt::lang_start::{{closure}}::h92f33f25cc842de8
[INFO] [stderr]                                  at /rustc/c8dfcfe046a7680554bf4eb612bad840e7631c4b/library/std/src/rt.rs:63:18
[INFO] [stderr]     21:     0x56272c3b0c1a - core::ops::function::impls::<impl core::ops::function::FnOnce<A> for &F>::call_once::ha9408abe89f69dc4
[INFO] [stderr]                                  at /rustc/c8dfcfe046a7680554bf4eb612bad840e7631c4b/library/core/src/ops/function.rs:259:13
[INFO] [stderr]     22:     0x56272c3b0c1a - std::panicking::try::do_call::h5b0cc9e9102acb65
[INFO] [stderr]                                  at /rustc/c8dfcfe046a7680554bf4eb612bad840e7631c4b/library/std/src/panicking.rs:401:40
[INFO] [stderr]     23:     0x56272c3b0c1a - std::panicking::try::hddc7f8229138b3ba
[INFO] [stderr]                                  at /rustc/c8dfcfe046a7680554bf4eb612bad840e7631c4b/library/std/src/panicking.rs:365:19
[INFO] [stderr]     24:     0x56272c3b0c1a - std::panic::catch_unwind::hfa401ff8bab2986e
[INFO] [stderr]                                  at /rustc/c8dfcfe046a7680554bf4eb612bad840e7631c4b/library/std/src/panic.rs:434:14
[INFO] [stderr]     25:     0x56272c3b0c1a - std::rt::lang_start_internal::{{closure}}::h8163422320d11405
[INFO] [stderr]                                  at /rustc/c8dfcfe046a7680554bf4eb612bad840e7631c4b/library/std/src/rt.rs:45:48
[INFO] [stderr]     26:     0x56272c3b0c1a - std::panicking::try::do_call::hc742cc7bb4f0fb20
[INFO] [stderr]                                  at /rustc/c8dfcfe046a7680554bf4eb612bad840e7631c4b/library/std/src/panicking.rs:401:40
[INFO] [stderr]     27:     0x56272c3b0c1a - std::panicking::try::ha37d8d2dd1acf7d3
[INFO] [stderr]                                  at /rustc/c8dfcfe046a7680554bf4eb612bad840e7631c4b/library/std/src/panicking.rs:365:19
[INFO] [stderr]     28:     0x56272c3b0c1a - std::panic::catch_unwind::h8a5381d5ecf437bc
[INFO] [stderr]                                  at /rustc/c8dfcfe046a7680554bf4eb612bad840e7631c4b/library/std/src/panic.rs:434:14
[INFO] [stderr]     29:     0x56272c3b0c1a - std::rt::lang_start_internal::h7e2cee8c90d4a4d3
[INFO] [stderr]                                  at /rustc/c8dfcfe046a7680554bf4eb612bad840e7631c4b/library/std/src/rt.rs:45:20
[INFO] [stderr]     30:     0x56272be8adb0 - std::rt::lang_start::hac31ffab7668a7ac
[INFO] [stderr]                                  at /rustc/c8dfcfe046a7680554bf4eb612bad840e7631c4b/library/std/src/rt.rs:62:5
[INFO] [stderr]     31:     0x56272be8d16c - main
[INFO] [stderr]     32:     0x7fc47fd4a0b3 - __libc_start_main
[INFO] [stderr]     33:     0x56272be8a12e - _start
[INFO] [stderr]     34:                0x0 - <unknown>
[INFO] [stderr] warning: build failed, waiting for other jobs to finish...
[INFO] [stderr] error: build failed
[INFO] running `Command { std: "docker" "inspect" "5db00f5e4812313d93f1ab5fdfcf7d0f8afd3c32e18dc8a1f951cbb72dddc392", kill_on_drop: false }`
[INFO] running `Command { std: "docker" "rm" "-f" "5db00f5e4812313d93f1ab5fdfcf7d0f8afd3c32e18dc8a1f951cbb72dddc392", kill_on_drop: false }`
[INFO] [stdout] 5db00f5e4812313d93f1ab5fdfcf7d0f8afd3c32e18dc8a1f951cbb72dddc392
