[INFO] cloning repository https://github.com/ademonov/dial-auto
[INFO] running `Command { std: "git" "-c" "credential.helper=" "-c" "credential.helper=/workspace/cargo-home/bin/git-credential-null" "clone" "--bare" "https://github.com/ademonov/dial-auto" "/workspace/cache/git-repos/https%3A%2F%2Fgithub.com%2Fademonov%2Fdial-auto", kill_on_drop: false }`
[INFO] [stderr] Cloning into bare repository '/workspace/cache/git-repos/https%3A%2F%2Fgithub.com%2Fademonov%2Fdial-auto'...
[INFO] running `Command { std: "git" "rev-parse" "HEAD", kill_on_drop: false }`
[INFO] [stdout] 88ad15c8cee9d0861a0ce1d76f7a16b7bf07ab67
[INFO] checking ademonov/dial-auto against beta-2021-10-15 for beta-1.56-3
[INFO] running `Command { std: "git" "clone" "/workspace/cache/git-repos/https%3A%2F%2Fgithub.com%2Fademonov%2Fdial-auto" "/workspace/builds/worker-13/source", kill_on_drop: false }`
[INFO] [stderr] Cloning into '/workspace/builds/worker-13/source'...
[INFO] [stderr] done.
[INFO] validating manifest of git repo https://github.com/ademonov/dial-auto on toolchain beta-2021-10-15
[INFO] running `Command { std: "/workspace/cargo-home/bin/cargo" "+beta-2021-10-15" "metadata" "--manifest-path" "Cargo.toml" "--no-deps", kill_on_drop: false }`
[INFO] started tweaking git repo https://github.com/ademonov/dial-auto
[INFO] finished tweaking git repo https://github.com/ademonov/dial-auto
[INFO] tweaked toml for git repo https://github.com/ademonov/dial-auto written to /workspace/builds/worker-13/source/Cargo.toml
[INFO] running `Command { std: "/workspace/cargo-home/bin/cargo" "+beta-2021-10-15" "generate-lockfile" "--manifest-path" "Cargo.toml" "-Zno-index-update", kill_on_drop: false }`
[INFO] [stderr]     Updating git repository `https://github.com/ademonov/systray-rs.git`
[INFO] running `Command { std: "/workspace/cargo-home/bin/cargo" "+beta-2021-10-15" "fetch" "--manifest-path" "Cargo.toml", kill_on_drop: false }`
[INFO] [stderr]  Downloading crates ...
[INFO] [stderr]   Downloaded widestring v0.3.0
[INFO] [stderr]   Downloaded windows-service v0.2.0
[INFO] running `Command { std: "docker" "create" "-v" "/var/lib/crater-agent-workspace/builds/worker-13/target:/opt/rustwide/target:rw,Z" "-v" "/var/lib/crater-agent-workspace/builds/worker-13/source:/opt/rustwide/workdir:ro,Z" "-v" "/var/lib/crater-agent-workspace/cargo-home:/opt/rustwide/cargo-home:ro,Z" "-v" "/var/lib/crater-agent-workspace/rustup-home:/opt/rustwide/rustup-home:ro,Z" "-e" "SOURCE_DIR=/opt/rustwide/workdir" "-e" "CARGO_TARGET_DIR=/opt/rustwide/target" "-e" "CARGO_HOME=/opt/rustwide/cargo-home" "-e" "RUSTUP_HOME=/opt/rustwide/rustup-home" "-w" "/opt/rustwide/workdir" "-m" "1610612736" "--user" "0:0" "--network" "none" "ghcr.io/rust-lang/crates-build-env/linux@sha256:a89201d6b5b9fd45c15d5952ece0a0129e7e80cb26ec023fd59cf09bc26f1604" "/opt/rustwide/cargo-home/bin/cargo" "+beta-2021-10-15" "metadata" "--no-deps" "--format-version=1", kill_on_drop: false }`
[INFO] [stdout] 1137d6aaee179dbf98b069bac7563da848fd8ef73fad6eef4a2093ac13b6595a
[INFO] [stderr] WARNING: Your kernel does not support swap limit capabilities or the cgroup is not mounted. Memory limited without swap.
[INFO] running `Command { std: "docker" "start" "-a" "1137d6aaee179dbf98b069bac7563da848fd8ef73fad6eef4a2093ac13b6595a", kill_on_drop: false }`
[INFO] running `Command { std: "docker" "inspect" "1137d6aaee179dbf98b069bac7563da848fd8ef73fad6eef4a2093ac13b6595a", kill_on_drop: false }`
[INFO] running `Command { std: "docker" "rm" "-f" "1137d6aaee179dbf98b069bac7563da848fd8ef73fad6eef4a2093ac13b6595a", kill_on_drop: false }`
[INFO] [stdout] 1137d6aaee179dbf98b069bac7563da848fd8ef73fad6eef4a2093ac13b6595a
[INFO] running `Command { std: "docker" "create" "-v" "/var/lib/crater-agent-workspace/builds/worker-13/target:/opt/rustwide/target:rw,Z" "-v" "/var/lib/crater-agent-workspace/builds/worker-13/source:/opt/rustwide/workdir:ro,Z" "-v" "/var/lib/crater-agent-workspace/cargo-home:/opt/rustwide/cargo-home:ro,Z" "-v" "/var/lib/crater-agent-workspace/rustup-home:/opt/rustwide/rustup-home:ro,Z" "-e" "SOURCE_DIR=/opt/rustwide/workdir" "-e" "CARGO_TARGET_DIR=/opt/rustwide/target" "-e" "CARGO_INCREMENTAL=0" "-e" "RUST_BACKTRACE=full" "-e" "RUSTFLAGS=--cap-lints=warn" "-e" "CARGO_HOME=/opt/rustwide/cargo-home" "-e" "RUSTUP_HOME=/opt/rustwide/rustup-home" "-w" "/opt/rustwide/workdir" "-m" "1610612736" "--user" "0:0" "--network" "none" "ghcr.io/rust-lang/crates-build-env/linux@sha256:a89201d6b5b9fd45c15d5952ece0a0129e7e80cb26ec023fd59cf09bc26f1604" "/opt/rustwide/cargo-home/bin/cargo" "+beta-2021-10-15" "check" "--frozen" "--all" "--all-targets" "--message-format=json", kill_on_drop: false }`
[INFO] [stdout] 54e275d39f06b2dc2714b8f251ea31c16d807cda5981baf4caa16302bd953607
[INFO] [stderr] WARNING: Your kernel does not support swap limit capabilities or the cgroup is not mounted. Memory limited without swap.
[INFO] running `Command { std: "docker" "start" "-a" "54e275d39f06b2dc2714b8f251ea31c16d807cda5981baf4caa16302bd953607", kill_on_drop: false }`
[INFO] [stderr]    Compiling libc v0.2.104
[INFO] [stderr]    Compiling term v0.4.6
[INFO] [stderr]    Compiling ucd-util v0.1.8
[INFO] [stderr]    Compiling lazy_static v0.2.11
[INFO] [stderr]    Compiling utf8-ranges v1.0.4
[INFO] [stderr]    Compiling gio v0.4.1
[INFO] [stderr]    Compiling gdk-pixbuf v0.4.0
[INFO] [stderr]    Compiling cairo-rs v0.4.1
[INFO] [stderr]    Compiling gdk v0.8.0
[INFO] [stderr]     Checking c_vec v1.3.3
[INFO] [stderr]    Compiling gtk v0.4.1
[INFO] [stderr]    Compiling winapi v0.3.9
[INFO] [stderr]    Compiling dial-auto v0.1.0 (/opt/rustwide/workdir)
[INFO] [stderr]    Compiling dial-auto-svc v0.1.0 (/opt/rustwide/workdir/svc)
[INFO] [stderr]     Checking windows-service v0.2.0
[INFO] [stderr]    Compiling glib-sys v0.6.0
[INFO] [stderr]    Compiling gobject-sys v0.6.0
[INFO] [stderr]    Compiling gio-sys v0.6.0
[INFO] [stderr]    Compiling gdk-pixbuf-sys v0.6.0
[INFO] [stderr]    Compiling cairo-sys-rs v0.6.0
[INFO] [stderr]    Compiling pango-sys v0.6.0
[INFO] [stderr]    Compiling syntex_pos v0.54.0
[INFO] [stderr]    Compiling gdk-sys v0.6.0
[INFO] [stderr]    Compiling atk-sys v0.6.0
[INFO] [stderr]    Compiling gtk-sys v0.6.0
[INFO] [stderr]    Compiling thread_local v0.3.6
[INFO] [stderr]    Compiling clang-sys v0.14.1
[INFO] [stderr]    Compiling user32-sys v0.2.0
[INFO] [stderr]    Compiling regex-syntax v0.5.6
[INFO] [stderr]    Compiling phf v0.7.24
[INFO] [stderr]    Compiling log v0.3.9
[INFO] [stderr]    Compiling aho-corasick v0.6.10
[INFO] [stderr]    Compiling num-traits v0.1.43
[INFO] [stderr]    Compiling serde_json v0.9.10
[INFO] [stderr]    Compiling rand_os v0.1.3
[INFO] [stderr]    Compiling syntex_errors v0.54.0
[INFO] [stderr]    Compiling memchr v1.0.2
[INFO] [stderr]    Compiling atty v0.2.14
[INFO] [stderr]    Compiling clap v2.33.3
[INFO] [stderr]    Compiling nom v3.2.1
[INFO] [stderr]     Checking time v0.1.44
[INFO] [stderr]    Compiling rand v0.6.5
[INFO] [stderr]    Compiling regex v0.2.11
[INFO] [stderr]    Compiling syntex_syntax v0.54.0
[INFO] [stderr]     Checking chrono v0.4.19
[INFO] [stderr]    Compiling cexpr v0.2.3
[INFO] [stdout] error[E0423]: expected function, tuple struct or tuple variant, found struct `ast::Name`
[INFO] [stdout]    --> /opt/rustwide/cargo-home/registry/src/github.com-1ecc6299db9ec823/syntex_syntax-0.54.0/src/symbol.rs:146:27
[INFO] [stdout]     |
[INFO] [stdout] 146 |                       name: ast::Name($index),
[INFO] [stdout]     |                             ^^^^^^^^^
[INFO] [stdout] ...
[INFO] [stdout] 165 | / declare_keywords! {
[INFO] [stdout] 166 | |     // Invalid identifier
[INFO] [stdout] 167 | |     (0,  Invalid,        "")
[INFO] [stdout] 168 | |
[INFO] [stdout] ...   |
[INFO] [stdout] 231 | |     (56, CrateRoot, "{{root}}")
[INFO] [stdout] 232 | | }
[INFO] [stdout]     | |_- in this macro invocation
[INFO] [stdout]     |
[INFO] [stdout]     = note: this error originates in the macro `declare_keywords` (in Nightly builds, run with -Z macro-backtrace for more info)
[INFO] [stdout] 
[INFO] [stdout] 
[INFO] [stderr]    Compiling phf_generator v0.7.24
[INFO] [stderr]     Checking fern v0.5.9
[INFO] [stderr]    Compiling phf_codegen v0.7.24
[INFO] [stderr]    Compiling env_logger v0.4.3
[INFO] [stderr]    Compiling target_build_utils v0.3.1
[INFO] [stdout] error[E0432]: unresolved import `windows_service::service_dispatcher`
[INFO] [stdout]  --> svc/src/main.rs:6:5
[INFO] [stdout]   |
[INFO] [stdout] 6 | use windows_service::service_dispatcher;
[INFO] [stdout]   |     ^^^^^^^^^^^^^^^^^^^^^^^^^^^^^^^^^^^ no `service_dispatcher` in the root
[INFO] [stdout] 
[INFO] [stdout] 
[INFO] [stdout] error[E0432]: unresolved import `windows_service::service`
[INFO] [stdout]  --> svc/src/main.rs:7:22
[INFO] [stdout]   |
[INFO] [stdout] 7 | use windows_service::service::{
[INFO] [stdout]   |                      ^^^^^^^ could not find `service` in `windows_service`
[INFO] [stdout] 
[INFO] [stdout] 
[INFO] [stdout] error[E0432]: unresolved imports `windows_service::service_control_handler`, `windows_service::service_control_handler`
[INFO] [stdout]   --> svc/src/main.rs:11:22
[INFO] [stdout]    |
[INFO] [stdout] 11 | use windows_service::service_control_handler::{self, ServiceControlHandlerResult};
[INFO] [stdout]    |                      ^^^^^^^^^^^^^^^^^^^^^^^   ^^^^ no `service_control_handler` in the root
[INFO] [stdout]    |                      |
[INFO] [stdout]    |                      could not find `service_control_handler` in `windows_service`
[INFO] [stdout] 
[INFO] [stdout] 
[INFO] [stdout] error: cannot find macro `define_windows_service` in this scope
[INFO] [stdout]   --> svc/src/main.rs:14:1
[INFO] [stdout]    |
[INFO] [stdout] 14 | define_windows_service!(ffi_service_main, my_service_main);
[INFO] [stdout]    | ^^^^^^^^^^^^^^^^^^^^^^
[INFO] [stdout] 
[INFO] [stdout] 
[INFO] [stdout] error[E0412]: cannot find type `Result` in crate `windows_service`
[INFO] [stdout]   --> svc/src/main.rs:22:63
[INFO] [stdout]    |
[INFO] [stdout] 22 | fn run_service(_arguments: Vec<OsString>) -> windows_service::Result<()> {
[INFO] [stdout]    |                                                               ^^^^^^ not found in `windows_service`
[INFO] [stdout]    |
[INFO] [stdout] help: consider importing one of these items
[INFO] [stdout]    |
[INFO] [stdout] 3  | use core::fmt::Result;
[INFO] [stdout]    |
[INFO] [stdout] 3  | use core::result::Result;
[INFO] [stdout]    |
[INFO] [stdout] 3  | use dotenv::Result;
[INFO] [stdout]    |
[INFO] [stdout] 3  | use std::fmt::Result;
[INFO] [stdout]    |
[INFO] [stdout]      and 3 other candidates
[INFO] [stdout] 
[INFO] [stdout] 
[INFO] [stdout] warning: unused `#[macro_use]` import
[INFO] [stdout]  --> svc/src/main.rs:1:1
[INFO] [stdout]   |
[INFO] [stdout] 1 | #[macro_use] extern crate windows_service;
[INFO] [stdout]   | ^^^^^^^^^^^^
[INFO] [stdout]   |
[INFO] [stdout]   = note: `#[warn(unused_imports)]` on by default
[INFO] [stdout] 
[INFO] [stdout] 
[INFO] [stdout] warning: unused import: `dotenv::dotenv`
[INFO] [stdout]  --> svc/src/main.rs:3:5
[INFO] [stdout]   |
[INFO] [stdout] 3 | use dotenv::dotenv;
[INFO] [stdout]   |     ^^^^^^^^^^^^^^
[INFO] [stdout] 
[INFO] [stdout] 
[INFO] [stdout] error: aborting due to 5 previous errors; 2 warnings emitted
[INFO] [stdout] 
[INFO] [stdout] 
[INFO] [stdout] Some errors have detailed explanations: E0412, E0432.
[INFO] [stdout] 
[INFO] [stdout] For more information about an error, try `rustc --explain E0412`.
[INFO] [stdout] 
[INFO] [stderr] error: could not compile `dial-auto-svc` due to 6 previous errors; 2 warnings emitted
[INFO] [stderr] warning: build failed, waiting for other jobs to finish...
[INFO] [stdout] error[E0432]: unresolved import `windows_service::service_dispatcher`
[INFO] [stdout]  --> svc/src/main.rs:6:5
[INFO] [stdout]   |
[INFO] [stdout] 6 | use windows_service::service_dispatcher;
[INFO] [stdout]   |     ^^^^^^^^^^^^^^^^^^^^^^^^^^^^^^^^^^^ no `service_dispatcher` in the root
[INFO] [stdout] 
[INFO] [stdout] 
[INFO] [stdout] error[E0432]: unresolved import `windows_service::service`
[INFO] [stdout]  --> svc/src/main.rs:7:22
[INFO] [stdout]   |
[INFO] [stdout] 7 | use windows_service::service::{
[INFO] [stdout]   |                      ^^^^^^^ could not find `service` in `windows_service`
[INFO] [stdout] 
[INFO] [stdout] 
[INFO] [stdout] error[E0432]: unresolved imports `windows_service::service_control_handler`, `windows_service::service_control_handler`
[INFO] [stdout]   --> svc/src/main.rs:11:22
[INFO] [stdout]    |
[INFO] [stdout] 11 | use windows_service::service_control_handler::{self, ServiceControlHandlerResult};
[INFO] [stdout]    |                      ^^^^^^^^^^^^^^^^^^^^^^^   ^^^^ no `service_control_handler` in the root
[INFO] [stdout]    |                      |
[INFO] [stdout]    |                      could not find `service_control_handler` in `windows_service`
[INFO] [stdout] 
[INFO] [stdout] 
[INFO] [stdout] error: cannot find macro `define_windows_service` in this scope
[INFO] [stdout]   --> svc/src/main.rs:14:1
[INFO] [stdout]    |
[INFO] [stdout] 14 | define_windows_service!(ffi_service_main, my_service_main);
[INFO] [stdout]    | ^^^^^^^^^^^^^^^^^^^^^^
[INFO] [stdout] 
[INFO] [stdout] 
[INFO] [stdout] error[E0412]: cannot find type `Result` in crate `windows_service`
[INFO] [stdout]   --> svc/src/main.rs:22:63
[INFO] [stdout]    |
[INFO] [stdout] 22 | fn run_service(_arguments: Vec<OsString>) -> windows_service::Result<()> {
[INFO] [stdout]    |                                                               ^^^^^^ not found in `windows_service`
[INFO] [stdout]    |
[INFO] [stdout] help: consider importing one of these items
[INFO] [stdout]    |
[INFO] [stdout] 3  | use core::fmt::Result;
[INFO] [stdout]    |
[INFO] [stdout] 3  | use core::result::Result;
[INFO] [stdout]    |
[INFO] [stdout] 3  | use dotenv::Result;
[INFO] [stdout]    |
[INFO] [stdout] 3  | use std::fmt::Result;
[INFO] [stdout]    |
[INFO] [stdout]      and 3 other candidates
[INFO] [stdout] 
[INFO] [stdout] 
[INFO] [stdout] warning: unused `#[macro_use]` import
[INFO] [stdout]  --> svc/src/main.rs:1:1
[INFO] [stdout]   |
[INFO] [stdout] 1 | #[macro_use] extern crate windows_service;
[INFO] [stdout]   | ^^^^^^^^^^^^
[INFO] [stdout]   |
[INFO] [stdout]   = note: `#[warn(unused_imports)]` on by default
[INFO] [stdout] 
[INFO] [stdout] 
[INFO] [stdout] warning: unused import: `dotenv::dotenv`
[INFO] [stdout]  --> svc/src/main.rs:3:5
[INFO] [stdout]   |
[INFO] [stdout] 3 | use dotenv::dotenv;
[INFO] [stdout]   |     ^^^^^^^^^^^^^^
[INFO] [stdout] 
[INFO] [stdout] 
[INFO] [stdout] error: aborting due to 5 previous errors; 2 warnings emitted
[INFO] [stdout] 
[INFO] [stdout] 
[INFO] [stdout] Some errors have detailed explanations: E0412, E0432.
[INFO] [stdout] 
[INFO] [stdout] For more information about an error, try `rustc --explain E0412`.
[INFO] [stdout] 
[INFO] [stdout] error: aborting due to previous error
[INFO] [stdout] 
[INFO] [stdout] 
[INFO] [stdout] For more information about this error, try `rustc --explain E0423`.
[INFO] [stdout] 
[INFO] [stderr] error: build failed
[INFO] running `Command { std: "docker" "inspect" "54e275d39f06b2dc2714b8f251ea31c16d807cda5981baf4caa16302bd953607", kill_on_drop: false }`
[INFO] running `Command { std: "docker" "rm" "-f" "54e275d39f06b2dc2714b8f251ea31c16d807cda5981baf4caa16302bd953607", kill_on_drop: false }`
[INFO] [stdout] 54e275d39f06b2dc2714b8f251ea31c16d807cda5981baf4caa16302bd953607
