[INFO] cloning repository https://github.com/ablakey/gameboy
[INFO] running `Command { std: "git" "-c" "credential.helper=" "-c" "credential.helper=/workspace/cargo-home/bin/git-credential-null" "clone" "--bare" "https://github.com/ablakey/gameboy" "/workspace/cache/git-repos/https%3A%2F%2Fgithub.com%2Fablakey%2Fgameboy", kill_on_drop: false }`
[INFO] [stderr] Cloning into bare repository '/workspace/cache/git-repos/https%3A%2F%2Fgithub.com%2Fablakey%2Fgameboy'...
[INFO] running `Command { std: "git" "rev-parse" "HEAD", kill_on_drop: false }`
[INFO] [stdout] c263dbd4d6c536538b1100c5f474ed36d61989b0
[INFO] checking ablakey/gameboy against 1.55.0 for beta-1.56-3
[INFO] running `Command { std: "git" "clone" "/workspace/cache/git-repos/https%3A%2F%2Fgithub.com%2Fablakey%2Fgameboy" "/workspace/builds/worker-41/source", kill_on_drop: false }`
[INFO] [stderr] Cloning into '/workspace/builds/worker-41/source'...
[INFO] [stderr] done.
[INFO] validating manifest of git repo https://github.com/ablakey/gameboy on toolchain 1.55.0
[INFO] running `Command { std: "/workspace/cargo-home/bin/cargo" "+1.55.0" "metadata" "--manifest-path" "Cargo.toml" "--no-deps", kill_on_drop: false }`
[INFO] started tweaking git repo https://github.com/ablakey/gameboy
[INFO] finished tweaking git repo https://github.com/ablakey/gameboy
[INFO] tweaked toml for git repo https://github.com/ablakey/gameboy written to /workspace/builds/worker-41/source/Cargo.toml
[INFO] crate git repo https://github.com/ablakey/gameboy already has a lockfile, it will not be regenerated
[INFO] running `Command { std: "/workspace/cargo-home/bin/cargo" "+1.55.0" "fetch" "--manifest-path" "Cargo.toml", kill_on_drop: false }`
[INFO] [stderr]     Blocking waiting for file lock on package cache
[INFO] [stderr]  Downloading crates ...
[INFO] [stderr]   Downloaded pretty-hex v0.2.1
[INFO] running `Command { std: "docker" "create" "-v" "/var/lib/crater-agent-workspace/builds/worker-41/target:/opt/rustwide/target:rw,Z" "-v" "/var/lib/crater-agent-workspace/builds/worker-41/source:/opt/rustwide/workdir:ro,Z" "-v" "/var/lib/crater-agent-workspace/cargo-home:/opt/rustwide/cargo-home:ro,Z" "-v" "/var/lib/crater-agent-workspace/rustup-home:/opt/rustwide/rustup-home:ro,Z" "-e" "SOURCE_DIR=/opt/rustwide/workdir" "-e" "CARGO_TARGET_DIR=/opt/rustwide/target" "-e" "CARGO_HOME=/opt/rustwide/cargo-home" "-e" "RUSTUP_HOME=/opt/rustwide/rustup-home" "-w" "/opt/rustwide/workdir" "-m" "1610612736" "--user" "0:0" "--network" "none" "ghcr.io/rust-lang/crates-build-env/linux@sha256:a89201d6b5b9fd45c15d5952ece0a0129e7e80cb26ec023fd59cf09bc26f1604" "/opt/rustwide/cargo-home/bin/cargo" "+1.55.0" "metadata" "--no-deps" "--format-version=1", kill_on_drop: false }`
[INFO] [stdout] d5d8306311fc34fe72a8a9f0d00996ed889856ee7ad288bfc6dd63ca1d18f747
[INFO] running `Command { std: "docker" "start" "-a" "d5d8306311fc34fe72a8a9f0d00996ed889856ee7ad288bfc6dd63ca1d18f747", kill_on_drop: false }`
[INFO] running `Command { std: "docker" "inspect" "d5d8306311fc34fe72a8a9f0d00996ed889856ee7ad288bfc6dd63ca1d18f747", kill_on_drop: false }`
[INFO] running `Command { std: "docker" "rm" "-f" "d5d8306311fc34fe72a8a9f0d00996ed889856ee7ad288bfc6dd63ca1d18f747", kill_on_drop: false }`
[INFO] [stdout] d5d8306311fc34fe72a8a9f0d00996ed889856ee7ad288bfc6dd63ca1d18f747
[INFO] running `Command { std: "docker" "create" "-v" "/var/lib/crater-agent-workspace/builds/worker-41/target:/opt/rustwide/target:rw,Z" "-v" "/var/lib/crater-agent-workspace/builds/worker-41/source:/opt/rustwide/workdir:ro,Z" "-v" "/var/lib/crater-agent-workspace/cargo-home:/opt/rustwide/cargo-home:ro,Z" "-v" "/var/lib/crater-agent-workspace/rustup-home:/opt/rustwide/rustup-home:ro,Z" "-e" "SOURCE_DIR=/opt/rustwide/workdir" "-e" "CARGO_TARGET_DIR=/opt/rustwide/target" "-e" "CARGO_INCREMENTAL=0" "-e" "RUST_BACKTRACE=full" "-e" "RUSTFLAGS=--cap-lints=warn" "-e" "CARGO_HOME=/opt/rustwide/cargo-home" "-e" "RUSTUP_HOME=/opt/rustwide/rustup-home" "-w" "/opt/rustwide/workdir" "-m" "1610612736" "--user" "0:0" "--network" "none" "ghcr.io/rust-lang/crates-build-env/linux@sha256:a89201d6b5b9fd45c15d5952ece0a0129e7e80cb26ec023fd59cf09bc26f1604" "/opt/rustwide/cargo-home/bin/cargo" "+1.55.0" "check" "--frozen" "--all" "--all-targets" "--message-format=json", kill_on_drop: false }`
[INFO] [stdout] 8daa05b92a955237865866e222239a9c30fef034e3b83d10905ae32015d4f531
[INFO] running `Command { std: "docker" "start" "-a" "8daa05b92a955237865866e222239a9c30fef034e3b83d10905ae32015d4f531", kill_on_drop: false }`
[INFO] [stderr]     Blocking waiting for file lock on package cache
[INFO] [stderr]    Compiling proc-macro2 v1.0.24
[INFO] [stderr]    Compiling unicode-xid v0.2.1
[INFO] [stderr]    Compiling syn v1.0.64
[INFO] [stderr]    Compiling cfg-if v0.1.10
[INFO] [stderr]    Compiling serde_derive v1.0.124
[INFO] [stderr]    Compiling libc v0.2.90
[INFO] [stderr]    Compiling serde v1.0.124
[INFO] [stderr]    Compiling bitflags v1.2.1
[INFO] [stderr]    Compiling sdl2 v0.33.0
[INFO] [stderr]    Compiling serde_json v1.0.64
[INFO] [stderr]     Checking itoa v0.4.7
[INFO] [stderr]     Checking c_vec v1.3.3
[INFO] [stderr]     Checking pretty-hex v0.2.1
[INFO] [stderr]    Compiling sdl2-sys v0.33.0
[INFO] [stderr]    Compiling quote v1.0.9
[INFO] [stderr]     Checking gameboy v0.1.0 (/opt/rustwide/workdir)
[INFO] [stdout] error[E0425]: cannot find value `sequencer_step` in this scope
[INFO] [stdout]   --> src/guest/systems/apu/mod.rs:83:62
[INFO] [stdout]    |
[INFO] [stdout] 83 |             let square2_sample = self.square2.tick(mmu, Some(sequencer_step));
[INFO] [stdout]    |                                                              ^^^^^^^^^^^^^^ not found in this scope
[INFO] [stdout] 
[INFO] [stdout] 
[INFO] [stdout] error[E0425]: cannot find value `sequencer_step` in this scope
[INFO] [stdout]   --> src/guest/systems/apu/mod.rs:83:62
[INFO] [stdout]    |
[INFO] [stdout] 83 |             let square2_sample = self.square2.tick(mmu, Some(sequencer_step));
[INFO] [stdout]    |                                                              ^^^^^^^^^^^^^^ not found in this scope
[INFO] [stdout] 
[INFO] [stdout] 
[INFO] [stdout] error[E0061]: this function takes 6 arguments but 2 arguments were supplied
[INFO] [stdout]   --> src/guest/systems/apu/mod.rs:83:47
[INFO] [stdout]    |
[INFO] [stdout] 83 |             let square2_sample = self.square2.tick(mmu, Some(sequencer_step));
[INFO] [stdout]    |                                               ^^^^ ---  -------------------- supplied 2 arguments
[INFO] [stdout]    |                                               |
[INFO] [stdout]    |                                               expected 6 arguments
[INFO] [stdout]    |
[INFO] [stdout] note: associated function defined here
[INFO] [stdout]   --> src/guest/systems/apu/square.rs:26:12
[INFO] [stdout]    |
[INFO] [stdout] 26 |     pub fn tick(
[INFO] [stdout]    |            ^^^^
[INFO] [stdout] 27 |         &mut self,
[INFO] [stdout]    |         ---------
[INFO] [stdout] 28 |         length: u8,
[INFO] [stdout]    |         ----------
[INFO] [stdout] 29 |         length_enabled: bool,
[INFO] [stdout]    |         --------------------
[INFO] [stdout] 30 |         frequency: u16,
[INFO] [stdout]    |         --------------
[INFO] [stdout] 31 |         wave_duty: u8,
[INFO] [stdout]    |         -------------
[INFO] [stdout] 32 |         reset_clock: bool,
[INFO] [stdout]    |         -----------------
[INFO] [stdout] 33 |         adjust_volume: usize,
[INFO] [stdout]    |         --------------------
[INFO] [stdout] 
[INFO] [stdout] 
[INFO] [stdout] error: aborting due to 2 previous errors
[INFO] [stdout] 
[INFO] [stdout] 
[INFO] [stdout] Some errors have detailed explanations: E0061, E0425.
[INFO] [stdout] 
[INFO] [stdout] For more information about an error, try `rustc --explain E0061`.
[INFO] [stdout] 
[INFO] [stderr] error: could not compile `gameboy` due to 3 previous errors
[INFO] [stderr] warning: build failed, waiting for other jobs to finish...
[INFO] [stdout] error[E0061]: this function takes 6 arguments but 2 arguments were supplied
[INFO] [stdout]   --> src/guest/systems/apu/mod.rs:83:47
[INFO] [stdout]    |
[INFO] [stdout] 83 |             let square2_sample = self.square2.tick(mmu, Some(sequencer_step));
[INFO] [stdout]    |                                               ^^^^ ---  -------------------- supplied 2 arguments
[INFO] [stdout]    |                                               |
[INFO] [stdout]    |                                               expected 6 arguments
[INFO] [stdout]    |
[INFO] [stdout] note: associated function defined here
[INFO] [stdout]   --> src/guest/systems/apu/square.rs:26:12
[INFO] [stdout]    |
[INFO] [stdout] 26 |     pub fn tick(
[INFO] [stdout]    |            ^^^^
[INFO] [stdout] 27 |         &mut self,
[INFO] [stdout]    |         ---------
[INFO] [stdout] 28 |         length: u8,
[INFO] [stdout]    |         ----------
[INFO] [stdout] 29 |         length_enabled: bool,
[INFO] [stdout]    |         --------------------
[INFO] [stdout] 30 |         frequency: u16,
[INFO] [stdout]    |         --------------
[INFO] [stdout] 31 |         wave_duty: u8,
[INFO] [stdout]    |         -------------
[INFO] [stdout] 32 |         reset_clock: bool,
[INFO] [stdout]    |         -----------------
[INFO] [stdout] 33 |         adjust_volume: usize,
[INFO] [stdout]    |         --------------------
[INFO] [stdout] 
[INFO] [stdout] 
[INFO] [stdout] error: aborting due to 2 previous errors
[INFO] [stdout] 
[INFO] [stdout] 
[INFO] [stdout] Some errors have detailed explanations: E0061, E0425.
[INFO] [stdout] 
[INFO] [stdout] For more information about an error, try `rustc --explain E0061`.
[INFO] [stdout] 
[INFO] [stderr] error: build failed
[INFO] running `Command { std: "docker" "inspect" "8daa05b92a955237865866e222239a9c30fef034e3b83d10905ae32015d4f531", kill_on_drop: false }`
[INFO] running `Command { std: "docker" "rm" "-f" "8daa05b92a955237865866e222239a9c30fef034e3b83d10905ae32015d4f531", kill_on_drop: false }`
[INFO] [stdout] 8daa05b92a955237865866e222239a9c30fef034e3b83d10905ae32015d4f531
