[INFO] cloning repository https://github.com/aaronarduino/wordtest
[INFO] running `Command { std: "git" "-c" "credential.helper=" "-c" "credential.helper=/workspace/cargo-home/bin/git-credential-null" "clone" "--bare" "https://github.com/aaronarduino/wordtest" "/workspace/cache/git-repos/https%3A%2F%2Fgithub.com%2Faaronarduino%2Fwordtest", kill_on_drop: false }`
[INFO] [stderr] Cloning into bare repository '/workspace/cache/git-repos/https%3A%2F%2Fgithub.com%2Faaronarduino%2Fwordtest'...
[INFO] running `Command { std: "git" "rev-parse" "HEAD", kill_on_drop: false }`
[INFO] [stdout] 6592d338fd747eaa02c77a97f0c2cba80bc44bfe
[INFO] checking aaronarduino/wordtest against 1.55.0 for beta-1.56-3
[INFO] running `Command { std: "git" "clone" "/workspace/cache/git-repos/https%3A%2F%2Fgithub.com%2Faaronarduino%2Fwordtest" "/workspace/builds/worker-11/source", kill_on_drop: false }`
[INFO] [stderr] Cloning into '/workspace/builds/worker-11/source'...
[INFO] [stderr] done.
[INFO] validating manifest of git repo https://github.com/aaronarduino/wordtest on toolchain 1.55.0
[INFO] running `Command { std: "/workspace/cargo-home/bin/cargo" "+1.55.0" "metadata" "--manifest-path" "Cargo.toml" "--no-deps", kill_on_drop: false }`
[INFO] started tweaking git repo https://github.com/aaronarduino/wordtest
[INFO] finished tweaking git repo https://github.com/aaronarduino/wordtest
[INFO] tweaked toml for git repo https://github.com/aaronarduino/wordtest written to /workspace/builds/worker-11/source/Cargo.toml
[INFO] crate git repo https://github.com/aaronarduino/wordtest already has a lockfile, it will not be regenerated
[INFO] running `Command { std: "/workspace/cargo-home/bin/cargo" "+1.55.0" "fetch" "--manifest-path" "Cargo.toml", kill_on_drop: false }`
[INFO] [stderr]     Blocking waiting for file lock on package cache
[INFO] [stderr]     Blocking waiting for file lock on package cache
[INFO] [stderr]  Downloading crates ...
[INFO] [stderr]   Downloaded gfx_core v0.6.0
[INFO] [stderr]   Downloaded pistoncore-input v0.16.0
[INFO] [stderr]   Downloaded gfx v0.14.0
[INFO] [stderr]   Downloaded piston2d-gfx_graphics v0.36.0
[INFO] [stderr]   Downloaded gfx_device_gl v0.13.0
[INFO] [stderr]   Downloaded pistoncore-window v0.25.0
[INFO] [stderr]   Downloaded pistoncore-event_loop v0.28.0
[INFO] [stderr]   Downloaded conrod v0.49.0
[INFO] [stderr]   Downloaded piston2d-graphics v0.20.0
[INFO] [stderr]   Downloaded piston v0.28.0
[INFO] [stderr]   Downloaded pistoncore-glutin_window v0.34.0
[INFO] [stderr]   Downloaded piston_window v0.62.0
[INFO] running `Command { std: "docker" "create" "-v" "/var/lib/crater-agent-workspace/builds/worker-11/target:/opt/rustwide/target:rw,Z" "-v" "/var/lib/crater-agent-workspace/builds/worker-11/source:/opt/rustwide/workdir:ro,Z" "-v" "/var/lib/crater-agent-workspace/cargo-home:/opt/rustwide/cargo-home:ro,Z" "-v" "/var/lib/crater-agent-workspace/rustup-home:/opt/rustwide/rustup-home:ro,Z" "-e" "SOURCE_DIR=/opt/rustwide/workdir" "-e" "CARGO_TARGET_DIR=/opt/rustwide/target" "-e" "CARGO_HOME=/opt/rustwide/cargo-home" "-e" "RUSTUP_HOME=/opt/rustwide/rustup-home" "-w" "/opt/rustwide/workdir" "-m" "1610612736" "--user" "0:0" "--network" "none" "ghcr.io/rust-lang/crates-build-env/linux@sha256:a89201d6b5b9fd45c15d5952ece0a0129e7e80cb26ec023fd59cf09bc26f1604" "/opt/rustwide/cargo-home/bin/cargo" "+1.55.0" "metadata" "--no-deps" "--format-version=1", kill_on_drop: false }`
[INFO] [stdout] be7c3930830b1f09ddc4421f14d9a02148ffcd69bb98c9eb477bff388fd95734
[INFO] running `Command { std: "docker" "start" "-a" "be7c3930830b1f09ddc4421f14d9a02148ffcd69bb98c9eb477bff388fd95734", kill_on_drop: false }`
[INFO] running `Command { std: "docker" "inspect" "be7c3930830b1f09ddc4421f14d9a02148ffcd69bb98c9eb477bff388fd95734", kill_on_drop: false }`
[INFO] running `Command { std: "docker" "rm" "-f" "be7c3930830b1f09ddc4421f14d9a02148ffcd69bb98c9eb477bff388fd95734", kill_on_drop: false }`
[INFO] [stdout] be7c3930830b1f09ddc4421f14d9a02148ffcd69bb98c9eb477bff388fd95734
[INFO] running `Command { std: "docker" "create" "-v" "/var/lib/crater-agent-workspace/builds/worker-11/target:/opt/rustwide/target:rw,Z" "-v" "/var/lib/crater-agent-workspace/builds/worker-11/source:/opt/rustwide/workdir:ro,Z" "-v" "/var/lib/crater-agent-workspace/cargo-home:/opt/rustwide/cargo-home:ro,Z" "-v" "/var/lib/crater-agent-workspace/rustup-home:/opt/rustwide/rustup-home:ro,Z" "-e" "SOURCE_DIR=/opt/rustwide/workdir" "-e" "CARGO_TARGET_DIR=/opt/rustwide/target" "-e" "CARGO_INCREMENTAL=0" "-e" "RUST_BACKTRACE=full" "-e" "RUSTFLAGS=--cap-lints=warn" "-e" "CARGO_HOME=/opt/rustwide/cargo-home" "-e" "RUSTUP_HOME=/opt/rustwide/rustup-home" "-w" "/opt/rustwide/workdir" "-m" "1610612736" "--user" "0:0" "--network" "none" "ghcr.io/rust-lang/crates-build-env/linux@sha256:a89201d6b5b9fd45c15d5952ece0a0129e7e80cb26ec023fd59cf09bc26f1604" "/opt/rustwide/cargo-home/bin/cargo" "+1.55.0" "check" "--frozen" "--all" "--all-targets" "--message-format=json", kill_on_drop: false }`
[INFO] [stdout] 5530860dfd074b6e1b1ad696063dd2c5e22d8ee4e9f169756ab30deccb9d0146
[INFO] running `Command { std: "docker" "start" "-a" "5530860dfd074b6e1b1ad696063dd2c5e22d8ee4e9f169756ab30deccb9d0146", kill_on_drop: false }`
[INFO] [stderr]     Blocking waiting for file lock on package cache
[INFO] [stderr]     Checking libc v0.2.20
[INFO] [stderr]    Compiling bitflags v0.7.0
[INFO] [stderr]    Compiling siphasher v0.2.1
[INFO] [stderr]    Compiling dtoa v0.2.2
[INFO] [stderr]    Compiling num-traits v0.1.36
[INFO] [stderr]    Compiling itoa v0.1.1
[INFO] [stderr]    Compiling serde v0.8.23
[INFO] [stderr]    Compiling log v0.3.6
[INFO] [stderr]     Checking rustc-serialize v0.3.22
[INFO] [stderr]     Checking lazy_static v0.2.2
[INFO] [stderr]    Compiling khronos_api v1.0.0
[INFO] [stderr]     Checking piston-float v0.3.0
[INFO] [stderr]     Checking bitflags v0.6.0
[INFO] [stderr]     Checking adler32 v0.3.0
[INFO] [stderr]     Checking shader_version v0.2.1
[INFO] [stderr]     Checking lzw v0.10.0
[INFO] [stderr]     Checking odds v0.2.25
[INFO] [stderr]     Checking byteorder v0.5.3
[INFO] [stderr]     Checking color_quant v1.0.0
[INFO] [stderr]     Checking inflate v0.1.1
[INFO] [stderr]     Checking glob v0.2.11
[INFO] [stderr]     Checking piston-texture v0.5.0
[INFO] [stderr]     Checking byteorder v0.4.2
[INFO] [stderr]     Checking scoped_threadpool v0.1.7
[INFO] [stderr]     Checking linked-hash-map v0.0.10
[INFO] [stderr]     Checking read_color v0.1.0
[INFO] [stderr]     Checking interpolation v0.1.0
[INFO] [stderr]     Checking piston-shaders_graphics2d v0.2.1
[INFO] [stderr]     Checking fixedbitset v0.1.5
[INFO] [stderr]     Checking find_folder v0.3.0
[INFO] [stderr]    Compiling kernel32-sys v0.2.2
[INFO] [stderr]    Compiling rustc_version v0.1.7
[INFO] [stderr]    Compiling x11-dl v2.12.0
[INFO] [stderr]     Checking piston-viewport v0.3.0
[INFO] [stderr]     Checking vecmath v0.3.0
[INFO] [stderr]     Checking num-integer v0.1.32
[INFO] [stderr]     Checking enum_primitive v0.1.1
[INFO] [stderr]    Compiling xml-rs v0.3.5
[INFO] [stderr]    Compiling wayland-scanner v0.7.6
[INFO] [stderr]     Checking deflate v0.7.2
[INFO] [stderr]    Compiling gl_generator v0.5.2
[INFO] [stderr]     Checking stb_truetype v0.2.0
[INFO] [stderr]     Checking rand v0.3.15
[INFO] [stderr]     Checking num_cpus v1.2.1
[INFO] [stderr]     Checking shared_library v0.1.5
[INFO] [stderr]     Checking time v0.1.36
[INFO] [stderr]    Compiling tempfile v2.1.5
[INFO] [stderr]     Checking petgraph v0.2.9
[INFO] [stderr]    Compiling phf_shared v0.7.21
[INFO] [stderr]     Checking nodrop v0.1.8
[INFO] [stderr]     Checking draw_state v0.6.0
[INFO] [stderr]    Compiling gl v0.6.1
[INFO] [stderr]    Compiling glutin v0.7.2
[INFO] [stderr]    Compiling gfx_gl v0.3.1
[INFO] [stderr]     Checking gif v0.9.0
[INFO] [stderr]     Checking pistoncore-input v0.16.0
[INFO] [stderr]     Checking num-complex v0.1.35
[INFO] [stdout] error[E0034]: multiple applicable items in scope
[INFO] [stdout]    --> /opt/rustwide/cargo-home/registry/src/github.com-1ecc6299db9ec823/petgraph-0.2.9/src/graph.rs:421:21
[INFO] [stdout]     |
[INFO] [stdout] 421 |         assert!(Ix::max().index() == !0 || NodeIndex::end() != node_idx);
[INFO] [stdout]     |                     ^^^ multiple `max` found
[INFO] [stdout]     |
[INFO] [stdout] note: candidate #1 is defined in the trait `IndexType`
[INFO] [stdout]    --> /opt/rustwide/cargo-home/registry/src/github.com-1ecc6299db9ec823/petgraph-0.2.9/src/graph.rs:31:5
[INFO] [stdout]     |
[INFO] [stdout] 31  |     fn max() -> Self;
[INFO] [stdout]     |     ^^^^^^^^^^^^^^^^^
[INFO] [stdout] note: candidate #2 is defined in the trait `Ord`
[INFO] [stdout] help: disambiguate the associated function for candidate #1
[INFO] [stdout]     |
[INFO] [stdout] 421 |         assert!(IndexType::max().index() == !0 || NodeIndex::end() != node_idx);
[INFO] [stdout]     |                 ^^^^^^^^^^^^^^
[INFO] [stdout] help: disambiguate the associated function for candidate #2
[INFO] [stdout]     |
[INFO] [stdout] 421 |         assert!(Ord::max().index() == !0 || NodeIndex::end() != node_idx);
[INFO] [stdout]     |                 ^^^^^^^^
[INFO] [stdout] 
[INFO] [stdout] 
[INFO] [stderr]     Checking gfx_core v0.6.0
[INFO] [stderr]    Compiling serde_json v0.8.6
[INFO] [stdout] error[E0308]: mismatched types
[INFO] [stdout]    --> /opt/rustwide/cargo-home/registry/src/github.com-1ecc6299db9ec823/petgraph-0.2.9/src/graph.rs:421:38
[INFO] [stdout]     |
[INFO] [stdout] 374 | impl<N, E, Ty, Ix> Graph<N, E, Ty, Ix>
[INFO] [stdout]     |                -- this type parameter
[INFO] [stdout] ...
[INFO] [stdout] 421 |         assert!(Ix::max().index() == !0 || NodeIndex::end() != node_idx);
[INFO] [stdout]     |                                      ^^ expected type parameter `Ix`, found integer
[INFO] [stdout]     |
[INFO] [stdout]     = note: expected type parameter `Ix`
[INFO] [stdout]                          found type `{integer}`
[INFO] [stdout] 
[INFO] [stdout] 
[INFO] [stdout] error[E0034]: multiple applicable items in scope
[INFO] [stdout]    --> /opt/rustwide/cargo-home/registry/src/github.com-1ecc6299db9ec823/petgraph-0.2.9/src/graph.rs:458:21
[INFO] [stdout]     |
[INFO] [stdout] 458 |         assert!(Ix::max().index() == !0 || EdgeIndex::end() != edge_idx);
[INFO] [stdout]     |                     ^^^ multiple `max` found
[INFO] [stdout]     |
[INFO] [stdout] note: candidate #1 is defined in the trait `IndexType`
[INFO] [stdout]    --> /opt/rustwide/cargo-home/registry/src/github.com-1ecc6299db9ec823/petgraph-0.2.9/src/graph.rs:31:5
[INFO] [stdout]     |
[INFO] [stdout] 31  |     fn max() -> Self;
[INFO] [stdout]     |     ^^^^^^^^^^^^^^^^^
[INFO] [stdout] note: candidate #2 is defined in the trait `Ord`
[INFO] [stdout] help: disambiguate the associated function for candidate #1
[INFO] [stdout]     |
[INFO] [stdout] 458 |         assert!(IndexType::max().index() == !0 || EdgeIndex::end() != edge_idx);
[INFO] [stdout]     |                 ^^^^^^^^^^^^^^
[INFO] [stdout] help: disambiguate the associated function for candidate #2
[INFO] [stdout]     |
[INFO] [stdout] 458 |         assert!(Ord::max().index() == !0 || EdgeIndex::end() != edge_idx);
[INFO] [stdout]     |                 ^^^^^^^^
[INFO] [stdout] 
[INFO] [stdout] 
[INFO] [stdout] error[E0308]: mismatched types
[INFO] [stdout]    --> /opt/rustwide/cargo-home/registry/src/github.com-1ecc6299db9ec823/petgraph-0.2.9/src/graph.rs:458:38
[INFO] [stdout]     |
[INFO] [stdout] 374 | impl<N, E, Ty, Ix> Graph<N, E, Ty, Ix>
[INFO] [stdout]     |                -- this type parameter
[INFO] [stdout] ...
[INFO] [stdout] 458 |         assert!(Ix::max().index() == !0 || EdgeIndex::end() != edge_idx);
[INFO] [stdout]     |                                      ^^ expected type parameter `Ix`, found integer
[INFO] [stdout]     |
[INFO] [stdout]     = note: expected type parameter `Ix`
[INFO] [stdout]                          found type `{integer}`
[INFO] [stdout] 
[INFO] [stdout] 
[INFO] [stderr]     Checking num-iter v0.1.32
[INFO] [stderr]     Checking piston2d-graphics v0.20.0
[INFO] [stdout] error: aborting due to 4 previous errors
[INFO] [stdout] 
[INFO] [stdout] 
[INFO] [stdout] Some errors have detailed explanations: E0034, E0308.
[INFO] [stdout] 
[INFO] [stdout] For more information about an error, try `rustc --explain E0034`.
[INFO] [stdout] 
[INFO] [stderr] error: could not compile `petgraph` due to 5 previous errors
[INFO] [stderr] warning: build failed, waiting for other jobs to finish...
[INFO] [stderr] error: build failed
[INFO] running `Command { std: "docker" "inspect" "5530860dfd074b6e1b1ad696063dd2c5e22d8ee4e9f169756ab30deccb9d0146", kill_on_drop: false }`
[INFO] running `Command { std: "docker" "rm" "-f" "5530860dfd074b6e1b1ad696063dd2c5e22d8ee4e9f169756ab30deccb9d0146", kill_on_drop: false }`
[INFO] [stdout] 5530860dfd074b6e1b1ad696063dd2c5e22d8ee4e9f169756ab30deccb9d0146
