[INFO] cloning repository https://github.com/aQaTL/rivatiker
[INFO] running `Command { std: "git" "-c" "credential.helper=" "-c" "credential.helper=/workspace/cargo-home/bin/git-credential-null" "clone" "--bare" "https://github.com/aQaTL/rivatiker" "/workspace/cache/git-repos/https%3A%2F%2Fgithub.com%2FaQaTL%2Frivatiker", kill_on_drop: false }`
[INFO] [stderr] Cloning into bare repository '/workspace/cache/git-repos/https%3A%2F%2Fgithub.com%2FaQaTL%2Frivatiker'...
[INFO] running `Command { std: "git" "rev-parse" "HEAD", kill_on_drop: false }`
[INFO] [stdout] c10762e588a283c16786263abb40fbb714175b38
[INFO] checking aQaTL/rivatiker against 1.55.0 for beta-1.56-3
[INFO] running `Command { std: "git" "clone" "/workspace/cache/git-repos/https%3A%2F%2Fgithub.com%2FaQaTL%2Frivatiker" "/workspace/builds/worker-19/source", kill_on_drop: false }`
[INFO] [stderr] Cloning into '/workspace/builds/worker-19/source'...
[INFO] [stderr] done.
[INFO] validating manifest of git repo https://github.com/aQaTL/rivatiker on toolchain 1.55.0
[INFO] running `Command { std: "/workspace/cargo-home/bin/cargo" "+1.55.0" "metadata" "--manifest-path" "Cargo.toml" "--no-deps", kill_on_drop: false }`
[INFO] started tweaking git repo https://github.com/aQaTL/rivatiker
[INFO] finished tweaking git repo https://github.com/aQaTL/rivatiker
[INFO] tweaked toml for git repo https://github.com/aQaTL/rivatiker written to /workspace/builds/worker-19/source/Cargo.toml
[INFO] crate git repo https://github.com/aQaTL/rivatiker already has a lockfile, it will not be regenerated
[INFO] running `Command { std: "/workspace/cargo-home/bin/cargo" "+1.55.0" "fetch" "--manifest-path" "Cargo.toml", kill_on_drop: false }`
[INFO] [stderr]     Blocking waiting for file lock on package cache
[INFO] [stderr]     Blocking waiting for file lock on package cache
[INFO] running `Command { std: "docker" "create" "-v" "/var/lib/crater-agent-workspace/builds/worker-19/target:/opt/rustwide/target:rw,Z" "-v" "/var/lib/crater-agent-workspace/builds/worker-19/source:/opt/rustwide/workdir:ro,Z" "-v" "/var/lib/crater-agent-workspace/cargo-home:/opt/rustwide/cargo-home:ro,Z" "-v" "/var/lib/crater-agent-workspace/rustup-home:/opt/rustwide/rustup-home:ro,Z" "-e" "SOURCE_DIR=/opt/rustwide/workdir" "-e" "CARGO_TARGET_DIR=/opt/rustwide/target" "-e" "CARGO_HOME=/opt/rustwide/cargo-home" "-e" "RUSTUP_HOME=/opt/rustwide/rustup-home" "-w" "/opt/rustwide/workdir" "-m" "1610612736" "--user" "0:0" "--network" "none" "ghcr.io/rust-lang/crates-build-env/linux@sha256:a89201d6b5b9fd45c15d5952ece0a0129e7e80cb26ec023fd59cf09bc26f1604" "/opt/rustwide/cargo-home/bin/cargo" "+1.55.0" "metadata" "--no-deps" "--format-version=1", kill_on_drop: false }`
[INFO] [stdout] 06d9d9b5d3c13cccb248e8bd395f7ce1dc39f08aa6a15b6475a2337acadcee18
[INFO] running `Command { std: "docker" "start" "-a" "06d9d9b5d3c13cccb248e8bd395f7ce1dc39f08aa6a15b6475a2337acadcee18", kill_on_drop: false }`
[INFO] running `Command { std: "docker" "inspect" "06d9d9b5d3c13cccb248e8bd395f7ce1dc39f08aa6a15b6475a2337acadcee18", kill_on_drop: false }`
[INFO] running `Command { std: "docker" "rm" "-f" "06d9d9b5d3c13cccb248e8bd395f7ce1dc39f08aa6a15b6475a2337acadcee18", kill_on_drop: false }`
[INFO] [stdout] 06d9d9b5d3c13cccb248e8bd395f7ce1dc39f08aa6a15b6475a2337acadcee18
[INFO] running `Command { std: "docker" "create" "-v" "/var/lib/crater-agent-workspace/builds/worker-19/target:/opt/rustwide/target:rw,Z" "-v" "/var/lib/crater-agent-workspace/builds/worker-19/source:/opt/rustwide/workdir:ro,Z" "-v" "/var/lib/crater-agent-workspace/cargo-home:/opt/rustwide/cargo-home:ro,Z" "-v" "/var/lib/crater-agent-workspace/rustup-home:/opt/rustwide/rustup-home:ro,Z" "-e" "SOURCE_DIR=/opt/rustwide/workdir" "-e" "CARGO_TARGET_DIR=/opt/rustwide/target" "-e" "CARGO_INCREMENTAL=0" "-e" "RUST_BACKTRACE=full" "-e" "RUSTFLAGS=--cap-lints=warn" "-e" "CARGO_HOME=/opt/rustwide/cargo-home" "-e" "RUSTUP_HOME=/opt/rustwide/rustup-home" "-w" "/opt/rustwide/workdir" "-m" "1610612736" "--user" "0:0" "--network" "none" "ghcr.io/rust-lang/crates-build-env/linux@sha256:a89201d6b5b9fd45c15d5952ece0a0129e7e80cb26ec023fd59cf09bc26f1604" "/opt/rustwide/cargo-home/bin/cargo" "+1.55.0" "check" "--frozen" "--all" "--all-targets" "--message-format=json", kill_on_drop: false }`
[INFO] [stdout] feda5db6d40887167fffaede5959894602b38ed1333104708ba5166da953d850
[INFO] running `Command { std: "docker" "start" "-a" "feda5db6d40887167fffaede5959894602b38ed1333104708ba5166da953d850", kill_on_drop: false }`
[INFO] [stderr]    Compiling winapi v0.3.8
[INFO] [stderr]     Checking rivatiker v0.1.0 (/opt/rustwide/workdir)
[INFO] [stdout] error[E0433]: failed to resolve: could not find `um` in `winapi`
[INFO] [stdout]  --> src/no_sleep.rs:3:13
[INFO] [stdout]   |
[INFO] [stdout] 3 | use winapi::um::winbase::*;
[INFO] [stdout]   |             ^^ could not find `um` in `winapi`
[INFO] [stdout] 
[INFO] [stdout] 
[INFO] [stdout] error[E0433]: failed to resolve: could not find `um` in `winapi`
[INFO] [stdout]  --> src/no_sleep.rs:4:13
[INFO] [stdout]   |
[INFO] [stdout] 4 | use winapi::um::winnt::*;
[INFO] [stdout]   |             ^^ could not find `um` in `winapi`
[INFO] [stdout] 
[INFO] [stdout] 
[INFO] [stdout] error[E0425]: cannot find value `ES_CONTINUOUS` in this scope
[INFO] [stdout]   --> src/no_sleep.rs:17:21
[INFO] [stdout]    |
[INFO] [stdout] 17 |         State::Default => ES_CONTINUOUS,
[INFO] [stdout]    |                           ^^^^^^^^^^^^^ not found in this scope
[INFO] [stdout] 
[INFO] [stdout] 
[INFO] [stdout] error[E0425]: cannot find value `ES_CONTINUOUS` in this scope
[INFO] [stdout]   --> src/no_sleep.rs:18:27
[INFO] [stdout]    |
[INFO] [stdout] 18 |         State::NoSystemSleep => ES_CONTINUOUS | ES_SYSTEM_REQUIRED,
[INFO] [stdout]    |                                 ^^^^^^^^^^^^^ not found in this scope
[INFO] [stdout] 
[INFO] [stdout] 
[INFO] [stdout] error[E0425]: cannot find value `ES_SYSTEM_REQUIRED` in this scope
[INFO] [stdout]   --> src/no_sleep.rs:18:43
[INFO] [stdout]    |
[INFO] [stdout] 18 |         State::NoSystemSleep => ES_CONTINUOUS | ES_SYSTEM_REQUIRED,
[INFO] [stdout]    |                                                 ^^^^^^^^^^^^^^^^^^ not found in this scope
[INFO] [stdout] 
[INFO] [stdout] 
[INFO] [stdout] error[E0425]: cannot find value `ES_CONTINUOUS` in this scope
[INFO] [stdout]   --> src/no_sleep.rs:19:28
[INFO] [stdout]    |
[INFO] [stdout] 19 |         State::NoMonitorSleep => ES_CONTINUOUS | ES_DISPLAY_REQUIRED,
[INFO] [stdout]    |                                  ^^^^^^^^^^^^^ not found in this scope
[INFO] [stdout] 
[INFO] [stdout] 
[INFO] [stdout] error[E0425]: cannot find value `ES_DISPLAY_REQUIRED` in this scope
[INFO] [stdout]   --> src/no_sleep.rs:19:44
[INFO] [stdout]    |
[INFO] [stdout] 19 |         State::NoMonitorSleep => ES_CONTINUOUS | ES_DISPLAY_REQUIRED,
[INFO] [stdout]    |                                                  ^^^^^^^^^^^^^^^^^^^ not found in this scope
[INFO] [stdout] 
[INFO] [stdout] 
[INFO] [stdout] error[E0425]: cannot find value `ES_CONTINUOUS` in this scope
[INFO] [stdout]   --> src/no_sleep.rs:20:22
[INFO] [stdout]    |
[INFO] [stdout] 20 |         State::AwayMode => ES_CONTINUOUS | ES_AWAYMODE_REQUIRED,
[INFO] [stdout]    |                            ^^^^^^^^^^^^^ not found in this scope
[INFO] [stdout] 
[INFO] [stdout] 
[INFO] [stdout] error[E0425]: cannot find value `ES_AWAYMODE_REQUIRED` in this scope
[INFO] [stdout]   --> src/no_sleep.rs:20:38
[INFO] [stdout]    |
[INFO] [stdout] 20 |         State::AwayMode => ES_CONTINUOUS | ES_AWAYMODE_REQUIRED,
[INFO] [stdout]    |                                            ^^^^^^^^^^^^^^^^^^^^ not found in this scope
[INFO] [stdout] 
[INFO] [stdout] 
[INFO] [stdout] error[E0425]: cannot find function, tuple struct or tuple variant `SetThreadExecutionState` in this scope
[INFO] [stdout]   --> src/no_sleep.rs:24:3
[INFO] [stdout]    |
[INFO] [stdout] 24 |         SetThreadExecutionState(new_state);
[INFO] [stdout]    |         ^^^^^^^^^^^^^^^^^^^^^^^ not found in this scope
[INFO] [stdout] 
[INFO] [stdout] 
[INFO] [stdout] error[E0433]: failed to resolve: could not find `um` in `winapi`
[INFO] [stdout]  --> src/no_sleep.rs:3:13
[INFO] [stdout]   |
[INFO] [stdout] 3 | use winapi::um::winbase::*;
[INFO] [stdout]   |             ^^ could not find `um` in `winapi`
[INFO] [stdout] 
[INFO] [stdout] 
[INFO] [stdout] error[E0433]: failed to resolve: could not find `um` in `winapi`
[INFO] [stdout]  --> src/no_sleep.rs:4:13
[INFO] [stdout]   |
[INFO] [stdout] 4 | use winapi::um::winnt::*;
[INFO] [stdout]   |             ^^ could not find `um` in `winapi`
[INFO] [stdout] 
[INFO] [stdout] 
[INFO] [stdout] error[E0425]: cannot find value `ES_CONTINUOUS` in this scope
[INFO] [stdout]   --> src/no_sleep.rs:17:21
[INFO] [stdout]    |
[INFO] [stdout] 17 |         State::Default => ES_CONTINUOUS,
[INFO] [stdout]    |                           ^^^^^^^^^^^^^ not found in this scope
[INFO] [stdout] 
[INFO] [stdout] 
[INFO] [stdout] error[E0425]: cannot find value `ES_CONTINUOUS` in this scope
[INFO] [stdout]   --> src/no_sleep.rs:18:27
[INFO] [stdout]    |
[INFO] [stdout] 18 |         State::NoSystemSleep => ES_CONTINUOUS | ES_SYSTEM_REQUIRED,
[INFO] [stdout]    |                                 ^^^^^^^^^^^^^ not found in this scope
[INFO] [stdout] 
[INFO] [stdout] 
[INFO] [stdout] error[E0425]: cannot find value `ES_SYSTEM_REQUIRED` in this scope
[INFO] [stdout]   --> src/no_sleep.rs:18:43
[INFO] [stdout]    |
[INFO] [stdout] 18 |         State::NoSystemSleep => ES_CONTINUOUS | ES_SYSTEM_REQUIRED,
[INFO] [stdout]    |                                                 ^^^^^^^^^^^^^^^^^^ not found in this scope
[INFO] [stdout] 
[INFO] [stdout] 
[INFO] [stdout] error[E0425]: cannot find value `ES_CONTINUOUS` in this scope
[INFO] [stdout]   --> src/no_sleep.rs:19:28
[INFO] [stdout]    |
[INFO] [stdout] 19 |         State::NoMonitorSleep => ES_CONTINUOUS | ES_DISPLAY_REQUIRED,
[INFO] [stdout]    |                                  ^^^^^^^^^^^^^ not found in this scope
[INFO] [stdout] 
[INFO] [stdout] 
[INFO] [stdout] error[E0425]: cannot find value `ES_DISPLAY_REQUIRED` in this scope
[INFO] [stdout]   --> src/no_sleep.rs:19:44
[INFO] [stdout]    |
[INFO] [stdout] 19 |         State::NoMonitorSleep => ES_CONTINUOUS | ES_DISPLAY_REQUIRED,
[INFO] [stdout]    |                                                  ^^^^^^^^^^^^^^^^^^^ not found in this scope
[INFO] [stdout] 
[INFO] [stdout] 
[INFO] [stdout] error[E0425]: cannot find value `ES_CONTINUOUS` in this scope
[INFO] [stdout]   --> src/no_sleep.rs:20:22
[INFO] [stdout]    |
[INFO] [stdout] 20 |         State::AwayMode => ES_CONTINUOUS | ES_AWAYMODE_REQUIRED,
[INFO] [stdout]    |                            ^^^^^^^^^^^^^ not found in this scope
[INFO] [stdout] 
[INFO] [stdout] 
[INFO] [stdout] error[E0425]: cannot find value `ES_AWAYMODE_REQUIRED` in this scope
[INFO] [stdout]   --> src/no_sleep.rs:20:38
[INFO] [stdout]    |
[INFO] [stdout] 20 |         State::AwayMode => ES_CONTINUOUS | ES_AWAYMODE_REQUIRED,
[INFO] [stdout]    |                                            ^^^^^^^^^^^^^^^^^^^^ not found in this scope
[INFO] [stdout] 
[INFO] [stdout] 
[INFO] [stdout] error[E0425]: cannot find function, tuple struct or tuple variant `SetThreadExecutionState` in this scope
[INFO] [stdout]   --> src/no_sleep.rs:24:3
[INFO] [stdout]    |
[INFO] [stdout] 24 |         SetThreadExecutionState(new_state);
[INFO] [stdout]    |         ^^^^^^^^^^^^^^^^^^^^^^^ not found in this scope
[INFO] [stdout] 
[INFO] [stdout] 
[INFO] [stdout] error: aborting due to 10 previous errors
[INFO] [stdout] 
[INFO] [stdout] 
[INFO] [stdout] Some errors have detailed explanations: E0425, E0433.
[INFO] [stdout] 
[INFO] [stdout] For more information about an error, try `rustc --explain E0425`.
[INFO] [stdout] 
[INFO] [stderr] error: could not compile `rivatiker` due to 11 previous errors
[INFO] [stderr] warning: build failed, waiting for other jobs to finish...
[INFO] [stdout] error: aborting due to 10 previous errors
[INFO] [stdout] 
[INFO] [stdout] 
[INFO] [stdout] Some errors have detailed explanations: E0425, E0433.
[INFO] [stdout] 
[INFO] [stdout] For more information about an error, try `rustc --explain E0425`.
[INFO] [stdout] 
[INFO] [stderr] error: build failed
[INFO] running `Command { std: "docker" "inspect" "feda5db6d40887167fffaede5959894602b38ed1333104708ba5166da953d850", kill_on_drop: false }`
[INFO] running `Command { std: "docker" "rm" "-f" "feda5db6d40887167fffaede5959894602b38ed1333104708ba5166da953d850", kill_on_drop: false }`
[INFO] [stdout] feda5db6d40887167fffaede5959894602b38ed1333104708ba5166da953d850
