[INFO] cloning repository https://github.com/a20034294/quiz-chatbot-nc
[INFO] running `Command { std: "git" "-c" "credential.helper=" "-c" "credential.helper=/workspace/cargo-home/bin/git-credential-null" "clone" "--bare" "https://github.com/a20034294/quiz-chatbot-nc" "/workspace/cache/git-repos/https%3A%2F%2Fgithub.com%2Fa20034294%2Fquiz-chatbot-nc", kill_on_drop: false }`
[INFO] [stderr] Cloning into bare repository '/workspace/cache/git-repos/https%3A%2F%2Fgithub.com%2Fa20034294%2Fquiz-chatbot-nc'...
[INFO] running `Command { std: "git" "rev-parse" "HEAD", kill_on_drop: false }`
[INFO] [stdout] 715f28308935f983b8402a5c3feb70a1c913d433
[INFO] checking a20034294/quiz-chatbot-nc against beta-2021-10-15 for beta-1.56-3
[INFO] running `Command { std: "git" "clone" "/workspace/cache/git-repos/https%3A%2F%2Fgithub.com%2Fa20034294%2Fquiz-chatbot-nc" "/workspace/builds/worker-48/source", kill_on_drop: false }`
[INFO] [stderr] Cloning into '/workspace/builds/worker-48/source'...
[INFO] [stderr] done.
[INFO] validating manifest of git repo https://github.com/a20034294/quiz-chatbot-nc on toolchain beta-2021-10-15
[INFO] running `Command { std: "/workspace/cargo-home/bin/cargo" "+beta-2021-10-15" "metadata" "--manifest-path" "Cargo.toml" "--no-deps", kill_on_drop: false }`
[INFO] started tweaking git repo https://github.com/a20034294/quiz-chatbot-nc
[INFO] finished tweaking git repo https://github.com/a20034294/quiz-chatbot-nc
[INFO] tweaked toml for git repo https://github.com/a20034294/quiz-chatbot-nc written to /workspace/builds/worker-48/source/Cargo.toml
[INFO] crate git repo https://github.com/a20034294/quiz-chatbot-nc already has a lockfile, it will not be regenerated
[INFO] running `Command { std: "/workspace/cargo-home/bin/cargo" "+beta-2021-10-15" "fetch" "--manifest-path" "Cargo.toml", kill_on_drop: false }`
[INFO] [stderr]     Blocking waiting for file lock on package cache
[INFO] [stderr]     Blocking waiting for file lock on package cache
[INFO] running `Command { std: "docker" "create" "-v" "/var/lib/crater-agent-workspace/builds/worker-48/target:/opt/rustwide/target:rw,Z" "-v" "/var/lib/crater-agent-workspace/builds/worker-48/source:/opt/rustwide/workdir:ro,Z" "-v" "/var/lib/crater-agent-workspace/cargo-home:/opt/rustwide/cargo-home:ro,Z" "-v" "/var/lib/crater-agent-workspace/rustup-home:/opt/rustwide/rustup-home:ro,Z" "-e" "SOURCE_DIR=/opt/rustwide/workdir" "-e" "CARGO_TARGET_DIR=/opt/rustwide/target" "-e" "CARGO_HOME=/opt/rustwide/cargo-home" "-e" "RUSTUP_HOME=/opt/rustwide/rustup-home" "-w" "/opt/rustwide/workdir" "-m" "1610612736" "--user" "0:0" "--network" "none" "ghcr.io/rust-lang/crates-build-env/linux@sha256:a89201d6b5b9fd45c15d5952ece0a0129e7e80cb26ec023fd59cf09bc26f1604" "/opt/rustwide/cargo-home/bin/cargo" "+beta-2021-10-15" "metadata" "--no-deps" "--format-version=1", kill_on_drop: false }`
[INFO] [stdout] ad28b555e5acced2d9ae18eac1decd4e5a34f6dce4c8649c3124f4afdd51d857
[INFO] running `Command { std: "docker" "start" "-a" "ad28b555e5acced2d9ae18eac1decd4e5a34f6dce4c8649c3124f4afdd51d857", kill_on_drop: false }`
[INFO] running `Command { std: "docker" "inspect" "ad28b555e5acced2d9ae18eac1decd4e5a34f6dce4c8649c3124f4afdd51d857", kill_on_drop: false }`
[INFO] running `Command { std: "docker" "rm" "-f" "ad28b555e5acced2d9ae18eac1decd4e5a34f6dce4c8649c3124f4afdd51d857", kill_on_drop: false }`
[INFO] [stdout] ad28b555e5acced2d9ae18eac1decd4e5a34f6dce4c8649c3124f4afdd51d857
[INFO] running `Command { std: "docker" "create" "-v" "/var/lib/crater-agent-workspace/builds/worker-48/target:/opt/rustwide/target:rw,Z" "-v" "/var/lib/crater-agent-workspace/builds/worker-48/source:/opt/rustwide/workdir:ro,Z" "-v" "/var/lib/crater-agent-workspace/cargo-home:/opt/rustwide/cargo-home:ro,Z" "-v" "/var/lib/crater-agent-workspace/rustup-home:/opt/rustwide/rustup-home:ro,Z" "-e" "SOURCE_DIR=/opt/rustwide/workdir" "-e" "CARGO_TARGET_DIR=/opt/rustwide/target" "-e" "CARGO_INCREMENTAL=0" "-e" "RUST_BACKTRACE=full" "-e" "RUSTFLAGS=--cap-lints=warn" "-e" "CARGO_HOME=/opt/rustwide/cargo-home" "-e" "RUSTUP_HOME=/opt/rustwide/rustup-home" "-w" "/opt/rustwide/workdir" "-m" "1610612736" "--user" "0:0" "--network" "none" "ghcr.io/rust-lang/crates-build-env/linux@sha256:a89201d6b5b9fd45c15d5952ece0a0129e7e80cb26ec023fd59cf09bc26f1604" "/opt/rustwide/cargo-home/bin/cargo" "+beta-2021-10-15" "check" "--frozen" "--all" "--all-targets" "--message-format=json", kill_on_drop: false }`
[INFO] [stdout] 3ce590ac0cab18bb893dd096c22ecc78e650fee4ac966af5bf30dc46b81ee3eb
[INFO] running `Command { std: "docker" "start" "-a" "3ce590ac0cab18bb893dd096c22ecc78e650fee4ac966af5bf30dc46b81ee3eb", kill_on_drop: false }`
[INFO] [stderr]     Blocking waiting for file lock on package cache
[INFO] [stderr]    Compiling libc v0.2.77
[INFO] [stderr]    Compiling version_check v0.9.2
[INFO] [stderr]    Compiling memchr v2.3.3
[INFO] [stderr]    Compiling cc v1.0.59
[INFO] [stderr]    Compiling typenum v1.12.0
[INFO] [stderr]    Compiling openssl v0.10.30
[INFO] [stderr]     Checking once_cell v1.4.1
[INFO] [stderr]    Compiling native-tls v0.2.4
[INFO] [stderr]     Checking tinyvec v0.3.4
[INFO] [stderr]     Checking futures-io v0.3.5
[INFO] [stderr]    Compiling getrandom v0.1.15
[INFO] [stderr]    Compiling serde v1.0.116
[INFO] [stderr]    Compiling encoding_rs v0.8.24
[INFO] [stderr]     Checking ppv-lite86 v0.2.9
[INFO] [stderr]     Checking dtoa v0.4.6
[INFO] [stderr]     Checking ipnet v2.3.0
[INFO] [stderr]     Checking cpuid-bool v0.1.2
[INFO] [stderr]     Checking json v0.12.4
[INFO] [stderr]     Checking hex v0.4.2
[INFO] [stderr]     Checking futures-task v0.3.5
[INFO] [stderr]    Compiling unicase v2.6.0
[INFO] [stderr]    Compiling generic-array v0.14.4
[INFO] [stderr]     Checking unicode-normalization v0.1.13
[INFO] [stderr]    Compiling openssl-sys v0.9.58
[INFO] [stderr]     Checking futures-util v0.3.5
[INFO] [stderr]     Checking idna v0.2.0
[INFO] [stderr]     Checking url v2.1.1
[INFO] [stderr]     Checking digest v0.9.0
[INFO] [stderr]     Checking block-buffer v0.9.0
[INFO] [stderr]     Checking sha2 v0.9.1
[INFO] [stderr]     Checking iovec v0.1.4
[INFO] [stderr]     Checking net2 v0.2.35
[INFO] [stderr]     Checking num_cpus v1.13.0
[INFO] [stderr]     Checking signal-hook-registry v1.2.1
[INFO] [stderr]     Checking socket2 v0.3.15
[INFO] [stderr]     Checking time v0.1.44
[INFO] [stderr]     Checking mio v0.6.22
[INFO] [stderr]    Compiling mime_guess v2.0.3
[INFO] [stderr]     Checking rand_core v0.5.1
[INFO] [stderr]     Checking serde_urlencoded v0.6.1
[INFO] [stderr]     Checking serde_json v1.0.57
[INFO] [stderr]     Checking rand_chacha v0.2.2
[INFO] [stderr]     Checking rand v0.7.3
[INFO] [stderr]     Checking mio-uds v0.6.8
[INFO] [stderr]     Checking tokio v0.2.22
[INFO] [stderr]     Checking tokio-util v0.3.1
[INFO] [stderr]     Checking tokio-tls v0.3.1
[INFO] [stderr]     Checking h2 v0.2.6
[INFO] [stderr]     Checking hyper v0.13.7
[INFO] [stderr]     Checking hyper-tls v0.4.3
[INFO] [stderr]     Checking reqwest v0.10.8
[INFO] [stderr]     Checking quiz-chatbot-nc v1.0.0 (/opt/rustwide/workdir)
[INFO] [stdout] error[E0583]: file not found for module `config`
[INFO] [stdout]  --> src/main.rs:8:1
[INFO] [stdout]   |
[INFO] [stdout] 8 | pub mod config;
[INFO] [stdout]   | ^^^^^^^^^^^^^^^
[INFO] [stdout]   |
[INFO] [stdout]   = help: to create the module `config`, create file "src/config.rs" or "src/config/mod.rs"
[INFO] [stdout] 
[INFO] [stdout] 
[INFO] [stdout] error[E0583]: file not found for module `config`
[INFO] [stdout]  --> src/main.rs:8:1
[INFO] [stdout]   |
[INFO] [stdout] 8 | pub mod config;
[INFO] [stdout]   | ^^^^^^^^^^^^^^^
[INFO] [stdout]   |
[INFO] [stdout]   = help: to create the module `config`, create file "src/config.rs" or "src/config/mod.rs"
[INFO] [stdout] 
[INFO] [stdout] 
[INFO] [stdout] error[E0425]: cannot find value `QUIZ_SERVER` in this scope
[INFO] [stdout]   --> src/quiz.rs:22:35
[INFO] [stdout]    |
[INFO] [stdout] 22 |         let server = String::from(QUIZ_SERVER);
[INFO] [stdout]    |                                   ^^^^^^^^^^^ not found in this scope
[INFO] [stdout] 
[INFO] [stdout] 
[INFO] [stdout] error[E0425]: cannot find value `QUIZ_SERVER` in this scope
[INFO] [stdout]    --> src/quiz.rs:199:35
[INFO] [stdout]     |
[INFO] [stdout] 199 |         let server = String::from(QUIZ_SERVER);
[INFO] [stdout]     |                                   ^^^^^^^^^^^ not found in this scope
[INFO] [stdout] 
[INFO] [stdout] 
[INFO] [stdout] error[E0425]: cannot find value `QUIZ_SERVER` in this scope
[INFO] [stdout]    --> src/quiz.rs:237:35
[INFO] [stdout]     |
[INFO] [stdout] 237 |         let server = String::from(QUIZ_SERVER) + "/v1/players/";
[INFO] [stdout]     |                                   ^^^^^^^^^^^ not found in this scope
[INFO] [stdout] 
[INFO] [stdout] 
[INFO] [stdout] error[E0425]: cannot find value `PRIVATE_KEY` in module `super::config`
[INFO] [stdout]   --> src/token.rs:11:34
[INFO] [stdout]    |
[INFO] [stdout] 11 |     hasher.update(super::config::PRIVATE_KEY);
[INFO] [stdout]    |                                  ^^^^^^^^^^^ not found in `super::config`
[INFO] [stdout] 
[INFO] [stdout] 
[INFO] [stdout] error[E0425]: cannot find value `PRIVATE_KEY` in module `super::config`
[INFO] [stdout]   --> src/token.rs:30:34
[INFO] [stdout]    |
[INFO] [stdout] 30 |     hasher.update(super::config::PRIVATE_KEY);
[INFO] [stdout]    |                                  ^^^^^^^^^^^ not found in `super::config`
[INFO] [stdout] 
[INFO] [stdout] 
[INFO] [stdout] warning: unused import: `super::config::*`
[INFO] [stdout]  --> src/quiz.rs:2:5
[INFO] [stdout]   |
[INFO] [stdout] 2 | use super::config::*;
[INFO] [stdout]   |     ^^^^^^^^^^^^^^^^
[INFO] [stdout]   |
[INFO] [stdout]   = note: `#[warn(unused_imports)]` on by default
[INFO] [stdout] 
[INFO] [stdout] 
[INFO] [stdout] error[E0425]: cannot find value `QUIZ_SERVER` in this scope
[INFO] [stdout]   --> src/quiz.rs:22:35
[INFO] [stdout]    |
[INFO] [stdout] 22 |         let server = String::from(QUIZ_SERVER);
[INFO] [stdout]    |                                   ^^^^^^^^^^^ not found in this scope
[INFO] [stdout] 
[INFO] [stdout] 
[INFO] [stdout] error[E0425]: cannot find value `QUIZ_SERVER` in this scope
[INFO] [stdout]    --> src/quiz.rs:199:35
[INFO] [stdout]     |
[INFO] [stdout] 199 |         let server = String::from(QUIZ_SERVER);
[INFO] [stdout]     |                                   ^^^^^^^^^^^ not found in this scope
[INFO] [stdout] 
[INFO] [stdout] 
[INFO] [stdout] error[E0425]: cannot find value `QUIZ_SERVER` in this scope
[INFO] [stdout]    --> src/quiz.rs:237:35
[INFO] [stdout]     |
[INFO] [stdout] 237 |         let server = String::from(QUIZ_SERVER) + "/v1/players/";
[INFO] [stdout]     |                                   ^^^^^^^^^^^ not found in this scope
[INFO] [stdout] 
[INFO] [stdout] 
[INFO] [stdout] error[E0425]: cannot find value `PRIVATE_KEY` in module `super::config`
[INFO] [stdout]   --> src/token.rs:11:34
[INFO] [stdout]    |
[INFO] [stdout] 11 |     hasher.update(super::config::PRIVATE_KEY);
[INFO] [stdout]    |                                  ^^^^^^^^^^^ not found in `super::config`
[INFO] [stdout] 
[INFO] [stdout] 
[INFO] [stdout] error[E0425]: cannot find value `PRIVATE_KEY` in module `super::config`
[INFO] [stdout]   --> src/token.rs:30:34
[INFO] [stdout]    |
[INFO] [stdout] 30 |     hasher.update(super::config::PRIVATE_KEY);
[INFO] [stdout]    |                                  ^^^^^^^^^^^ not found in `super::config`
[INFO] [stdout] 
[INFO] [stdout] 
[INFO] [stdout] warning: unused import: `super::config::*`
[INFO] [stdout]  --> src/quiz.rs:2:5
[INFO] [stdout]   |
[INFO] [stdout] 2 | use super::config::*;
[INFO] [stdout]   |     ^^^^^^^^^^^^^^^^
[INFO] [stdout]   |
[INFO] [stdout]   = note: `#[warn(unused_imports)]` on by default
[INFO] [stdout] 
[INFO] [stdout] 
[INFO] [stdout] error: aborting due to 6 previous errors; 1 warning emitted
[INFO] [stdout] 
[INFO] [stdout] 
[INFO] [stdout] Some errors have detailed explanations: E0425, E0583.
[INFO] [stdout] 
[INFO] [stdout] For more information about an error, try `rustc --explain E0425`.
[INFO] [stdout] 
[INFO] [stderr] error: could not compile `quiz-chatbot-nc` due to 7 previous errors; 1 warning emitted
[INFO] [stderr] warning: build failed, waiting for other jobs to finish...
[INFO] [stdout] error: aborting due to 6 previous errors; 1 warning emitted
[INFO] [stdout] 
[INFO] [stdout] 
[INFO] [stdout] Some errors have detailed explanations: E0425, E0583.
[INFO] [stdout] 
[INFO] [stdout] For more information about an error, try `rustc --explain E0425`.
[INFO] [stdout] 
[INFO] [stderr] error: build failed
[INFO] running `Command { std: "docker" "inspect" "3ce590ac0cab18bb893dd096c22ecc78e650fee4ac966af5bf30dc46b81ee3eb", kill_on_drop: false }`
[INFO] running `Command { std: "docker" "rm" "-f" "3ce590ac0cab18bb893dd096c22ecc78e650fee4ac966af5bf30dc46b81ee3eb", kill_on_drop: false }`
[INFO] [stdout] 3ce590ac0cab18bb893dd096c22ecc78e650fee4ac966af5bf30dc46b81ee3eb
