[INFO] cloning repository https://github.com/XiaoMuIns/helloworld
[INFO] running `Command { std: "git" "-c" "credential.helper=" "-c" "credential.helper=/workspace/cargo-home/bin/git-credential-null" "clone" "--bare" "https://github.com/XiaoMuIns/helloworld" "/workspace/cache/git-repos/https%3A%2F%2Fgithub.com%2FXiaoMuIns%2Fhelloworld", kill_on_drop: false }`
[INFO] [stderr] Cloning into bare repository '/workspace/cache/git-repos/https%3A%2F%2Fgithub.com%2FXiaoMuIns%2Fhelloworld'...
[INFO] running `Command { std: "git" "rev-parse" "HEAD", kill_on_drop: false }`
[INFO] [stdout] d8133e5b073d18e70fddff293108563885ce2fff
[INFO] checking XiaoMuIns/helloworld against beta-2021-10-15 for beta-1.56-3
[INFO] running `Command { std: "git" "clone" "/workspace/cache/git-repos/https%3A%2F%2Fgithub.com%2FXiaoMuIns%2Fhelloworld" "/workspace/builds/worker-51/source", kill_on_drop: false }`
[INFO] [stderr] Cloning into '/workspace/builds/worker-51/source'...
[INFO] [stderr] done.
[INFO] validating manifest of git repo https://github.com/XiaoMuIns/helloworld on toolchain beta-2021-10-15
[INFO] running `Command { std: "/workspace/cargo-home/bin/cargo" "+beta-2021-10-15" "metadata" "--manifest-path" "Cargo.toml" "--no-deps", kill_on_drop: false }`
[INFO] started tweaking git repo https://github.com/XiaoMuIns/helloworld
[INFO] finished tweaking git repo https://github.com/XiaoMuIns/helloworld
[INFO] tweaked toml for git repo https://github.com/XiaoMuIns/helloworld written to /workspace/builds/worker-51/source/Cargo.toml
[INFO] crate git repo https://github.com/XiaoMuIns/helloworld already has a lockfile, it will not be regenerated
[INFO] running `Command { std: "/workspace/cargo-home/bin/cargo" "+beta-2021-10-15" "fetch" "--manifest-path" "Cargo.toml", kill_on_drop: false }`
[INFO] [stderr]     Updating crates.io index
[INFO] running `Command { std: "docker" "create" "-v" "/var/lib/crater-agent-workspace/builds/worker-51/target:/opt/rustwide/target:rw,Z" "-v" "/var/lib/crater-agent-workspace/builds/worker-51/source:/opt/rustwide/workdir:ro,Z" "-v" "/var/lib/crater-agent-workspace/cargo-home:/opt/rustwide/cargo-home:ro,Z" "-v" "/var/lib/crater-agent-workspace/rustup-home:/opt/rustwide/rustup-home:ro,Z" "-e" "SOURCE_DIR=/opt/rustwide/workdir" "-e" "CARGO_TARGET_DIR=/opt/rustwide/target" "-e" "CARGO_HOME=/opt/rustwide/cargo-home" "-e" "RUSTUP_HOME=/opt/rustwide/rustup-home" "-w" "/opt/rustwide/workdir" "-m" "1610612736" "--user" "0:0" "--network" "none" "ghcr.io/rust-lang/crates-build-env/linux@sha256:a89201d6b5b9fd45c15d5952ece0a0129e7e80cb26ec023fd59cf09bc26f1604" "/opt/rustwide/cargo-home/bin/cargo" "+beta-2021-10-15" "metadata" "--no-deps" "--format-version=1", kill_on_drop: false }`
[INFO] [stdout] 86d22e8d28d1ac786e4be5ddc62c08b3e787317dcff9b15805b6cb0122875348
[INFO] running `Command { std: "docker" "start" "-a" "86d22e8d28d1ac786e4be5ddc62c08b3e787317dcff9b15805b6cb0122875348", kill_on_drop: false }`
[INFO] running `Command { std: "docker" "inspect" "86d22e8d28d1ac786e4be5ddc62c08b3e787317dcff9b15805b6cb0122875348", kill_on_drop: false }`
[INFO] running `Command { std: "docker" "rm" "-f" "86d22e8d28d1ac786e4be5ddc62c08b3e787317dcff9b15805b6cb0122875348", kill_on_drop: false }`
[INFO] [stdout] 86d22e8d28d1ac786e4be5ddc62c08b3e787317dcff9b15805b6cb0122875348
[INFO] running `Command { std: "docker" "create" "-v" "/var/lib/crater-agent-workspace/builds/worker-51/target:/opt/rustwide/target:rw,Z" "-v" "/var/lib/crater-agent-workspace/builds/worker-51/source:/opt/rustwide/workdir:ro,Z" "-v" "/var/lib/crater-agent-workspace/cargo-home:/opt/rustwide/cargo-home:ro,Z" "-v" "/var/lib/crater-agent-workspace/rustup-home:/opt/rustwide/rustup-home:ro,Z" "-e" "SOURCE_DIR=/opt/rustwide/workdir" "-e" "CARGO_TARGET_DIR=/opt/rustwide/target" "-e" "CARGO_INCREMENTAL=0" "-e" "RUST_BACKTRACE=full" "-e" "RUSTFLAGS=--cap-lints=warn" "-e" "CARGO_HOME=/opt/rustwide/cargo-home" "-e" "RUSTUP_HOME=/opt/rustwide/rustup-home" "-w" "/opt/rustwide/workdir" "-m" "1610612736" "--user" "0:0" "--network" "none" "ghcr.io/rust-lang/crates-build-env/linux@sha256:a89201d6b5b9fd45c15d5952ece0a0129e7e80cb26ec023fd59cf09bc26f1604" "/opt/rustwide/cargo-home/bin/cargo" "+beta-2021-10-15" "check" "--frozen" "--all" "--all-targets" "--message-format=json", kill_on_drop: false }`
[INFO] [stdout] 1e84159ca093bfa1b273876bcafa77fff2b1dc31b435c20cc22f7dc798d1779f
[INFO] running `Command { std: "docker" "start" "-a" "1e84159ca093bfa1b273876bcafa77fff2b1dc31b435c20cc22f7dc798d1779f", kill_on_drop: false }`
[INFO] [stderr]     Blocking waiting for file lock on package cache
[INFO] [stderr]    Compiling libc v0.2.104
[INFO] [stderr]    Compiling proc-macro2 v1.0.30
[INFO] [stderr]    Compiling futures-core v0.3.17
[INFO] [stderr]    Compiling unicode-xid v0.2.2
[INFO] [stderr]    Compiling syn v1.0.80
[INFO] [stderr]    Compiling memchr v2.4.1
[INFO] [stderr]    Compiling futures-task v0.3.17
[INFO] [stderr]     Checking slab v0.4.5
[INFO] [stderr]     Checking bytes v0.5.6
[INFO] [stderr]     Checking pin-project-lite v0.2.7
[INFO] [stderr]     Checking pin-project-lite v0.1.12
[INFO] [stderr]     Checking itoa v0.4.8
[INFO] [stderr]     Checking futures-sink v0.3.17
[INFO] [stderr]    Compiling futures-channel v0.3.17
[INFO] [stderr]     Checking hashbrown v0.11.2
[INFO] [stderr]    Compiling httparse v1.5.1
[INFO] [stderr]     Checking try-lock v0.2.3
[INFO] [stderr]     Checking httpdate v0.3.2
[INFO] [stderr]     Checking tower-service v0.3.1
[INFO] [stderr]     Checking tracing-core v0.1.21
[INFO] [stderr]    Compiling indexmap v1.7.0
[INFO] [stderr]    Compiling futures-util v0.3.17
[INFO] [stderr]     Checking want v0.3.0
[INFO] [stderr]     Checking http v0.2.5
[INFO] [stderr]     Checking tracing v0.1.29
[INFO] [stderr]    Compiling quote v1.0.10
[INFO] [stderr]     Checking net2 v0.2.37
[INFO] [stderr]     Checking iovec v0.1.4
[INFO] [stderr]     Checking socket2 v0.3.19
[INFO] [stderr]     Checking mio v0.6.23
[INFO] [stderr]     Checking http-body v0.3.1
[INFO] [stderr]     Checking tokio v0.2.25
[INFO] [stderr]    Compiling pin-project-internal v1.0.8
[INFO] [stderr]     Checking tokio-util v0.3.1
[INFO] [stderr]     Checking pin-project v1.0.8
[INFO] [stderr]     Checking tracing-futures v0.2.5
[INFO] [stderr]     Checking h2 v0.2.7
[INFO] [stderr]     Checking hyper v0.13.10
[INFO] [stderr]     Checking helloworld v0.1.0 (/opt/rustwide/workdir)
[INFO] [stdout] error[E0433]: failed to resolve: use of undeclared type `Client`
[INFO] [stdout]   --> src/main.rs:11:18
[INFO] [stdout]    |
[INFO] [stdout] 11 |     let client = Client::new();
[INFO] [stdout]    |                  ^^^^^^ not found in this scope
[INFO] [stdout]    |
[INFO] [stdout] help: consider importing this struct
[INFO] [stdout]    |
[INFO] [stdout] 1  | use hyper::Client;
[INFO] [stdout]    |
[INFO] [stdout] 
[INFO] [stdout] 
[INFO] [stdout] error[E0425]: cannot find value `Ok` in crate `hyper`
[INFO] [stdout]   --> src/main.rs:14:35
[INFO] [stdout]    |
[INFO] [stdout] 14 |     assert_eq!(res.status, hyper::Ok);
[INFO] [stdout]    |                                   ^^ not found in `hyper`
[INFO] [stdout]    |
[INFO] [stdout] help: consider importing one of these items
[INFO] [stdout]    |
[INFO] [stdout] 1  | use core::result::Result::Ok;
[INFO] [stdout]    |
[INFO] [stdout] 1  | use std::result::Result::Ok;
[INFO] [stdout]    |
[INFO] [stdout] 
[INFO] [stdout] 
[INFO] [stderr] error: could not compile `helloworld` due to 3 previous errors
[INFO] [stdout] error: aborting due to 2 previous errors
[INFO] [stdout] 
[INFO] [stdout] 
[INFO] [stderr] warning: build failed, waiting for other jobs to finish...
[INFO] [stdout] Some errors have detailed explanations: E0425, E0433.
[INFO] [stdout] 
[INFO] [stdout] For more information about an error, try `rustc --explain E0425`.
[INFO] [stdout] 
[INFO] [stdout] error[E0433]: failed to resolve: use of undeclared type `Client`
[INFO] [stdout]   --> src/main.rs:11:18
[INFO] [stdout]    |
[INFO] [stdout] 11 |     let client = Client::new();
[INFO] [stdout]    |                  ^^^^^^ not found in this scope
[INFO] [stdout]    |
[INFO] [stdout] help: consider importing this struct
[INFO] [stdout]    |
[INFO] [stdout] 1  | use hyper::Client;
[INFO] [stdout]    |
[INFO] [stdout] 
[INFO] [stdout] 
[INFO] [stdout] error[E0425]: cannot find value `Ok` in crate `hyper`
[INFO] [stdout]   --> src/main.rs:14:35
[INFO] [stdout]    |
[INFO] [stdout] 14 |     assert_eq!(res.status, hyper::Ok);
[INFO] [stdout]    |                                   ^^ not found in `hyper`
[INFO] [stdout]    |
[INFO] [stdout] help: consider importing one of these items
[INFO] [stdout]    |
[INFO] [stdout] 1  | use core::result::Result::Ok;
[INFO] [stdout]    |
[INFO] [stdout] 1  | use std::result::Result::Ok;
[INFO] [stdout]    |
[INFO] [stdout] 
[INFO] [stdout] 
[INFO] [stdout] error: aborting due to 2 previous errors
[INFO] [stdout] 
[INFO] [stdout] 
[INFO] [stdout] Some errors have detailed explanations: E0425, E0433.
[INFO] [stdout] 
[INFO] [stdout] For more information about an error, try `rustc --explain E0425`.
[INFO] [stdout] 
[INFO] [stderr] error: build failed
[INFO] running `Command { std: "docker" "inspect" "1e84159ca093bfa1b273876bcafa77fff2b1dc31b435c20cc22f7dc798d1779f", kill_on_drop: false }`
[INFO] running `Command { std: "docker" "rm" "-f" "1e84159ca093bfa1b273876bcafa77fff2b1dc31b435c20cc22f7dc798d1779f", kill_on_drop: false }`
[INFO] [stdout] 1e84159ca093bfa1b273876bcafa77fff2b1dc31b435c20cc22f7dc798d1779f
