[INFO] cloning repository https://github.com/WilfredC64/acid64c
[INFO] running `Command { std: "git" "-c" "credential.helper=" "-c" "credential.helper=/workspace/cargo-home/bin/git-credential-null" "clone" "--bare" "https://github.com/WilfredC64/acid64c" "/workspace/cache/git-repos/https%3A%2F%2Fgithub.com%2FWilfredC64%2Facid64c", kill_on_drop: false }`
[INFO] [stderr] Cloning into bare repository '/workspace/cache/git-repos/https%3A%2F%2Fgithub.com%2FWilfredC64%2Facid64c'...
[INFO] running `Command { std: "git" "rev-parse" "HEAD", kill_on_drop: false }`
[INFO] [stdout] 8e7699d63cd18174549a2ce099e6f076c89ceb80
[INFO] checking WilfredC64/acid64c against beta-2021-10-15 for beta-1.56-3
[INFO] running `Command { std: "git" "clone" "/workspace/cache/git-repos/https%3A%2F%2Fgithub.com%2FWilfredC64%2Facid64c" "/workspace/builds/worker-2/source", kill_on_drop: false }`
[INFO] [stderr] Cloning into '/workspace/builds/worker-2/source'...
[INFO] [stderr] done.
[INFO] validating manifest of git repo https://github.com/WilfredC64/acid64c on toolchain beta-2021-10-15
[INFO] running `Command { std: "/workspace/cargo-home/bin/cargo" "+beta-2021-10-15" "metadata" "--manifest-path" "Cargo.toml" "--no-deps", kill_on_drop: false }`
[INFO] removed /workspace/builds/worker-2/source/.cargo/config
[INFO] started tweaking git repo https://github.com/WilfredC64/acid64c
[INFO] finished tweaking git repo https://github.com/WilfredC64/acid64c
[INFO] tweaked toml for git repo https://github.com/WilfredC64/acid64c written to /workspace/builds/worker-2/source/Cargo.toml
[INFO] crate git repo https://github.com/WilfredC64/acid64c already has a lockfile, it will not be regenerated
[INFO] running `Command { std: "/workspace/cargo-home/bin/cargo" "+beta-2021-10-15" "fetch" "--manifest-path" "Cargo.toml", kill_on_drop: false }`
[INFO] [stderr]     Blocking waiting for file lock on package cache
[INFO] [stderr]     Blocking waiting for file lock on package cache
[INFO] [stderr]  Downloading crates ...
[INFO] [stderr]   Downloaded num-traits v0.2.14
[INFO] [stderr]   Downloaded signal-hook-registry v1.4.0
[INFO] [stderr]   Downloaded miow v0.3.7
[INFO] [stderr]   Downloaded redox_syscall v0.2.10
[INFO] [stderr]   Downloaded instant v0.1.11
[INFO] [stderr]   Downloaded bitflags v1.3.2
[INFO] [stderr]   Downloaded scopeguard v1.1.0
[INFO] [stderr]   Downloaded lock_api v0.4.5
[INFO] [stderr]   Downloaded autocfg v1.0.1
[INFO] [stderr]   Downloaded wasi v0.10.0+wasi-snapshot-preview1
[INFO] [stderr]   Downloaded cfg-if v1.0.0
[INFO] [stderr]   Downloaded libloading v0.7.1
[INFO] [stderr]   Downloaded c_linked_list v1.1.1
[INFO] [stderr]   Downloaded crossterm_winapi v0.8.0
[INFO] [stderr]   Downloaded encoding_index_tests v0.1.4
[INFO] [stderr]   Downloaded parking_lot_core v0.8.5
[INFO] [stderr]   Downloaded smallvec v1.7.0
[INFO] [stderr]   Downloaded encoding-index-singlebyte v1.20141219.5
[INFO] [stderr]   Downloaded crossterm v0.21.0
[INFO] [stderr]   Downloaded encoding-index-korean v1.20141219.5
[INFO] [stderr]   Downloaded encoding-index-simpchinese v1.20141219.5
[INFO] [stderr]   Downloaded encoding v0.2.33
[INFO] [stderr]   Downloaded libc v0.2.103
[INFO] [stderr]   Downloaded winapi v0.3.9
[INFO] [stderr]   Downloaded mio v0.7.13
[INFO] [stderr]   Downloaded timer v0.2.0
[INFO] [stderr]   Downloaded gcc v0.3.55
[INFO] [stderr]   Downloaded chrono v0.4.19
[INFO] [stderr]   Downloaded get_if_addrs-sys v0.1.1
[INFO] [stderr]   Downloaded get_if_addrs v0.5.3
[INFO] [stderr]   Downloaded num-integer v0.1.44
[INFO] [stderr]   Downloaded time v0.1.44
[INFO] [stderr]   Downloaded encoding-index-tradchinese v1.20141219.5
[INFO] [stderr]   Downloaded ntapi v0.3.6
[INFO] [stderr]   Downloaded parking_lot v0.11.2
[INFO] [stderr]   Downloaded log v0.4.14
[INFO] [stderr]   Downloaded encoding-index-japanese v1.20141219.5
[INFO] [stderr]   Downloaded signal-hook v0.3.10
[INFO] [stderr]   Downloaded signal-hook-mio v0.2.1
[INFO] running `Command { std: "docker" "create" "-v" "/var/lib/crater-agent-workspace/builds/worker-2/target:/opt/rustwide/target:rw,Z" "-v" "/var/lib/crater-agent-workspace/builds/worker-2/source:/opt/rustwide/workdir:ro,Z" "-v" "/var/lib/crater-agent-workspace/cargo-home:/opt/rustwide/cargo-home:ro,Z" "-v" "/var/lib/crater-agent-workspace/rustup-home:/opt/rustwide/rustup-home:ro,Z" "-e" "SOURCE_DIR=/opt/rustwide/workdir" "-e" "CARGO_TARGET_DIR=/opt/rustwide/target" "-e" "CARGO_HOME=/opt/rustwide/cargo-home" "-e" "RUSTUP_HOME=/opt/rustwide/rustup-home" "-w" "/opt/rustwide/workdir" "-m" "1610612736" "--user" "0:0" "--network" "none" "ghcr.io/rust-lang/crates-build-env/linux@sha256:a89201d6b5b9fd45c15d5952ece0a0129e7e80cb26ec023fd59cf09bc26f1604" "/opt/rustwide/cargo-home/bin/cargo" "+beta-2021-10-15" "metadata" "--no-deps" "--format-version=1", kill_on_drop: false }`
[INFO] [stdout] 7651b1edc510509d9db9945163a111ae740b16db68a3ceff9508cbcf2b7a2a36
[INFO] [stderr] WARNING: Your kernel does not support swap limit capabilities or the cgroup is not mounted. Memory limited without swap.
[INFO] running `Command { std: "docker" "start" "-a" "7651b1edc510509d9db9945163a111ae740b16db68a3ceff9508cbcf2b7a2a36", kill_on_drop: false }`
[INFO] running `Command { std: "docker" "inspect" "7651b1edc510509d9db9945163a111ae740b16db68a3ceff9508cbcf2b7a2a36", kill_on_drop: false }`
[INFO] running `Command { std: "docker" "rm" "-f" "7651b1edc510509d9db9945163a111ae740b16db68a3ceff9508cbcf2b7a2a36", kill_on_drop: false }`
[INFO] [stdout] 7651b1edc510509d9db9945163a111ae740b16db68a3ceff9508cbcf2b7a2a36
[INFO] running `Command { std: "docker" "create" "-v" "/var/lib/crater-agent-workspace/builds/worker-2/target:/opt/rustwide/target:rw,Z" "-v" "/var/lib/crater-agent-workspace/builds/worker-2/source:/opt/rustwide/workdir:ro,Z" "-v" "/var/lib/crater-agent-workspace/cargo-home:/opt/rustwide/cargo-home:ro,Z" "-v" "/var/lib/crater-agent-workspace/rustup-home:/opt/rustwide/rustup-home:ro,Z" "-e" "SOURCE_DIR=/opt/rustwide/workdir" "-e" "CARGO_TARGET_DIR=/opt/rustwide/target" "-e" "CARGO_INCREMENTAL=0" "-e" "RUST_BACKTRACE=full" "-e" "RUSTFLAGS=--cap-lints=warn" "-e" "CARGO_HOME=/opt/rustwide/cargo-home" "-e" "RUSTUP_HOME=/opt/rustwide/rustup-home" "-w" "/opt/rustwide/workdir" "-m" "1610612736" "--user" "0:0" "--network" "none" "ghcr.io/rust-lang/crates-build-env/linux@sha256:a89201d6b5b9fd45c15d5952ece0a0129e7e80cb26ec023fd59cf09bc26f1604" "/opt/rustwide/cargo-home/bin/cargo" "+beta-2021-10-15" "check" "--frozen" "--all" "--all-targets" "--message-format=json", kill_on_drop: false }`
[INFO] [stdout] 9e44a31abfc71e129b028ef4211567f93c026f6135fb6a97aa4c8da6744b3453
[INFO] [stderr] WARNING: Your kernel does not support swap limit capabilities or the cgroup is not mounted. Memory limited without swap.
[INFO] running `Command { std: "docker" "start" "-a" "9e44a31abfc71e129b028ef4211567f93c026f6135fb6a97aa4c8da6744b3453", kill_on_drop: false }`
[INFO] [stderr]     Blocking waiting for file lock on package cache
[INFO] [stderr]    Compiling acid64c v1.0.5 (/opt/rustwide/workdir)
[INFO] [stderr]     Checking libloading v0.7.1
[INFO] [stderr]     Checking signal-hook-registry v1.4.0
[INFO] [stderr]     Checking time v0.1.44
[INFO] [stderr]     Checking parking_lot_core v0.8.5
[INFO] [stderr]     Checking get_if_addrs v0.5.3
[INFO] [stderr]     Checking mio v0.7.13
[INFO] [stderr]     Checking signal-hook v0.3.10
[INFO] [stderr]     Checking parking_lot v0.11.2
[INFO] [stderr]     Checking chrono v0.4.19
[INFO] [stderr]     Checking signal-hook-mio v0.2.1
[INFO] [stderr]     Checking crossterm v0.21.0
[INFO] [stderr]     Checking timer v0.2.0
[INFO] [stdout] error[E0432]: unresolved import `self::acid64_library::Acid64Library`
[INFO] [stdout]   --> src/player.rs:18:5
[INFO] [stdout]    |
[INFO] [stdout] 18 | use self::acid64_library::Acid64Library;
[INFO] [stdout]    |     ^^^^^^^^^^^^^^^^^^^^^^^^^^^^^^^^^^^ no `Acid64Library` in `player::acid64_library`
[INFO] [stdout] 
[INFO] [stdout] 
[INFO] [stdout] error[E0432]: unresolved import `self::acid64_library::Acid64Library`
[INFO] [stdout]   --> src/player.rs:18:5
[INFO] [stdout]    |
[INFO] [stdout] 18 | use self::acid64_library::Acid64Library;
[INFO] [stdout]    |     ^^^^^^^^^^^^^^^^^^^^^^^^^^^^^^^^^^^ no `Acid64Library` in `player::acid64_library`
[INFO] [stdout] 
[INFO] [stdout] 
[INFO] [stdout] error[E0433]: failed to resolve: use of undeclared type `Acid64Library`
[INFO] [stdout]   --> src/player/acid64_library.rs:28:12
[INFO] [stdout]    |
[INFO] [stdout] 28 |         Ok(Acid64Library::new(a64lib.unwrap()))
[INFO] [stdout]    |            ^^^^^^^^^^^^^ use of undeclared type `Acid64Library`
[INFO] [stdout] 
[INFO] [stdout] 
[INFO] [stdout] error[E0433]: failed to resolve: use of undeclared type `Acid64Library`
[INFO] [stdout]   --> src/player/acid64_library.rs:28:12
[INFO] [stdout]    |
[INFO] [stdout] 28 |         Ok(Acid64Library::new(a64lib.unwrap()))
[INFO] [stdout]    |            ^^^^^^^^^^^^^ use of undeclared type `Acid64Library`
[INFO] [stdout] 
[INFO] [stdout] 
[INFO] [stdout] error[E0412]: cannot find type `Acid64Library` in this scope
[INFO] [stdout]   --> src/player/acid64_library.rs:16:6
[INFO] [stdout]    |
[INFO] [stdout] 16 | impl Acid64Library {
[INFO] [stdout]    |      ^^^^^^^^^^^^^ not found in this scope
[INFO] [stdout] 
[INFO] [stdout] 
[INFO] [stdout] error[E0412]: cannot find type `Acid64Library` in this scope
[INFO] [stdout]   --> src/player/acid64_library.rs:17:32
[INFO] [stdout]    |
[INFO] [stdout] 17 |     fn new(a64lib: Library) -> Acid64Library {
[INFO] [stdout]    |                                ^^^^^^^^^^^^^ not found in this scope
[INFO] [stdout] 
[INFO] [stdout] 
[INFO] [stdout] error[E0422]: cannot find struct, variant or union type `Acid64Library` in this scope
[INFO] [stdout]   --> src/player/acid64_library.rs:18:9
[INFO] [stdout]    |
[INFO] [stdout] 18 |         Acid64Library {
[INFO] [stdout]    |         ^^^^^^^^^^^^^ not found in this scope
[INFO] [stdout] 
[INFO] [stdout] 
[INFO] [stdout] error[E0412]: cannot find type `Acid64Library` in this scope
[INFO] [stdout]   --> src/player/acid64_library.rs:23:29
[INFO] [stdout]    |
[INFO] [stdout] 16 | impl Acid64Library {
[INFO] [stdout]    |     - help: you might be missing a type parameter: `<Acid64Library>`
[INFO] [stdout] ...
[INFO] [stdout] 23 |     pub fn load() -> Result<Acid64Library, String> {
[INFO] [stdout]    |                             ^^^^^^^^^^^^^ not found in this scope
[INFO] [stdout] 
[INFO] [stdout] 
[INFO] [stdout] error[E0412]: cannot find type `Acid64Library` in this scope
[INFO] [stdout]   --> src/player/acid64_library.rs:16:6
[INFO] [stdout]    |
[INFO] [stdout] 16 | impl Acid64Library {
[INFO] [stdout]    |      ^^^^^^^^^^^^^ not found in this scope
[INFO] [stdout] 
[INFO] [stdout] 
[INFO] [stdout] error[E0412]: cannot find type `Acid64Library` in this scope
[INFO] [stdout]   --> src/player/acid64_library.rs:17:32
[INFO] [stdout]    |
[INFO] [stdout] 17 |     fn new(a64lib: Library) -> Acid64Library {
[INFO] [stdout]    |                                ^^^^^^^^^^^^^ not found in this scope
[INFO] [stdout] 
[INFO] [stdout] 
[INFO] [stdout] error[E0422]: cannot find struct, variant or union type `Acid64Library` in this scope
[INFO] [stdout]   --> src/player/acid64_library.rs:18:9
[INFO] [stdout]    |
[INFO] [stdout] 18 |         Acid64Library {
[INFO] [stdout]    |         ^^^^^^^^^^^^^ not found in this scope
[INFO] [stdout] 
[INFO] [stdout] 
[INFO] [stdout] error[E0412]: cannot find type `Acid64Library` in this scope
[INFO] [stdout]   --> src/player/acid64_library.rs:23:29
[INFO] [stdout]    |
[INFO] [stdout] 16 | impl Acid64Library {
[INFO] [stdout]    |     - help: you might be missing a type parameter: `<Acid64Library>`
[INFO] [stdout] ...
[INFO] [stdout] 23 |     pub fn load() -> Result<Acid64Library, String> {
[INFO] [stdout]    |                             ^^^^^^^^^^^^^ not found in this scope
[INFO] [stdout] 
[INFO] [stdout] 
[INFO] [stdout] error: aborting due to 6 previous errors
[INFO] [stdout] 
[INFO] [stdout] 
[INFO] [stdout] Some errors have detailed explanations: E0412, E0422, E0432, E0433.
[INFO] [stdout] 
[INFO] [stdout] For more information about an error, try `rustc --explain E0412`.
[INFO] [stdout] 
[INFO] [stdout] error: aborting due to 6 previous errors
[INFO] [stdout] 
[INFO] [stdout] 
[INFO] [stdout] Some errors have detailed explanations: E0412, E0422, E0432, E0433.
[INFO] [stdout] 
[INFO] [stdout] For more information about an error, try `rustc --explain E0412`.
[INFO] [stdout] 
[INFO] [stderr] error: could not compile `acid64c` due to 7 previous errors
[INFO] [stderr] warning: build failed, waiting for other jobs to finish...
[INFO] [stderr] error: build failed
[INFO] running `Command { std: "docker" "inspect" "9e44a31abfc71e129b028ef4211567f93c026f6135fb6a97aa4c8da6744b3453", kill_on_drop: false }`
[INFO] running `Command { std: "docker" "rm" "-f" "9e44a31abfc71e129b028ef4211567f93c026f6135fb6a97aa4c8da6744b3453", kill_on_drop: false }`
[INFO] [stdout] 9e44a31abfc71e129b028ef4211567f93c026f6135fb6a97aa4c8da6744b3453
