[INFO] cloning repository https://github.com/WhySyntax/tanks
[INFO] running `Command { std: "git" "-c" "credential.helper=" "-c" "credential.helper=/workspace/cargo-home/bin/git-credential-null" "clone" "--bare" "https://github.com/WhySyntax/tanks" "/workspace/cache/git-repos/https%3A%2F%2Fgithub.com%2FWhySyntax%2Ftanks", kill_on_drop: false }`
[INFO] [stderr] Cloning into bare repository '/workspace/cache/git-repos/https%3A%2F%2Fgithub.com%2FWhySyntax%2Ftanks'...
[INFO] running `Command { std: "git" "rev-parse" "HEAD", kill_on_drop: false }`
[INFO] [stdout] 3e22b8555971018b888b595ac03b9e4b2309ba75
[INFO] checking WhySyntax/tanks against beta-2021-10-15 for beta-1.56-3
[INFO] running `Command { std: "git" "clone" "/workspace/cache/git-repos/https%3A%2F%2Fgithub.com%2FWhySyntax%2Ftanks" "/workspace/builds/worker-8/source", kill_on_drop: false }`
[INFO] [stderr] Cloning into '/workspace/builds/worker-8/source'...
[INFO] [stderr] done.
[INFO] validating manifest of git repo https://github.com/WhySyntax/tanks on toolchain beta-2021-10-15
[INFO] running `Command { std: "/workspace/cargo-home/bin/cargo" "+beta-2021-10-15" "metadata" "--manifest-path" "Cargo.toml" "--no-deps", kill_on_drop: false }`
[INFO] started tweaking git repo https://github.com/WhySyntax/tanks
[INFO] finished tweaking git repo https://github.com/WhySyntax/tanks
[INFO] tweaked toml for git repo https://github.com/WhySyntax/tanks written to /workspace/builds/worker-8/source/Cargo.toml
[INFO] crate git repo https://github.com/WhySyntax/tanks already has a lockfile, it will not be regenerated
[INFO] running `Command { std: "/workspace/cargo-home/bin/cargo" "+beta-2021-10-15" "fetch" "--manifest-path" "Cargo.toml", kill_on_drop: false }`
[INFO] [stderr]  Downloading crates ...
[INFO] [stderr]   Downloaded derivative v2.2.0
[INFO] [stderr]   Downloaded linked-hash-map v0.5.4
[INFO] [stderr]   Downloaded ndk-glue v0.1.0
[INFO] [stderr]   Downloaded jni-sys v0.3.0
[INFO] [stderr]   Downloaded num_enum_derive v0.4.3
[INFO] [stderr]   Downloaded ndk v0.1.0
[INFO] [stderr]   Downloaded smithay-client-toolkit v0.6.6
[INFO] [stderr]   Downloaded num_enum v0.4.3
[INFO] [stderr]   Downloaded proc-macro-crate v0.1.5
[INFO] [stderr]   Downloaded cc v1.0.68
[INFO] [stderr]   Downloaded adler32 v1.2.0
[INFO] [stderr]   Downloaded typenum v1.13.0
[INFO] [stderr]   Downloaded rayon v1.5.1
[INFO] [stderr]   Downloaded color_quant v1.1.0
[INFO] [stderr]   Downloaded crossbeam-channel v0.5.1
[INFO] [stderr]   Downloaded memoffset v0.6.4
[INFO] [stderr]   Downloaded crossbeam-deque v0.8.0
[INFO] [stderr]   Downloaded num-iter v0.1.42
[INFO] [stderr]   Downloaded crossbeam-epoch v0.9.5
[INFO] [stderr]   Downloaded android_log-sys v0.1.2
[INFO] [stderr]   Downloaded matrixmultiply v0.2.4
[INFO] [stderr]   Downloaded glutin_egl_sys v0.1.5
[INFO] [stderr]   Downloaded nix v0.15.0
[INFO] [stderr]   Downloaded glutin v0.24.1
[INFO] [stderr]   Downloaded mach v0.2.3
[INFO] [stderr]   Downloaded object v0.25.3
[INFO] [stderr]   Downloaded gfx_device_gl v0.16.2
[INFO] [stderr]   Downloaded gfx_gl v0.6.1
[INFO] [stderr]   Downloaded gfx_core v0.9.2
[INFO] [stderr]   Downloaded addr2line v0.15.2
[INFO] [stderr]   Downloaded memchr v2.4.0
[INFO] [stderr]   Downloaded jpeg-decoder v0.1.22
[INFO] [stderr]   Downloaded wasm-bindgen-backend v0.2.74
[INFO] [stderr]   Downloaded wasm-bindgen-shared v0.2.74
[INFO] [stderr]   Downloaded wasm-bindgen-macro-support v0.2.74
[INFO] [stderr]   Downloaded glyph_brush v0.5.4
[INFO] [stderr]   Downloaded libudev-sys v0.1.4
[INFO] [stderr]   Downloaded wasm-bindgen-macro v0.2.74
[INFO] [stderr]   Downloaded glutin_gles2_sys v0.1.5
[INFO] [stderr]   Downloaded euclid v0.19.9
[INFO] [stderr]   Downloaded khronos_api v3.1.0
[INFO] [stderr]   Downloaded io-kit-sys v0.1.0
[INFO] [stderr]   Downloaded libm v0.1.4
[INFO] [stderr]   Downloaded twox-hash v1.6.0
[INFO] [stderr]   Downloaded rustc-demangle v0.1.20
[INFO] [stderr]   Downloaded core-video-sys v0.1.4
[INFO] [stderr]   Downloaded cgl v0.3.2
[INFO] [stderr]   Downloaded core-graphics v0.19.2
[INFO] [stderr]   Downloaded backtrace v0.3.60
[INFO] [stderr]   Downloaded xi-unicode v0.2.1
[INFO] [stderr]   Downloaded gfx_glyph v0.15.0
[INFO] [stderr]   Downloaded gfx v0.18.2
[INFO] [stderr]   Downloaded draw_state v0.8.0
[INFO] [stderr]   Downloaded gl_generator v0.14.0
[INFO] [stderr]   Downloaded rusty-xinput v1.2.0
[INFO] [stderr]   Downloaded gilrs-core v0.2.6
[INFO] [stderr]   Downloaded euclid_macros v0.1.0
[INFO] [stderr]   Downloaded glutin_emscripten_sys v0.1.1
[INFO] [stderr]   Downloaded lyon_path v0.13.2
[INFO] [stderr]   Downloaded glutin_glx_sys v0.1.7
[INFO] [stderr]   Downloaded glutin_wgl_sys v0.1.5
[INFO] [stderr]   Downloaded wasm-bindgen v0.2.74
[INFO] [stderr]   Downloaded gilrs v0.7.4
[INFO] [stderr]   Downloaded nalgebra v0.18.1
[INFO] [stderr]   Downloaded wayland-protocols v0.23.6
[INFO] [stderr]   Downloaded wayland-sys v0.23.6
[INFO] [stderr]   Downloaded winit v0.22.2
[INFO] [stderr]   Downloaded sid v0.5.2
[INFO] [stderr]   Downloaded coffee v0.4.1
[INFO] [stderr]   Downloaded stretch v0.2.2
[INFO] [stderr]   Downloaded cocoa v0.20.2
[INFO] [stderr]   Downloaded lyon_geom v0.12.7
[INFO] [stderr]   Downloaded lyon_tessellation v0.13.5
[INFO] [stderr]   Downloaded wayland-client v0.23.6
[INFO] [stderr]   Downloaded ndk-sys v0.1.0
[INFO] [stderr]   Downloaded rayon-core v1.9.1
[INFO] [stderr]   Downloaded dispatch v0.2.0
[INFO] [stderr]   Downloaded syn v1.0.73
[INFO] [stderr]   Downloaded ordered-float v1.1.1
[INFO] [stderr]   Downloaded libloading v0.6.7
[INFO] [stderr]   Downloaded mio-extras v2.0.6
[INFO] [stderr]   Downloaded wayland-commons v0.23.6
[INFO] [stderr]   Downloaded wayland-scanner v0.23.6
[INFO] [stderr]   Downloaded lazycell v1.3.0
[INFO] [stderr]   Downloaded downcast-rs v1.2.0
[INFO] [stderr]   Downloaded calloop v0.4.4
[INFO] running `Command { std: "docker" "create" "-v" "/var/lib/crater-agent-workspace/builds/worker-8/target:/opt/rustwide/target:rw,Z" "-v" "/var/lib/crater-agent-workspace/builds/worker-8/source:/opt/rustwide/workdir:ro,Z" "-v" "/var/lib/crater-agent-workspace/cargo-home:/opt/rustwide/cargo-home:ro,Z" "-v" "/var/lib/crater-agent-workspace/rustup-home:/opt/rustwide/rustup-home:ro,Z" "-e" "SOURCE_DIR=/opt/rustwide/workdir" "-e" "CARGO_TARGET_DIR=/opt/rustwide/target" "-e" "CARGO_HOME=/opt/rustwide/cargo-home" "-e" "RUSTUP_HOME=/opt/rustwide/rustup-home" "-w" "/opt/rustwide/workdir" "-m" "1610612736" "--user" "0:0" "--network" "none" "ghcr.io/rust-lang/crates-build-env/linux@sha256:a89201d6b5b9fd45c15d5952ece0a0129e7e80cb26ec023fd59cf09bc26f1604" "/opt/rustwide/cargo-home/bin/cargo" "+beta-2021-10-15" "metadata" "--no-deps" "--format-version=1", kill_on_drop: false }`
[INFO] [stdout] 6a3bc4342173d4a7a78930d826385b272c4aa4cdf8254fe2707ce46cd3facf7a
[INFO] [stderr] WARNING: Your kernel does not support swap limit capabilities or the cgroup is not mounted. Memory limited without swap.
[INFO] running `Command { std: "docker" "start" "-a" "6a3bc4342173d4a7a78930d826385b272c4aa4cdf8254fe2707ce46cd3facf7a", kill_on_drop: false }`
[INFO] running `Command { std: "docker" "inspect" "6a3bc4342173d4a7a78930d826385b272c4aa4cdf8254fe2707ce46cd3facf7a", kill_on_drop: false }`
[INFO] running `Command { std: "docker" "rm" "-f" "6a3bc4342173d4a7a78930d826385b272c4aa4cdf8254fe2707ce46cd3facf7a", kill_on_drop: false }`
[INFO] [stdout] 6a3bc4342173d4a7a78930d826385b272c4aa4cdf8254fe2707ce46cd3facf7a
[INFO] running `Command { std: "docker" "create" "-v" "/var/lib/crater-agent-workspace/builds/worker-8/target:/opt/rustwide/target:rw,Z" "-v" "/var/lib/crater-agent-workspace/builds/worker-8/source:/opt/rustwide/workdir:ro,Z" "-v" "/var/lib/crater-agent-workspace/cargo-home:/opt/rustwide/cargo-home:ro,Z" "-v" "/var/lib/crater-agent-workspace/rustup-home:/opt/rustwide/rustup-home:ro,Z" "-e" "SOURCE_DIR=/opt/rustwide/workdir" "-e" "CARGO_TARGET_DIR=/opt/rustwide/target" "-e" "CARGO_INCREMENTAL=0" "-e" "RUST_BACKTRACE=full" "-e" "RUSTFLAGS=--cap-lints=warn" "-e" "CARGO_HOME=/opt/rustwide/cargo-home" "-e" "RUSTUP_HOME=/opt/rustwide/rustup-home" "-w" "/opt/rustwide/workdir" "-m" "1610612736" "--user" "0:0" "--network" "none" "ghcr.io/rust-lang/crates-build-env/linux@sha256:a89201d6b5b9fd45c15d5952ece0a0129e7e80cb26ec023fd59cf09bc26f1604" "/opt/rustwide/cargo-home/bin/cargo" "+beta-2021-10-15" "check" "--frozen" "--all" "--all-targets" "--message-format=json", kill_on_drop: false }`
[INFO] [stdout] aaaf860da743d789b0e837abd8b4af22049833a3a997db70973564cdcf448b8d
[INFO] [stderr] WARNING: Your kernel does not support swap limit capabilities or the cgroup is not mounted. Memory limited without swap.
[INFO] running `Command { std: "docker" "start" "-a" "aaaf860da743d789b0e837abd8b4af22049833a3a997db70973564cdcf448b8d", kill_on_drop: false }`
[INFO] [stderr]    Compiling syn v0.15.44
[INFO] [stderr]    Compiling arrayvec v0.4.12
[INFO] [stderr]     Checking xi-unicode v0.2.1
[INFO] [stderr]    Compiling nix v0.15.0
[INFO] [stderr]    Compiling coffee v0.4.1
[INFO] [stderr]    Compiling num-traits v0.2.14
[INFO] [stderr]     Checking stb_truetype v0.3.1
[INFO] [stderr]    Compiling rand v0.6.5
[INFO] [stderr]    Compiling backtrace v0.3.60
[INFO] [stderr]    Compiling libloading v0.5.2
[INFO] [stderr]     Checking deflate v0.7.20
[INFO] [stderr]     Checking matrixmultiply v0.2.4
[INFO] [stderr]     Checking num_cpus v1.13.0
[INFO] [stderr]     Checking net2 v0.2.37
[INFO] [stderr]     Checking iovec v0.1.4
[INFO] [stderr]     Checking getrandom v0.1.16
[INFO] [stderr]     Checking parking_lot_core v0.7.2
[INFO] [stderr]     Checking memmap v0.7.0
[INFO] [stderr]     Checking rand_os v0.1.3
[INFO] [stderr]     Checking shared_library v0.1.9
[INFO] [stderr]     Checking raw-window-handle v0.3.3
[INFO] [stderr]     Checking nix v0.14.1
[INFO] [stderr]     Checking wayland-sys v0.23.6
[INFO] [stderr]     Checking x11-dl v2.18.5
[INFO] [stderr]     Checking libudev-sys v0.1.4
[INFO] [stderr]     Checking object v0.25.3
[INFO] [stderr]     Checking stretch v0.2.2
[INFO] [stderr]     Checking rand_core v0.5.1
[INFO] [stderr]     Checking mio v0.6.23
[INFO] [stderr]     Checking parking_lot v0.10.2
[INFO] [stderr]     Checking rayon-core v1.9.1
[INFO] [stderr]     Checking osmesa-sys v0.1.2
[INFO] [stderr]     Checking rand_chacha v0.2.2
[INFO] [stderr]     Checking rand v0.7.3
[INFO] [stderr]     Checking mio-extras v2.0.6
[INFO] [stderr]     Checking rayon v1.5.1
[INFO] [stderr]     Checking twox-hash v1.6.0
[INFO] [stderr]     Checking approx v0.3.2
[INFO] [stderr]     Checking ordered-float v1.1.1
[INFO] [stderr]     Checking num-integer v0.1.44
[INFO] [stderr]     Checking line_drawing v0.7.0
[INFO] [stderr]     Checking num-complex v0.2.4
[INFO] [stderr]     Checking num-traits v0.1.43
[INFO] [stderr]     Checking sid v0.5.2
[INFO] [stderr]     Checking rusttype v0.8.3
[INFO] [stderr]     Checking num-rational v0.2.4
[INFO] [stderr]     Checking num-iter v0.1.42
[INFO] [stderr]     Checking glutin_glx_sys v0.1.7
[INFO] [stderr]     Checking alga v0.9.3
[INFO] [stderr]     Checking png v0.14.1
[INFO] [stderr]     Checking calloop v0.4.4
[INFO] [stderr]     Checking wayland-commons v0.23.6
[INFO] [stderr]     Checking rusttype v0.7.9
[INFO] [stderr]     Checking glyph_brush_layout v0.1.9
[INFO] [stderr]     Checking andrew v0.2.1
[INFO] [stderr]     Checking glyph_brush v0.6.3
[INFO] [stderr]    Compiling euclid_macros v0.1.0
[INFO] [stderr]    Compiling num-derive v0.2.5
[INFO] [stderr]     Checking nalgebra v0.18.1
[INFO] [stderr]     Checking wayland-client v0.23.6
[INFO] [stderr]     Checking glyph_brush v0.5.4
[INFO] [stderr]     Checking jpeg-decoder v0.1.22
[INFO] [stderr]     Checking gilrs-core v0.2.6
[INFO] [stderr]     Checking gfx_glyph v0.15.0
[INFO] [stderr]     Checking gilrs v0.7.4
[INFO] [stderr]     Checking euclid v0.19.9
[INFO] [stderr]     Checking wayland-protocols v0.23.6
[INFO] [stderr]     Checking lyon_geom v0.12.7
[INFO] [stderr]     Checking tiff v0.2.2
[INFO] [stderr]     Checking image v0.21.3
[INFO] [stderr]     Checking lyon_path v0.13.2
[INFO] [stderr]     Checking lyon_tessellation v0.13.5
[INFO] [stderr]     Checking smithay-client-toolkit v0.6.6
[INFO] [stderr]     Checking winit v0.22.2
[INFO] [stderr]     Checking glutin v0.24.1
[INFO] [stderr]     Checking tanks v0.1.0 (/opt/rustwide/workdir)
[INFO] [stdout] error[E0432]: unresolved imports `crate::objects::Bullets`, `crate::objects::Obstacles`
[INFO] [stdout]  --> src/tanks.rs:1:22
[INFO] [stdout]   |
[INFO] [stdout] 1 | use crate::objects::{Bullets, Obstacles};
[INFO] [stdout]   |                      ^^^^^^^  ^^^^^^^^^ no `Obstacles` in `objects`
[INFO] [stdout]   |                      |
[INFO] [stdout]   |                      no `Bullets` in `objects`
[INFO] [stdout] 
[INFO] [stdout] 
[INFO] [stdout] error[E0432]: unresolved imports `crate::objects::Bullets`, `crate::objects::Obstacles`
[INFO] [stdout]   --> src/main.rs:10:22
[INFO] [stdout]    |
[INFO] [stdout] 10 | use crate::objects::{Bullets,Obstacles};
[INFO] [stdout]    |                      ^^^^^^^ ^^^^^^^^^ no `Obstacles` in `objects`
[INFO] [stdout]    |                      |
[INFO] [stdout]    |                      no `Bullets` in `objects`
[INFO] [stdout] 
[INFO] [stdout] 
[INFO] [stdout] warning: unused import: `coffee::ui::ProgressBar`
[INFO] [stdout]   --> src/main.rs:13:5
[INFO] [stdout]    |
[INFO] [stdout] 13 | use coffee::ui::ProgressBar;
[INFO] [stdout]    |     ^^^^^^^^^^^^^^^^^^^^^^^
[INFO] [stdout]    |
[INFO] [stdout]    = note: `#[warn(unused_imports)]` on by default
[INFO] [stdout] 
[INFO] [stdout] 
[INFO] [stdout] error[E0432]: unresolved imports `crate::objects::Bullets`, `crate::objects::Obstacles`
[INFO] [stdout]  --> src/tanks.rs:1:22
[INFO] [stdout]   |
[INFO] [stdout] 1 | use crate::objects::{Bullets, Obstacles};
[INFO] [stdout]   |                      ^^^^^^^  ^^^^^^^^^ no `Obstacles` in `objects`
[INFO] [stdout]   |                      |
[INFO] [stdout]   |                      no `Bullets` in `objects`
[INFO] [stdout] 
[INFO] [stdout] 
[INFO] [stdout] error[E0432]: unresolved imports `crate::objects::Bullets`, `crate::objects::Obstacles`
[INFO] [stdout]   --> src/main.rs:10:22
[INFO] [stdout]    |
[INFO] [stdout] 10 | use crate::objects::{Bullets,Obstacles};
[INFO] [stdout]    |                      ^^^^^^^ ^^^^^^^^^ no `Obstacles` in `objects`
[INFO] [stdout]    |                      |
[INFO] [stdout]    |                      no `Bullets` in `objects`
[INFO] [stdout] 
[INFO] [stdout] 
[INFO] [stdout] warning: unused import: `coffee::ui::ProgressBar`
[INFO] [stdout]   --> src/main.rs:13:5
[INFO] [stdout]    |
[INFO] [stdout] 13 | use coffee::ui::ProgressBar;
[INFO] [stdout]    |     ^^^^^^^^^^^^^^^^^^^^^^^
[INFO] [stdout]    |
[INFO] [stdout]    = note: `#[warn(unused_imports)]` on by default
[INFO] [stdout] 
[INFO] [stdout] 
[INFO] [stdout] error: aborting due to 2 previous errors; 1 warning emitted
[INFO] [stdout] 
[INFO] [stdout] 
[INFO] [stdout] For more information about this error, try `rustc --explain E0432`.
[INFO] [stdout] 
[INFO] [stderr] error: could not compile `tanks` due to 3 previous errors; 1 warning emitted
[INFO] [stderr] warning: build failed, waiting for other jobs to finish...
[INFO] [stdout] error: aborting due to 2 previous errors; 1 warning emitted
[INFO] [stdout] 
[INFO] [stdout] 
[INFO] [stdout] For more information about this error, try `rustc --explain E0432`.
[INFO] [stdout] 
[INFO] [stderr] error: build failed
[INFO] running `Command { std: "docker" "inspect" "aaaf860da743d789b0e837abd8b4af22049833a3a997db70973564cdcf448b8d", kill_on_drop: false }`
[INFO] running `Command { std: "docker" "rm" "-f" "aaaf860da743d789b0e837abd8b4af22049833a3a997db70973564cdcf448b8d", kill_on_drop: false }`
[INFO] [stdout] aaaf860da743d789b0e837abd8b4af22049833a3a997db70973564cdcf448b8d
