[INFO] cloning repository https://github.com/VictorKoenders/pim_stm32
[INFO] running `Command { std: "git" "-c" "credential.helper=" "-c" "credential.helper=/workspace/cargo-home/bin/git-credential-null" "clone" "--bare" "https://github.com/VictorKoenders/pim_stm32" "/workspace/cache/git-repos/https%3A%2F%2Fgithub.com%2FVictorKoenders%2Fpim_stm32", kill_on_drop: false }`
[INFO] [stderr] Cloning into bare repository '/workspace/cache/git-repos/https%3A%2F%2Fgithub.com%2FVictorKoenders%2Fpim_stm32'...
[INFO] running `Command { std: "git" "rev-parse" "HEAD", kill_on_drop: false }`
[INFO] [stdout] 9b6658fdc9385e2d5e27aa1fa4e49c90254165b9
[INFO] checking VictorKoenders/pim_stm32 against beta-2021-10-15 for beta-1.56-3
[INFO] running `Command { std: "git" "clone" "/workspace/cache/git-repos/https%3A%2F%2Fgithub.com%2FVictorKoenders%2Fpim_stm32" "/workspace/builds/worker-11/source", kill_on_drop: false }`
[INFO] [stderr] Cloning into '/workspace/builds/worker-11/source'...
[INFO] [stderr] done.
[INFO] validating manifest of git repo https://github.com/VictorKoenders/pim_stm32 on toolchain beta-2021-10-15
[INFO] running `Command { std: "/workspace/cargo-home/bin/cargo" "+beta-2021-10-15" "metadata" "--manifest-path" "Cargo.toml" "--no-deps", kill_on_drop: false }`
[INFO] started tweaking git repo https://github.com/VictorKoenders/pim_stm32
[INFO] finished tweaking git repo https://github.com/VictorKoenders/pim_stm32
[INFO] tweaked toml for git repo https://github.com/VictorKoenders/pim_stm32 written to /workspace/builds/worker-11/source/Cargo.toml
[INFO] crate git repo https://github.com/VictorKoenders/pim_stm32 already has a lockfile, it will not be regenerated
[INFO] running `Command { std: "/workspace/cargo-home/bin/cargo" "+beta-2021-10-15" "fetch" "--manifest-path" "Cargo.toml", kill_on_drop: false }`
[INFO] [stderr]     Blocking waiting for file lock on package cache
[INFO] [stderr]     Blocking waiting for file lock on package cache
[INFO] running `Command { std: "docker" "create" "-v" "/var/lib/crater-agent-workspace/builds/worker-11/target:/opt/rustwide/target:rw,Z" "-v" "/var/lib/crater-agent-workspace/builds/worker-11/source:/opt/rustwide/workdir:ro,Z" "-v" "/var/lib/crater-agent-workspace/cargo-home:/opt/rustwide/cargo-home:ro,Z" "-v" "/var/lib/crater-agent-workspace/rustup-home:/opt/rustwide/rustup-home:ro,Z" "-e" "SOURCE_DIR=/opt/rustwide/workdir" "-e" "CARGO_TARGET_DIR=/opt/rustwide/target" "-e" "CARGO_HOME=/opt/rustwide/cargo-home" "-e" "RUSTUP_HOME=/opt/rustwide/rustup-home" "-w" "/opt/rustwide/workdir" "-m" "1610612736" "--user" "0:0" "--network" "none" "ghcr.io/rust-lang/crates-build-env/linux@sha256:a89201d6b5b9fd45c15d5952ece0a0129e7e80cb26ec023fd59cf09bc26f1604" "/opt/rustwide/cargo-home/bin/cargo" "+beta-2021-10-15" "metadata" "--no-deps" "--format-version=1", kill_on_drop: false }`
[INFO] [stdout] 682d09fe45b7f88b93ce96927d8becbedab04b452a437d639615eec2de6111da
[INFO] [stderr] WARNING: Your kernel does not support swap limit capabilities or the cgroup is not mounted. Memory limited without swap.
[INFO] running `Command { std: "docker" "start" "-a" "682d09fe45b7f88b93ce96927d8becbedab04b452a437d639615eec2de6111da", kill_on_drop: false }`
[INFO] running `Command { std: "docker" "inspect" "682d09fe45b7f88b93ce96927d8becbedab04b452a437d639615eec2de6111da", kill_on_drop: false }`
[INFO] running `Command { std: "docker" "rm" "-f" "682d09fe45b7f88b93ce96927d8becbedab04b452a437d639615eec2de6111da", kill_on_drop: false }`
[INFO] [stdout] 682d09fe45b7f88b93ce96927d8becbedab04b452a437d639615eec2de6111da
[INFO] running `Command { std: "docker" "create" "-v" "/var/lib/crater-agent-workspace/builds/worker-11/target:/opt/rustwide/target:rw,Z" "-v" "/var/lib/crater-agent-workspace/builds/worker-11/source:/opt/rustwide/workdir:ro,Z" "-v" "/var/lib/crater-agent-workspace/cargo-home:/opt/rustwide/cargo-home:ro,Z" "-v" "/var/lib/crater-agent-workspace/rustup-home:/opt/rustwide/rustup-home:ro,Z" "-e" "SOURCE_DIR=/opt/rustwide/workdir" "-e" "CARGO_TARGET_DIR=/opt/rustwide/target" "-e" "CARGO_INCREMENTAL=0" "-e" "RUST_BACKTRACE=full" "-e" "RUSTFLAGS=--cap-lints=warn" "-e" "CARGO_HOME=/opt/rustwide/cargo-home" "-e" "RUSTUP_HOME=/opt/rustwide/rustup-home" "-w" "/opt/rustwide/workdir" "-m" "1610612736" "--user" "0:0" "--network" "none" "ghcr.io/rust-lang/crates-build-env/linux@sha256:a89201d6b5b9fd45c15d5952ece0a0129e7e80cb26ec023fd59cf09bc26f1604" "/opt/rustwide/cargo-home/bin/cargo" "+beta-2021-10-15" "check" "--frozen" "--all" "--all-targets" "--message-format=json", kill_on_drop: false }`
[INFO] [stderr] WARNING: Your kernel does not support swap limit capabilities or the cgroup is not mounted. Memory limited without swap.
[INFO] [stdout] 6d33b8cd7b14e0c2a25dc80fbce7c6e1434c033b38460a24cbf0fe92317caa73
[INFO] running `Command { std: "docker" "start" "-a" "6d33b8cd7b14e0c2a25dc80fbce7c6e1434c033b38460a24cbf0fe92317caa73", kill_on_drop: false }`
[INFO] [stderr]    Compiling rust_stm32 v0.1.0 (/opt/rustwide/workdir)
[INFO] [stdout] error[E0554]: `#![feature]` may not be used on the beta release channel
[INFO] [stdout]  --> src/main.rs:1:1
[INFO] [stdout]   |
[INFO] [stdout] 1 | #![feature(asm)]
[INFO] [stdout]   | ^^^^^^^^^^^^^^^^
[INFO] [stdout] 
[INFO] [stdout] 
[INFO] [stdout] error[E0554]: `#![feature]` may not be used on the beta release channel
[INFO] [stdout]  --> src/main.rs:2:1
[INFO] [stdout]   |
[INFO] [stdout] 2 | #![feature(lang_items)]
[INFO] [stdout]   | ^^^^^^^^^^^^^^^^^^^^^^^
[INFO] [stdout] 
[INFO] [stdout] 
[INFO] [stdout] error[E0152]: found duplicate lang item `panic_fmt`
[INFO] [stdout]   --> src/main.rs:47:1
[INFO] [stdout]    |
[INFO] [stdout] 47 | / pub extern fn rust_begin_panic(
[INFO] [stdout] 48 | |     _msg: core::fmt::Arguments,
[INFO] [stdout] 49 | |     _file: &'static str,
[INFO] [stdout] 50 | |     _line: u32
[INFO] [stdout] 51 | | ) -> ! {
[INFO] [stdout]    | |______^
[INFO] [stdout]    |
[INFO] [stdout]    = note: the lang item is first defined in crate `core` (which `rust_stm32` depends on)
[INFO] [stdout]    = note: first definition in `core` loaded from /opt/rustwide/rustup-home/toolchains/beta-2021-10-15-x86_64-unknown-linux-gnu/lib/rustlib/x86_64-unknown-linux-gnu/lib/libcore-8ef7dd43fc671f88.rlib
[INFO] [stdout]    = note: second definition in the local crate (`rust_stm32`)
[INFO] [stdout] 
[INFO] [stdout] 
[INFO] [stdout] error: language item required, but not found: `eh_personality`
[INFO] [stdout] 
[INFO] [stdout] 
[INFO] [stdout] error: `#[panic_handler]` function required, but not found
[INFO] [stdout] 
[INFO] [stdout] 
[INFO] [stdout] error: aborting due to 5 previous errors
[INFO] [stdout] 
[INFO] [stdout] 
[INFO] [stdout] Some errors have detailed explanations: E0152, E0554.
[INFO] [stdout] 
[INFO] [stdout] For more information about an error, try `rustc --explain E0152`.
[INFO] [stdout] 
[INFO] [stdout] error[E0554]: `#![feature]` may not be used on the beta release channel
[INFO] [stdout]  --> src/main.rs:1:1
[INFO] [stdout]   |
[INFO] [stdout] 1 | #![feature(asm)]
[INFO] [stdout]   | ^^^^^^^^^^^^^^^^
[INFO] [stdout] 
[INFO] [stdout] 
[INFO] [stdout] error[E0554]: `#![feature]` may not be used on the beta release channel
[INFO] [stdout]  --> src/main.rs:2:1
[INFO] [stdout]   |
[INFO] [stdout] 2 | #![feature(lang_items)]
[INFO] [stdout]   | ^^^^^^^^^^^^^^^^^^^^^^^
[INFO] [stdout] 
[INFO] [stdout] 
[INFO] [stderr] error: could not compile `rust_stm32` due to 6 previous errors
[INFO] [stderr] warning: build failed, waiting for other jobs to finish...
[INFO] [stdout] error[E0152]: found duplicate lang item `panic_fmt`
[INFO] [stdout]   --> src/main.rs:47:1
[INFO] [stdout]    |
[INFO] [stdout] 47 | / pub extern fn rust_begin_panic(
[INFO] [stdout] 48 | |     _msg: core::fmt::Arguments,
[INFO] [stdout] 49 | |     _file: &'static str,
[INFO] [stdout] 50 | |     _line: u32
[INFO] [stdout] 51 | | ) -> ! {
[INFO] [stdout]    | |______^
[INFO] [stdout]    |
[INFO] [stdout]    = note: the lang item is first defined in crate `core` (which `rust_stm32` depends on)
[INFO] [stdout]    = note: first definition in `core` loaded from /opt/rustwide/rustup-home/toolchains/beta-2021-10-15-x86_64-unknown-linux-gnu/lib/rustlib/x86_64-unknown-linux-gnu/lib/libcore-8ef7dd43fc671f88.rlib
[INFO] [stdout]    = note: second definition in the local crate (`rust_stm32`)
[INFO] [stdout] 
[INFO] [stdout] 
[INFO] [stdout] error: aborting due to 3 previous errors
[INFO] [stdout] 
[INFO] [stdout] 
[INFO] [stdout] Some errors have detailed explanations: E0152, E0554.
[INFO] [stdout] 
[INFO] [stdout] For more information about an error, try `rustc --explain E0152`.
[INFO] [stdout] 
[INFO] [stderr] error: build failed
[INFO] running `Command { std: "docker" "inspect" "6d33b8cd7b14e0c2a25dc80fbce7c6e1434c033b38460a24cbf0fe92317caa73", kill_on_drop: false }`
[INFO] running `Command { std: "docker" "rm" "-f" "6d33b8cd7b14e0c2a25dc80fbce7c6e1434c033b38460a24cbf0fe92317caa73", kill_on_drop: false }`
[INFO] [stdout] 6d33b8cd7b14e0c2a25dc80fbce7c6e1434c033b38460a24cbf0fe92317caa73
