[INFO] cloning repository https://github.com/Veetaha/path-nested-macro-bug-repro
[INFO] running `Command { std: "git" "-c" "credential.helper=" "-c" "credential.helper=/workspace/cargo-home/bin/git-credential-null" "clone" "--bare" "https://github.com/Veetaha/path-nested-macro-bug-repro" "/workspace/cache/git-repos/https%3A%2F%2Fgithub.com%2FVeetaha%2Fpath-nested-macro-bug-repro", kill_on_drop: false }`
[INFO] [stderr] Cloning into bare repository '/workspace/cache/git-repos/https%3A%2F%2Fgithub.com%2FVeetaha%2Fpath-nested-macro-bug-repro'...
[INFO] running `Command { std: "git" "rev-parse" "HEAD", kill_on_drop: false }`
[INFO] [stdout] 43da3b45f8117c118f3dfec210c9e04204d00364
[INFO] checking Veetaha/path-nested-macro-bug-repro against 1.55.0 for beta-1.56-3
[INFO] running `Command { std: "git" "clone" "/workspace/cache/git-repos/https%3A%2F%2Fgithub.com%2FVeetaha%2Fpath-nested-macro-bug-repro" "/workspace/builds/worker-5/source", kill_on_drop: false }`
[INFO] [stderr] Cloning into '/workspace/builds/worker-5/source'...
[INFO] [stderr] done.
[INFO] validating manifest of git repo https://github.com/Veetaha/path-nested-macro-bug-repro on toolchain 1.55.0
[INFO] running `Command { std: "/workspace/cargo-home/bin/cargo" "+1.55.0" "metadata" "--manifest-path" "Cargo.toml" "--no-deps", kill_on_drop: false }`
[INFO] started tweaking git repo https://github.com/Veetaha/path-nested-macro-bug-repro
[INFO] finished tweaking git repo https://github.com/Veetaha/path-nested-macro-bug-repro
[INFO] tweaked toml for git repo https://github.com/Veetaha/path-nested-macro-bug-repro written to /workspace/builds/worker-5/source/Cargo.toml
[INFO] crate git repo https://github.com/Veetaha/path-nested-macro-bug-repro already has a lockfile, it will not be regenerated
[INFO] running `Command { std: "/workspace/cargo-home/bin/cargo" "+1.55.0" "fetch" "--manifest-path" "Cargo.toml", kill_on_drop: false }`
[INFO] running `Command { std: "docker" "create" "-v" "/var/lib/crater-agent-workspace/builds/worker-5/target:/opt/rustwide/target:rw,Z" "-v" "/var/lib/crater-agent-workspace/builds/worker-5/source:/opt/rustwide/workdir:ro,Z" "-v" "/var/lib/crater-agent-workspace/cargo-home:/opt/rustwide/cargo-home:ro,Z" "-v" "/var/lib/crater-agent-workspace/rustup-home:/opt/rustwide/rustup-home:ro,Z" "-e" "SOURCE_DIR=/opt/rustwide/workdir" "-e" "CARGO_TARGET_DIR=/opt/rustwide/target" "-e" "CARGO_HOME=/opt/rustwide/cargo-home" "-e" "RUSTUP_HOME=/opt/rustwide/rustup-home" "-w" "/opt/rustwide/workdir" "-m" "1610612736" "--user" "0:0" "--network" "none" "ghcr.io/rust-lang/crates-build-env/linux@sha256:a89201d6b5b9fd45c15d5952ece0a0129e7e80cb26ec023fd59cf09bc26f1604" "/opt/rustwide/cargo-home/bin/cargo" "+1.55.0" "metadata" "--no-deps" "--format-version=1", kill_on_drop: false }`
[INFO] [stdout] e39351cabab0ceb19c88d698597597e7a6e07dc1df521b2efc431182b0f33d63
[INFO] [stderr] WARNING: Your kernel does not support swap limit capabilities or the cgroup is not mounted. Memory limited without swap.
[INFO] running `Command { std: "docker" "start" "-a" "e39351cabab0ceb19c88d698597597e7a6e07dc1df521b2efc431182b0f33d63", kill_on_drop: false }`
[INFO] running `Command { std: "docker" "inspect" "e39351cabab0ceb19c88d698597597e7a6e07dc1df521b2efc431182b0f33d63", kill_on_drop: false }`
[INFO] running `Command { std: "docker" "rm" "-f" "e39351cabab0ceb19c88d698597597e7a6e07dc1df521b2efc431182b0f33d63", kill_on_drop: false }`
[INFO] [stdout] e39351cabab0ceb19c88d698597597e7a6e07dc1df521b2efc431182b0f33d63
[INFO] running `Command { std: "docker" "create" "-v" "/var/lib/crater-agent-workspace/builds/worker-5/target:/opt/rustwide/target:rw,Z" "-v" "/var/lib/crater-agent-workspace/builds/worker-5/source:/opt/rustwide/workdir:ro,Z" "-v" "/var/lib/crater-agent-workspace/cargo-home:/opt/rustwide/cargo-home:ro,Z" "-v" "/var/lib/crater-agent-workspace/rustup-home:/opt/rustwide/rustup-home:ro,Z" "-e" "SOURCE_DIR=/opt/rustwide/workdir" "-e" "CARGO_TARGET_DIR=/opt/rustwide/target" "-e" "CARGO_INCREMENTAL=0" "-e" "RUST_BACKTRACE=full" "-e" "RUSTFLAGS=--cap-lints=warn" "-e" "CARGO_HOME=/opt/rustwide/cargo-home" "-e" "RUSTUP_HOME=/opt/rustwide/rustup-home" "-w" "/opt/rustwide/workdir" "-m" "1610612736" "--user" "0:0" "--network" "none" "ghcr.io/rust-lang/crates-build-env/linux@sha256:a89201d6b5b9fd45c15d5952ece0a0129e7e80cb26ec023fd59cf09bc26f1604" "/opt/rustwide/cargo-home/bin/cargo" "+1.55.0" "check" "--frozen" "--all" "--all-targets" "--message-format=json", kill_on_drop: false }`
[INFO] [stdout] 831f5117bbebd0d19c00418a99f2a1c4ca1f101a2810669029e17439c5657ac0
[INFO] [stderr] WARNING: Your kernel does not support swap limit capabilities or the cgroup is not mounted. Memory limited without swap.
[INFO] running `Command { std: "docker" "start" "-a" "831f5117bbebd0d19c00418a99f2a1c4ca1f101a2810669029e17439c5657ac0", kill_on_drop: false }`
[INFO] [stderr]    Compiling path-nested-macro v0.1.0 (/opt/rustwide/workdir)
[INFO] [stdout] error[E0583]: file not found for module `generated`
[INFO] [stdout]  --> src/lib.rs:9:1
[INFO] [stdout]   |
[INFO] [stdout] 9 | mod generated;
[INFO] [stdout]   | ^^^^^^^^^^^^^^
[INFO] [stdout]   |
[INFO] [stdout]   = help: to create the module `generated`, create file "src/generated.rs" or "src/generated/mod.rs"
[INFO] [stdout] 
[INFO] [stdout] 
[INFO] [stdout] error[E0583]: file not found for module `generated`
[INFO] [stdout]  --> src/lib.rs:9:1
[INFO] [stdout]   |
[INFO] [stdout] 9 | mod generated;
[INFO] [stdout]   | ^^^^^^^^^^^^^^
[INFO] [stdout]   |
[INFO] [stdout]   = help: to create the module `generated`, create file "src/generated.rs" or "src/generated/mod.rs"
[INFO] [stdout] 
[INFO] [stdout] 
[INFO] [stdout] error[E0425]: cannot find function `bar` in module `generated`
[INFO] [stdout]   --> src/lib.rs:13:16
[INFO] [stdout]    |
[INFO] [stdout] 13 |     generated::bar();
[INFO] [stdout]    |                ^^^ not found in `generated`
[INFO] [stdout] 
[INFO] [stdout] 
[INFO] [stdout] error: aborting due to 2 previous errors
[INFO] [stdout] 
[INFO] [stdout] 
[INFO] [stdout] Some errors have detailed explanations: E0425, E0583.
[INFO] [stdout] 
[INFO] [stdout] For more information about an error, try `rustc --explain E0425`.
[INFO] [stdout] 
[INFO] [stderr] error: could not compile `path-nested-macro` due to 3 previous errors
[INFO] [stdout] error[E0425]: cannot find function `bar` in module `generated`
[INFO] [stdout]   --> src/lib.rs:13:16
[INFO] [stdout]    |
[INFO] [stdout] 13 |     generated::bar();
[INFO] [stdout]    |                ^^^ not found in `generated`
[INFO] [stdout] 
[INFO] [stdout] 
[INFO] [stderr] warning: build failed, waiting for other jobs to finish...
[INFO] [stdout] error: aborting due to 2 previous errors
[INFO] [stdout] 
[INFO] [stdout] 
[INFO] [stdout] Some errors have detailed explanations: E0425, E0583.
[INFO] [stdout] 
[INFO] [stdout] For more information about an error, try `rustc --explain E0425`.
[INFO] [stdout] 
[INFO] [stderr] error: build failed
[INFO] running `Command { std: "docker" "inspect" "831f5117bbebd0d19c00418a99f2a1c4ca1f101a2810669029e17439c5657ac0", kill_on_drop: false }`
[INFO] running `Command { std: "docker" "rm" "-f" "831f5117bbebd0d19c00418a99f2a1c4ca1f101a2810669029e17439c5657ac0", kill_on_drop: false }`
[INFO] [stdout] 831f5117bbebd0d19c00418a99f2a1c4ca1f101a2810669029e17439c5657ac0
