[INFO] cloning repository https://github.com/Vawheter/clink_mpc
[INFO] running `Command { std: "git" "-c" "credential.helper=" "-c" "credential.helper=/workspace/cargo-home/bin/git-credential-null" "clone" "--bare" "https://github.com/Vawheter/clink_mpc" "/workspace/cache/git-repos/https%3A%2F%2Fgithub.com%2FVawheter%2Fclink_mpc", kill_on_drop: false }`
[INFO] [stderr] Cloning into bare repository '/workspace/cache/git-repos/https%3A%2F%2Fgithub.com%2FVawheter%2Fclink_mpc'...
[INFO] running `Command { std: "git" "rev-parse" "HEAD", kill_on_drop: false }`
[INFO] [stdout] 74368ed3e360ad35cf84bf6915f58450ca81b6c2
[INFO] checking Vawheter/clink_mpc against 1.55.0 for beta-1.56-3
[INFO] running `Command { std: "git" "clone" "/workspace/cache/git-repos/https%3A%2F%2Fgithub.com%2FVawheter%2Fclink_mpc" "/workspace/builds/worker-10/source", kill_on_drop: false }`
[INFO] [stderr] Cloning into '/workspace/builds/worker-10/source'...
[INFO] [stderr] done.
[INFO] [stderr] Updating files:  32% (1448/4489)
Updating files:  32% (1474/4489)
Updating files:  33% (1482/4489)
Updating files:  34% (1527/4489)
Updating files:  35% (1572/4489)
Updating files:  35% (1582/4489)
Updating files:  36% (1617/4489)
Updating files:  37% (1661/4489)
Updating files:  37% (1681/4489)
Updating files:  38% (1706/4489)
Updating files:  39% (1751/4489)
Updating files:  39% (1771/4489)
Updating files:  40% (1796/4489)
Updating files:  40% (1828/4489)
Updating files:  40% (1835/4489)
Updating files:  40% (1837/4489)
Updating files:  41% (1841/4489)
Updating files:  41% (1878/4489)
Updating files:  42% (1886/4489)
Updating files:  43% (1931/4489)
Updating files:  44% (1976/4489)
Updating files:  44% (1978/4489)
Updating files:  44% (2008/4489)
Updating files:  45% (2021/4489)
Updating files:  45% (2032/4489)
Updating files:  45% (2047/4489)
Updating files:  46% (2065/4489)
Updating files:  46% (2073/4489)
Updating files:  46% (2107/4489)
Updating files:  47% (2110/4489)
Updating files:  48% (2155/4489)
Updating files:  49% (2200/4489)
Updating files:  49% (2201/4489)
Updating files:  50% (2245/4489)
Updating files:  51% (2290/4489)
Updating files:  52% (2335/4489)
Updating files:  53% (2380/4489)
Updating files:  53% (2401/4489)
Updating files:  54% (2425/4489)
Updating files:  55% (2469/4489)
Updating files:  56% (2514/4489)
Updating files:  57% (2559/4489)
Updating files:  58% (2604/4489)
Updating files:  58% (2643/4489)
Updating files:  59% (2649/4489)
Updating files:  60% (2694/4489)
Updating files:  61% (2739/4489)
Updating files:  62% (2784/4489)
Updating files:  62% (2794/4489)
Updating files:  63% (2829/4489)
Updating files:  64% (2873/4489)
Updating files:  65% (2918/4489)
Updating files:  66% (2963/4489)
Updating files:  67% (3008/4489)
Updating files:  68% (3053/4489)
Updating files:  68% (3080/4489)
Updating files:  69% (3098/4489)
Updating files:  70% (3143/4489)
Updating files:  71% (3188/4489)
Updating files:  72% (3233/4489)
Updating files:  73% (3277/4489)
Updating files:  74% (3322/4489)
Updating files:  75% (3367/4489)
Updating files:  75% (3398/4489)
Updating files:  76% (3412/4489)
Updating files:  77% (3457/4489)
Updating files:  78% (3502/4489)
Updating files:  79% (3547/4489)
Updating files:  79% (3568/4489)
Updating files:  80% (3592/4489)
Updating files:  80% (3611/4489)
Updating files:  81% (3637/4489)
Updating files:  82% (3681/4489)
Updating files:  83% (3726/4489)
Updating files:  84% (3771/4489)
Updating files:  85% (3816/4489)
Updating files:  85% (3821/4489)
Updating files:  86% (3861/4489)
Updating files:  87% (3906/4489)
Updating files:  88% (3951/4489)
Updating files:  89% (3996/4489)
Updating files:  89% (4034/4489)
Updating files:  90% (4041/4489)
Updating files:  91% (4085/4489)
Updating files:  91% (4125/4489)
Updating files:  92% (4130/4489)
Updating files:  93% (4175/4489)
Updating files:  94% (4220/4489)
Updating files:  95% (4265/4489)
Updating files:  96% (4310/4489)
Updating files:  97% (4355/4489)
Updating files:  98% (4400/4489)
Updating files:  99% (4445/4489)
Updating files: 100% (4489/4489)
Updating files: 100% (4489/4489), done.
[INFO] validating manifest of git repo https://github.com/Vawheter/clink_mpc on toolchain 1.55.0
[INFO] running `Command { std: "/workspace/cargo-home/bin/cargo" "+1.55.0" "metadata" "--manifest-path" "Cargo.toml" "--no-deps", kill_on_drop: false }`
[INFO] started tweaking git repo https://github.com/Vawheter/clink_mpc
[INFO] finished tweaking git repo https://github.com/Vawheter/clink_mpc
[INFO] tweaked toml for git repo https://github.com/Vawheter/clink_mpc written to /workspace/builds/worker-10/source/Cargo.toml
[INFO] crate git repo https://github.com/Vawheter/clink_mpc already has a lockfile, it will not be regenerated
[INFO] running `Command { std: "/workspace/cargo-home/bin/cargo" "+1.55.0" "fetch" "--manifest-path" "Cargo.toml", kill_on_drop: false }`
[INFO] [stderr]     Blocking waiting for file lock on package cache
[INFO] [stderr]  Downloading crates ...
[INFO] [stderr]   Downloaded unroll v0.1.5
[INFO] [stderr]   Downloaded debugid v0.4.0
[INFO] [stderr]   Downloaded serde_plain v0.3.0
[INFO] [stderr]   Downloaded chacha20 v0.6.0
[INFO] [stderr]   Downloaded secp256k1 v0.17.2
[INFO] [stderr]   Downloaded tentacle-multiaddr v0.2.0
[INFO] [stderr]   Downloaded ckb-always-success-script v0.0.1
[INFO] [stderr]   Downloaded faster-hex v0.3.1
[INFO] [stderr]   Downloaded path-clean v0.1.0
[INFO] [stderr]   Downloaded ckb-vm-definitions v0.19.2
[INFO] [stderr]   Downloaded igd v0.9.1
[INFO] [stderr]   Downloaded packed_simd v0.3.3
[INFO] [stderr]   Downloaded goblin v0.1.3
[INFO] [stderr]   Downloaded cast v0.2.5
[INFO] [stderr]   Downloaded sentry v0.16.0
[INFO] [stderr]   Downloaded molecule v0.6.0
[INFO] [stderr]   Downloaded tokio-yamux v0.2.8
[INFO] [stderr]   Downloaded attohttpc v0.4.5
[INFO] [stderr]   Downloaded chacha20poly1305 v0.7.1
[INFO] [stderr]   Downloaded faketime v0.2.0
[INFO] [stderr]   Downloaded ckb-vm v0.19.2
[INFO] [stderr]   Downloaded merkle-cbt v0.2.2
[INFO] [stderr]   Downloaded tentacle-secio v0.4.2
[INFO] [stderr]   Downloaded xmltree v0.8.0
[INFO] [stderr]   Downloaded ckb-rocksdb v0.13.0
[INFO] [stderr]   Downloaded sentry-types v0.11.0
[INFO] [stderr]   Downloaded simple-jsonrpc-client v0.1.0
[INFO] [stderr]   Downloaded packed_simd_2 v0.3.4
[INFO] [stderr]   Downloaded tentacle v0.3.3
[INFO] [stderr]   Downloaded ckb-system-scripts v0.5.1
[INFO] [stderr]   Downloaded plotters v0.3.0
[INFO] [stderr]   Downloaded secp256k1-sys v0.1.2
[INFO] [stderr]   Downloaded postcard-cobs v0.1.5-pre
[INFO] [stderr]   Downloaded postcard v0.5.1
[INFO] [stderr]   Downloaded ckb-librocksdb-sys v6.7.4
[INFO] [stderr]   Downloaded enum-display-derive v0.1.0
[INFO] [stderr]   Downloaded sized-chunks v0.1.3
[INFO] [stderr]   Downloaded im v12.3.4
[INFO] [stderr]   Downloaded hex-literal-impl v0.2.2
[INFO] [stderr]   Downloaded native-tls v0.2.5
[INFO] running `Command { std: "docker" "create" "-v" "/var/lib/crater-agent-workspace/builds/worker-10/target:/opt/rustwide/target:rw,Z" "-v" "/var/lib/crater-agent-workspace/builds/worker-10/source:/opt/rustwide/workdir:ro,Z" "-v" "/var/lib/crater-agent-workspace/cargo-home:/opt/rustwide/cargo-home:ro,Z" "-v" "/var/lib/crater-agent-workspace/rustup-home:/opt/rustwide/rustup-home:ro,Z" "-e" "SOURCE_DIR=/opt/rustwide/workdir" "-e" "CARGO_TARGET_DIR=/opt/rustwide/target" "-e" "CARGO_HOME=/opt/rustwide/cargo-home" "-e" "RUSTUP_HOME=/opt/rustwide/rustup-home" "-w" "/opt/rustwide/workdir" "-m" "1610612736" "--user" "0:0" "--network" "none" "ghcr.io/rust-lang/crates-build-env/linux@sha256:a89201d6b5b9fd45c15d5952ece0a0129e7e80cb26ec023fd59cf09bc26f1604" "/opt/rustwide/cargo-home/bin/cargo" "+1.55.0" "metadata" "--no-deps" "--format-version=1", kill_on_drop: false }`
[INFO] [stderr] WARNING: Your kernel does not support swap limit capabilities or the cgroup is not mounted. Memory limited without swap.
[INFO] [stdout] f4bcb4afadb389be4566da64b5d0d67e92218cc17167377ddb756ecb41b0999a
[INFO] running `Command { std: "docker" "start" "-a" "f4bcb4afadb389be4566da64b5d0d67e92218cc17167377ddb756ecb41b0999a", kill_on_drop: false }`
[INFO] running `Command { std: "docker" "inspect" "f4bcb4afadb389be4566da64b5d0d67e92218cc17167377ddb756ecb41b0999a", kill_on_drop: false }`
[INFO] running `Command { std: "docker" "rm" "-f" "f4bcb4afadb389be4566da64b5d0d67e92218cc17167377ddb756ecb41b0999a", kill_on_drop: false }`
[INFO] [stdout] f4bcb4afadb389be4566da64b5d0d67e92218cc17167377ddb756ecb41b0999a
[INFO] running `Command { std: "docker" "create" "-v" "/var/lib/crater-agent-workspace/builds/worker-10/target:/opt/rustwide/target:rw,Z" "-v" "/var/lib/crater-agent-workspace/builds/worker-10/source:/opt/rustwide/workdir:ro,Z" "-v" "/var/lib/crater-agent-workspace/cargo-home:/opt/rustwide/cargo-home:ro,Z" "-v" "/var/lib/crater-agent-workspace/rustup-home:/opt/rustwide/rustup-home:ro,Z" "-e" "SOURCE_DIR=/opt/rustwide/workdir" "-e" "CARGO_TARGET_DIR=/opt/rustwide/target" "-e" "CARGO_INCREMENTAL=0" "-e" "RUST_BACKTRACE=full" "-e" "RUSTFLAGS=--cap-lints=warn" "-e" "CARGO_HOME=/opt/rustwide/cargo-home" "-e" "RUSTUP_HOME=/opt/rustwide/rustup-home" "-w" "/opt/rustwide/workdir" "-m" "1610612736" "--user" "0:0" "--network" "none" "ghcr.io/rust-lang/crates-build-env/linux@sha256:a89201d6b5b9fd45c15d5952ece0a0129e7e80cb26ec023fd59cf09bc26f1604" "/opt/rustwide/cargo-home/bin/cargo" "+1.55.0" "check" "--frozen" "--all" "--all-targets" "--message-format=json", kill_on_drop: false }`
[INFO] [stdout] 487623b27e033c9e7cc3910081ff497fdb174f5be7feda61f3fc658deadac9d2
[INFO] [stderr] WARNING: Your kernel does not support swap limit capabilities or the cgroup is not mounted. Memory limited without swap.
[INFO] running `Command { std: "docker" "start" "-a" "487623b27e033c9e7cc3910081ff497fdb174f5be7feda61f3fc658deadac9d2", kill_on_drop: false }`
[INFO] [stderr]    Compiling serde v1.0.125
[INFO] [stderr]    Compiling adler v0.2.3
[INFO] [stderr]    Compiling heapsize v0.4.2
[INFO] [stderr]    Compiling gimli v0.23.0
[INFO] [stderr]    Compiling object v0.22.0
[INFO] [stderr]    Compiling rustc-demangle v0.1.18
[INFO] [stderr]     Checking subtle v2.3.0
[INFO] [stderr]    Compiling faster-hex v0.4.1
[INFO] [stderr]     Checking futures-core v0.3.7
[INFO] [stderr]     Checking futures-sink v0.3.7
[INFO] [stderr]    Compiling native-tls v0.2.5
[INFO] [stderr]     Checking futures-io v0.3.7
[INFO] [stderr]     Checking bit-vec v0.5.1
[INFO] [stderr]    Compiling faster-hex v0.3.1
[INFO] [stderr]    Compiling once_cell v1.4.1
[INFO] [stderr]     Checking linked-hash-map v0.5.1 (https://github.com/nervosnetwork/linked-hash-map?rev=df27f21#df27f219)
[INFO] [stderr]    Compiling tentacle-secio v0.4.2
[INFO] [stderr]     Checking eaglesong v0.1.0
[INFO] [stderr]     Checking postcard-cobs v0.1.5-pre
[INFO] [stderr]     Checking path-clean v0.1.0
[INFO] [stderr]     Checking ckb-build-info v0.34.1 (https://github.com/nervosnetwork/ckb?tag=v0.34.1#323e44c9)
[INFO] [stderr]     Checking plain v0.2.3
[INFO] [stderr]    Compiling ckb-script v0.34.1 (https://github.com/nervosnetwork/ckb?tag=v0.34.1#323e44c9)
[INFO] [stderr]     Checking ckb-vm-definitions v0.19.2
[INFO] [stderr]     Checking ckb-always-success-script v0.0.1
[INFO] [stderr]     Checking merkle-cbt v0.2.2
[INFO] [stderr]     Checking try_from v0.3.2
[INFO] [stderr]     Checking itertools v0.8.2
[INFO] [stderr]    Compiling error-chain v0.12.4
[INFO] [stderr]    Compiling crossbeam-utils v0.6.6
[INFO] [stderr]     Checking futures-task v0.3.7
[INFO] [stderr]     Checking tokio-sync v0.1.8
[INFO] [stderr]     Checking futures-channel v0.3.7
[INFO] [stderr]     Checking lru-cache v0.1.0 (https://github.com/nervosnetwork/lru-cache?rev=a35fdb8#a35fdb81)
[INFO] [stderr]     Checking blake2s_simd v0.5.11
[INFO] [stderr]     Checking proc-macro2 v1.0.26
[INFO] [stderr]    Compiling crc32fast v1.2.1
[INFO] [stderr]     Checking rand_os v0.1.3
[INFO] [stderr]     Checking socket2 v0.3.15
[INFO] [stderr]     Checking uname v0.1.1
[INFO] [stderr]     Checking hostname v0.1.5
[INFO] [stderr]     Checking rand v0.4.6
[INFO] [stderr]     Checking memmap v0.7.0
[INFO] [stderr]    Compiling num_cpus v1.13.0
[INFO] [stderr]    Compiling getrandom v0.1.15
[INFO] [stderr]    Compiling quote v1.0.7
[INFO] [stderr]    Compiling memoffset v0.5.6
[INFO] [stderr]    Compiling crossbeam-utils v0.8.0
[INFO] [stderr]     Checking rand_xoshiro v0.1.0
[INFO] [stderr]     Checking base64 v0.10.1
[INFO] [stderr]    Compiling miniz_oxide v0.4.3
[INFO] [stderr]     Checking csv-core v0.1.10
[INFO] [stderr]    Compiling cast v0.2.5
[INFO] [stderr]    Compiling im v12.3.4
[INFO] [stderr]    Compiling sentry v0.16.0
[INFO] [stderr]     Checking sized-chunks v0.1.3
[INFO] [stderr]     Checking xml-rs v0.7.0
[INFO] [stderr]     Checking want v0.2.0
[INFO] [stderr]    Compiling hex-literal-impl v0.2.2
[INFO] [stderr]    Compiling enum-display-derive v0.1.0
[INFO] [stderr]     Checking rand_core v0.5.1
[INFO] [stderr]     Checking futures-cpupool v0.1.8
[INFO] [stderr]     Checking clap v2.33.3
[INFO] [stderr]     Checking bytes v0.4.12
[INFO] [stderr]     Checking mio v0.6.22
[INFO] [stderr]    Compiling crossbeam-channel v0.3.9
[INFO] [stderr]     Checking crossbeam-queue v0.3.1
[INFO] [stderr]     Checking backtrace v0.3.54
[INFO] [stderr]     Checking flate2 v1.0.19
[INFO] [stderr]     Checking tokio-executor v0.1.10
[INFO] [stderr]    Compiling syn v1.0.72
[INFO] [stderr]     Checking rand v0.6.5
[INFO] [stderr]     Checking cookie v0.12.0
[INFO] [stderr]    Compiling crossbeam-epoch v0.9.0
[INFO] [stderr]    Compiling crossbeam-channel v0.5.0
[INFO] [stderr]     Checking rand_chacha v0.2.2
[INFO] [stderr]     Checking rand_xorshift v0.2.0
[INFO] [stderr]     Checking xmltree v0.8.0
[INFO] [stderr]     Checking env_logger v0.6.2
[INFO] [stderr]     Checking parking_lot_core v0.6.2
[INFO] [stderr]     Checking blake2 v0.8.1
[INFO] [stderr]     Checking http v0.1.21
[INFO] [stderr]     Checking tokio-io v0.1.13
[INFO] [stderr]     Checking tokio-buf v0.1.1
[INFO] [stderr]     Checking string v0.2.1
[INFO] [stderr]     Checking tokio-timer v0.2.13
[INFO] [stderr]     Checking tokio-current-thread v0.1.7
[INFO] [stderr]    Compiling addr2line v0.14.0
[INFO] [stderr]     Checking hex-literal v0.2.1
[INFO] [stderr]     Checking crossbeam v0.8.0
[INFO] [stderr]     Checking includedir v0.5.0
[INFO] [stderr]     Checking tokio-threadpool v0.1.18
[INFO] [stderr]    Compiling crossbeam-deque v0.8.0
[INFO] [stderr]     Checking rand v0.7.3
[INFO] [stderr]     Checking publicsuffix v1.5.4
[INFO] [stderr]     Checking parking_lot v0.9.0
[INFO] [stderr]     Checking rayon v1.5.0
[INFO] [stderr]     Checking parking_lot_core v0.4.0
[INFO] [stderr]    Compiling phf_generator v0.7.24
[INFO] [stderr]     Checking criterion-plot v0.3.1
[INFO] [stderr]     Checking criterion-plot v0.4.3
[INFO] [stderr]    Compiling rayon-core v1.9.0
[INFO] [stderr]     Checking tokio-reactor v0.1.12
[INFO] [stderr]    Compiling phf_codegen v0.7.24
[INFO] [stderr]     Checking parking_lot v0.7.1
[INFO] [stderr]    Compiling includedir_codegen v0.5.0
[INFO] [stderr]     Checking ckb-util v0.34.1 (https://github.com/nervosnetwork/ckb?tag=v0.34.1#323e44c9)
[INFO] [stderr]     Checking tempfile v3.1.0
[INFO] [stderr]     Checking tokio-tcp v0.1.4
[INFO] [stderr]     Checking http-body v0.1.0
[INFO] [stderr]     Checking h2 v0.1.26
[INFO] [stderr]     Checking attohttpc v0.4.5
[INFO] [stderr]     Checking faketime v0.2.0
[INFO] [stderr]     Checking tokio v0.1.22
[INFO] [stderr]     Checking igd v0.9.1
[INFO] [stderr]    Compiling synstructure v0.12.4
[INFO] [stderr]     Checking hyper v0.12.35
[INFO] [stderr]    Compiling cc v1.0.41
[INFO] [stderr]    Compiling serde_derive v1.0.125
[INFO] [stderr]    Compiling derivative v2.1.1
[INFO] [stderr]    Compiling unroll v0.1.5
[INFO] [stderr]    Compiling zeroize_derive v1.0.1
[INFO] [stderr]    Compiling failure_derive v0.1.8
[INFO] [stderr]    Compiling thiserror-impl v1.0.22
[INFO] [stderr]    Compiling numext-constructor v0.1.6
[INFO] [stderr]    Compiling pin-project-internal v1.0.1
[INFO] [stderr]    Compiling futures-macro v0.3.7
[INFO] [stderr]    Compiling pin-project-internal v0.4.27
[INFO] [stderr]    Compiling scroll_derive v0.10.4
[INFO] [stderr]    Compiling derive_more v0.99.11
[INFO] [stderr]    Compiling blake2b-rs v0.1.5
[INFO] [stderr]    Compiling openssl-sys v0.9.58
[INFO] [stderr]    Compiling ocelot v0.4.0 (/opt/rustwide/workdir/ocelot)
[INFO] [stderr]    Compiling secp256k1-sys v0.1.2
[INFO] [stderr]    Compiling ring v0.16.12
[INFO] [stderr]    Compiling ckb-librocksdb-sys v6.7.4
[INFO] [stderr]    Compiling base_conversion v0.4.0 (/opt/rustwide/workdir/fancy-garbling/base_conversion)
[INFO] [stderr]    Compiling ckb-vm v0.19.2
[INFO] [stderr]     Checking zeroize v1.1.1
[INFO] [stderr]    Compiling failure v0.1.8
[INFO] [stderr]    Compiling openssl v0.10.30
[INFO] [stderr]     Checking curve25519-dalek v2.1.2
[INFO] [stderr]     Checking merlin v2.0.0
[INFO] [stderr]     Checking secp256k1 v0.17.2
[INFO] [stderr]     Checking scroll v0.10.2
[INFO] [stderr]    Compiling ckb-hash v0.34.1 (https://github.com/nervosnetwork/ckb?tag=v0.34.1#323e44c9)
[INFO] [stderr]    Compiling ckb-system-scripts v0.5.1
[INFO] [stderr] error: could not compile `serde_derive`
[INFO] [stderr] 
[INFO] [stderr] Caused by:
[INFO] [stderr]   process didn't exit successfully: `rustc --crate-name serde_derive /opt/rustwide/cargo-home/registry/src/github.com-1ecc6299db9ec823/serde_derive-1.0.125/src/lib.rs --error-format=json --json=diagnostic-rendered-ansi --crate-type proc-macro --emit=dep-info,link -C prefer-dynamic -C embed-bitcode=no -C debuginfo=2 --cfg 'feature="default"' -C metadata=5c1218ceac2ce3ba -C extra-filename=-5c1218ceac2ce3ba --out-dir /opt/rustwide/target/debug/deps -L dependency=/opt/rustwide/target/debug/deps --extern proc_macro2=/opt/rustwide/target/debug/deps/libproc_macro2-b2e96a1d7de1897d.rlib --extern quote=/opt/rustwide/target/debug/deps/libquote-25fd0c6d9fcc9482.rlib --extern syn=/opt/rustwide/target/debug/deps/libsyn-75102b3473ad39b1.rlib --extern proc_macro --cap-lints allow --cap-lints=warn --cfg underscore_consts` (signal: 9, SIGKILL: kill)
[INFO] [stderr] warning: build failed, waiting for other jobs to finish...
[INFO] [stderr] The following warnings were emitted during compilation:
[INFO] [stderr] 
[INFO] [stderr] warning: c++: fatal error: Killed signal terminated program cc1plus
[INFO] [stderr] warning: compilation terminated.
[INFO] [stderr] warning: c++: fatal error: Killed signal terminated program cc1plus
[INFO] [stderr] warning: compilation terminated.
[INFO] [stderr] warning: c++: fatal error: Killed signal terminated program cc1plus
[INFO] [stderr] warning: compilation terminated.
[INFO] [stderr] warning: c++: fatal error: Killed signal terminated program cc1plus
[INFO] [stderr] warning: compilation terminated.
[INFO] [stderr] 
[INFO] [stderr] error: build failed
[INFO] running `Command { std: "docker" "inspect" "487623b27e033c9e7cc3910081ff497fdb174f5be7feda61f3fc658deadac9d2", kill_on_drop: false }`
[INFO] running `Command { std: "docker" "rm" "-f" "487623b27e033c9e7cc3910081ff497fdb174f5be7feda61f3fc658deadac9d2", kill_on_drop: false }`
[INFO] [stdout] 487623b27e033c9e7cc3910081ff497fdb174f5be7feda61f3fc658deadac9d2
