[INFO] cloning repository https://github.com/Uzaaft/rusty_wall
[INFO] running `Command { std: "git" "-c" "credential.helper=" "-c" "credential.helper=/workspace/cargo-home/bin/git-credential-null" "clone" "--bare" "https://github.com/Uzaaft/rusty_wall" "/workspace/cache/git-repos/https%3A%2F%2Fgithub.com%2FUzaaft%2Frusty_wall", kill_on_drop: false }`
[INFO] [stderr] Cloning into bare repository '/workspace/cache/git-repos/https%3A%2F%2Fgithub.com%2FUzaaft%2Frusty_wall'...
[INFO] running `Command { std: "git" "rev-parse" "HEAD", kill_on_drop: false }`
[INFO] [stdout] f831699df48a51c39807b43ed3f3dae2586c2f56
[INFO] checking Uzaaft/rusty_wall against beta-2021-10-15 for beta-1.56-3
[INFO] running `Command { std: "git" "clone" "/workspace/cache/git-repos/https%3A%2F%2Fgithub.com%2FUzaaft%2Frusty_wall" "/workspace/builds/worker-7/source", kill_on_drop: false }`
[INFO] [stderr] Cloning into '/workspace/builds/worker-7/source'...
[INFO] [stderr] done.
[INFO] validating manifest of git repo https://github.com/Uzaaft/rusty_wall on toolchain beta-2021-10-15
[INFO] running `Command { std: "/workspace/cargo-home/bin/cargo" "+beta-2021-10-15" "metadata" "--manifest-path" "Cargo.toml" "--no-deps", kill_on_drop: false }`
[INFO] started tweaking git repo https://github.com/Uzaaft/rusty_wall
[INFO] finished tweaking git repo https://github.com/Uzaaft/rusty_wall
[INFO] tweaked toml for git repo https://github.com/Uzaaft/rusty_wall written to /workspace/builds/worker-7/source/Cargo.toml
[INFO] crate git repo https://github.com/Uzaaft/rusty_wall already has a lockfile, it will not be regenerated
[INFO] running `Command { std: "/workspace/cargo-home/bin/cargo" "+beta-2021-10-15" "fetch" "--manifest-path" "Cargo.toml", kill_on_drop: false }`
[INFO] running `Command { std: "docker" "create" "-v" "/var/lib/crater-agent-workspace/builds/worker-7/target:/opt/rustwide/target:rw,Z" "-v" "/var/lib/crater-agent-workspace/builds/worker-7/source:/opt/rustwide/workdir:ro,Z" "-v" "/var/lib/crater-agent-workspace/cargo-home:/opt/rustwide/cargo-home:ro,Z" "-v" "/var/lib/crater-agent-workspace/rustup-home:/opt/rustwide/rustup-home:ro,Z" "-e" "SOURCE_DIR=/opt/rustwide/workdir" "-e" "CARGO_TARGET_DIR=/opt/rustwide/target" "-e" "CARGO_HOME=/opt/rustwide/cargo-home" "-e" "RUSTUP_HOME=/opt/rustwide/rustup-home" "-w" "/opt/rustwide/workdir" "-m" "1610612736" "--user" "0:0" "--network" "none" "ghcr.io/rust-lang/crates-build-env/linux@sha256:a89201d6b5b9fd45c15d5952ece0a0129e7e80cb26ec023fd59cf09bc26f1604" "/opt/rustwide/cargo-home/bin/cargo" "+beta-2021-10-15" "metadata" "--no-deps" "--format-version=1", kill_on_drop: false }`
[INFO] [stdout] f57bf53f563542bbc071e22134d69a15210efa5d99b2a557fd3b6c16da1e670b
[INFO] [stderr] WARNING: Your kernel does not support swap limit capabilities or the cgroup is not mounted. Memory limited without swap.
[INFO] running `Command { std: "docker" "start" "-a" "f57bf53f563542bbc071e22134d69a15210efa5d99b2a557fd3b6c16da1e670b", kill_on_drop: false }`
[INFO] running `Command { std: "docker" "inspect" "f57bf53f563542bbc071e22134d69a15210efa5d99b2a557fd3b6c16da1e670b", kill_on_drop: false }`
[INFO] running `Command { std: "docker" "rm" "-f" "f57bf53f563542bbc071e22134d69a15210efa5d99b2a557fd3b6c16da1e670b", kill_on_drop: false }`
[INFO] [stdout] f57bf53f563542bbc071e22134d69a15210efa5d99b2a557fd3b6c16da1e670b
[INFO] running `Command { std: "docker" "create" "-v" "/var/lib/crater-agent-workspace/builds/worker-7/target:/opt/rustwide/target:rw,Z" "-v" "/var/lib/crater-agent-workspace/builds/worker-7/source:/opt/rustwide/workdir:ro,Z" "-v" "/var/lib/crater-agent-workspace/cargo-home:/opt/rustwide/cargo-home:ro,Z" "-v" "/var/lib/crater-agent-workspace/rustup-home:/opt/rustwide/rustup-home:ro,Z" "-e" "SOURCE_DIR=/opt/rustwide/workdir" "-e" "CARGO_TARGET_DIR=/opt/rustwide/target" "-e" "CARGO_INCREMENTAL=0" "-e" "RUST_BACKTRACE=full" "-e" "RUSTFLAGS=--cap-lints=warn" "-e" "CARGO_HOME=/opt/rustwide/cargo-home" "-e" "RUSTUP_HOME=/opt/rustwide/rustup-home" "-w" "/opt/rustwide/workdir" "-m" "1610612736" "--user" "0:0" "--network" "none" "ghcr.io/rust-lang/crates-build-env/linux@sha256:a89201d6b5b9fd45c15d5952ece0a0129e7e80cb26ec023fd59cf09bc26f1604" "/opt/rustwide/cargo-home/bin/cargo" "+beta-2021-10-15" "check" "--frozen" "--all" "--all-targets" "--message-format=json", kill_on_drop: false }`
[INFO] [stdout] 18dc742b2829db776d8744e8dde4be0f81a22a2943b86b042f6f34ea834bcc8c
[INFO] [stderr] WARNING: Your kernel does not support swap limit capabilities or the cgroup is not mounted. Memory limited without swap.
[INFO] running `Command { std: "docker" "start" "-a" "18dc742b2829db776d8744e8dde4be0f81a22a2943b86b042f6f34ea834bcc8c", kill_on_drop: false }`
[INFO] [stderr]    Compiling libc v0.2.102
[INFO] [stderr]    Compiling syn v1.0.76
[INFO] [stderr]    Compiling memchr v2.4.1
[INFO] [stderr]    Compiling tokio v1.11.0
[INFO] [stderr]     Checking tokio-sync v0.1.8
[INFO] [stderr]     Checking base64 v0.10.1
[INFO] [stderr]     Checking smallvec v0.6.14
[INFO] [stderr]    Compiling hyper v0.12.36
[INFO] [stderr]     Checking want v0.2.0
[INFO] [stderr]     Checking tokio-executor v0.1.10
[INFO] [stderr]     Checking crossbeam-deque v0.7.4
[INFO] [stderr]     Checking publicsuffix v1.5.6
[INFO] [stderr]     Checking tokio-current-thread v0.1.7
[INFO] [stderr]     Checking tokio-timer v0.2.13
[INFO] [stderr]     Checking object v0.26.2
[INFO] [stderr]     Checking iovec v0.1.4
[INFO] [stderr]     Checking num_cpus v1.13.0
[INFO] [stderr]     Checking net2 v0.2.37
[INFO] [stderr]     Checking parking_lot_core v0.6.2
[INFO] [stderr]     Checking time v0.1.44
[INFO] [stderr]     Checking openssl-sys v0.9.66
[INFO] [stderr]     Checking rand_os v0.1.3
[INFO] [stderr]     Checking flate2 v1.0.22
[INFO] [stderr]     Checking bytes v0.4.12
[INFO] [stderr]     Checking tokio-threadpool v0.1.18
[INFO] [stderr]     Checking futures-cpupool v0.1.8
[INFO] [stderr]     Checking rand v0.6.5
[INFO] [stderr]     Checking parking_lot v0.9.0
[INFO] [stderr]     Checking mio v0.6.23
[INFO] [stderr]     Checking cookie v0.12.0
[INFO] [stderr]     Checking tokio-io v0.1.13
[INFO] [stderr]     Checking http v0.1.21
[INFO] [stderr]     Checking tokio-buf v0.1.1
[INFO] [stderr]     Checking string v0.2.1
[INFO] [stderr]     Checking openssl v0.10.36
[INFO] [stderr]     Checking uuid v0.7.4
[INFO] [stderr]     Checking tokio-codec v0.1.2
[INFO] [stderr]     Checking tokio-fs v0.1.7
[INFO] [stderr]     Checking tokio-reactor v0.1.12
[INFO] [stderr]     Checking mio-uds v0.6.8
[INFO] [stderr]     Checking tokio-tcp v0.1.4
[INFO] [stderr]     Checking tokio-udp v0.1.6
[INFO] [stderr]     Checking tokio-uds v0.2.7
[INFO] [stderr]    Compiling synstructure v0.12.5
[INFO] [stderr]     Checking tokio v0.1.22
[INFO] [stderr]     Checking h2 v0.1.26
[INFO] [stderr]     Checking http-body v0.1.0
[INFO] [stderr]    Compiling serde_derive v1.0.130
[INFO] [stderr]    Compiling failure_derive v0.1.8
[INFO] [stderr]    Compiling serde_repr v0.1.7
[INFO] [stderr]     Checking native-tls v0.2.8
[INFO] [stderr]     Checking backtrace v0.3.61
[INFO] [stderr]     Checking failure v0.1.8
[INFO] [stderr]     Checking hyper-tls v0.3.2
[INFO] [stderr]     Checking serde v1.0.130
[INFO] [stderr]     Checking serde_json v1.0.68
[INFO] [stderr]     Checking serde_urlencoded v0.5.5
[INFO] [stderr]     Checking cookie_store v0.7.0
[INFO] [stderr]     Checking reqwest v0.9.24
[INFO] [stderr]     Checking nanoleaf v0.1.1
[INFO] [stderr]     Checking rusty_wall v0.1.0 (/opt/rustwide/workdir)
[INFO] [stdout] error[E0432]: unresolved import `tokio::runtime::current_thread`
[INFO] [stdout]  --> src/main.rs:3:21
[INFO] [stdout]   |
[INFO] [stdout] 3 | use tokio::runtime::current_thread::Runtime;
[INFO] [stdout]   |                     ^^^^^^^^^^^^^^ could not find `current_thread` in `runtime`
[INFO] [stdout] 
[INFO] [stdout] 
[INFO] [stdout] error[E0432]: unresolved import `tokio::runtime::current_thread`
[INFO] [stdout]  --> src/main.rs:3:21
[INFO] [stdout]   |
[INFO] [stdout] 3 | use tokio::runtime::current_thread::Runtime;
[INFO] [stdout]   |                     ^^^^^^^^^^^^^^ could not find `current_thread` in `runtime`
[INFO] [stdout] 
[INFO] [stdout] 
[INFO] [stdout] error[E0425]: cannot find function `from_str` in this scope
[INFO] [stdout]  --> src/main.rs:8:16
[INFO] [stdout]   |
[INFO] [stdout] 8 |     let port = from_str::<int>(&*port);
[INFO] [stdout]   |                ^^^^^^^^ not found in this scope
[INFO] [stdout] 
[INFO] [stdout] 
[INFO] [stdout] error[E0412]: cannot find type `int` in this scope
[INFO] [stdout]  --> src/main.rs:8:27
[INFO] [stdout]   |
[INFO] [stdout] 8 |     let port = from_str::<int>(&*port);
[INFO] [stdout]   |                           ^^^
[INFO] [stdout]   |                           |
[INFO] [stdout]   |                           not found in this scope
[INFO] [stdout]   |                           help: perhaps you intended to use this type: `i32`
[INFO] [stdout] 
[INFO] [stdout] 
[INFO] [stdout] error[E0425]: cannot find value `a` in this scope
[INFO] [stdout]  --> src/main.rs:9:39
[INFO] [stdout]   |
[INFO] [stdout] 9 |     let ip = dotenv::var("IP").unwrap(a);
[INFO] [stdout]   |                                       ^ not found in this scope
[INFO] [stdout] 
[INFO] [stdout] 
[INFO] [stdout] error[E0423]: expected function, tuple struct or tuple variant, found struct `std::net::Ipv4Addr`
[INFO] [stdout]   --> src/main.rs:10:14
[INFO] [stdout]    |
[INFO] [stdout] 10 |       let ip = std::net::Ipv4Addr(ip);
[INFO] [stdout]    |                ^^^^^^^^^^^^^^^^^^^^^^ help: use struct literal syntax instead: `std::net::Ipv4Addr { inner: val }`
[INFO] [stdout] 
[INFO] [stdout] 
[INFO] [stdout] error[E0061]: this function takes 0 arguments but 1 argument was supplied
[INFO] [stdout]     --> src/main.rs:9:32
[INFO] [stdout]      |
[INFO] [stdout] 9    |     let ip = dotenv::var("IP").unwrap(a);
[INFO] [stdout]      |                                ^^^^^^ - supplied 1 argument
[INFO] [stdout]      |                                |
[INFO] [stdout]      |                                expected 0 arguments
[INFO] [stdout]      |
[INFO] [stdout] note: associated function defined here
[INFO] [stdout] 
[INFO] [stdout] 
[INFO] [stdout] error: aborting due to 6 previous errors
[INFO] [stdout] 
[INFO] [stdout] 
[INFO] [stdout] Some errors have detailed explanations: E0061, E0412, E0423, E0425, E0432.
[INFO] [stdout] 
[INFO] [stdout] For more information about an error, try `rustc --explain E0061`.
[INFO] [stdout] 
[INFO] [stderr] error: could not compile `rusty_wall` due to 7 previous errors
[INFO] [stdout] error[E0425]: cannot find function `from_str` in this scope
[INFO] [stdout]  --> src/main.rs:8:16
[INFO] [stdout]   |
[INFO] [stdout] 8 |     let port = from_str::<int>(&*port);
[INFO] [stdout]   |                ^^^^^^^^ not found in this scope
[INFO] [stdout] 
[INFO] [stdout] 
[INFO] [stderr] warning: build failed, waiting for other jobs to finish...
[INFO] [stdout] error[E0412]: cannot find type `int` in this scope
[INFO] [stdout]  --> src/main.rs:8:27
[INFO] [stdout]   |
[INFO] [stdout] 8 |     let port = from_str::<int>(&*port);
[INFO] [stdout]   |                           ^^^
[INFO] [stdout]   |                           |
[INFO] [stdout]   |                           not found in this scope
[INFO] [stdout]   |                           help: perhaps you intended to use this type: `i32`
[INFO] [stdout] 
[INFO] [stdout] 
[INFO] [stdout] error[E0425]: cannot find value `a` in this scope
[INFO] [stdout]  --> src/main.rs:9:39
[INFO] [stdout]   |
[INFO] [stdout] 9 |     let ip = dotenv::var("IP").unwrap(a);
[INFO] [stdout]   |                                       ^ not found in this scope
[INFO] [stdout] 
[INFO] [stdout] 
[INFO] [stdout] error[E0423]: expected function, tuple struct or tuple variant, found struct `std::net::Ipv4Addr`
[INFO] [stdout]   --> src/main.rs:10:14
[INFO] [stdout]    |
[INFO] [stdout] 10 |       let ip = std::net::Ipv4Addr(ip);
[INFO] [stdout]    |                ^^^^^^^^^^^^^^^^^^^^^^ help: use struct literal syntax instead: `std::net::Ipv4Addr { inner: val }`
[INFO] [stdout] 
[INFO] [stdout] 
[INFO] [stdout] error[E0061]: this function takes 0 arguments but 1 argument was supplied
[INFO] [stdout]     --> src/main.rs:9:32
[INFO] [stdout]      |
[INFO] [stdout] 9    |     let ip = dotenv::var("IP").unwrap(a);
[INFO] [stdout]      |                                ^^^^^^ - supplied 1 argument
[INFO] [stdout]      |                                |
[INFO] [stdout]      |                                expected 0 arguments
[INFO] [stdout]      |
[INFO] [stdout] note: associated function defined here
[INFO] [stdout] 
[INFO] [stdout] 
[INFO] [stdout] error: aborting due to 6 previous errors
[INFO] [stdout] 
[INFO] [stdout] 
[INFO] [stdout] Some errors have detailed explanations: E0061, E0412, E0423, E0425, E0432.
[INFO] [stdout] 
[INFO] [stdout] For more information about an error, try `rustc --explain E0061`.
[INFO] [stdout] 
[INFO] [stderr] error: build failed
[INFO] running `Command { std: "docker" "inspect" "18dc742b2829db776d8744e8dde4be0f81a22a2943b86b042f6f34ea834bcc8c", kill_on_drop: false }`
[INFO] running `Command { std: "docker" "rm" "-f" "18dc742b2829db776d8744e8dde4be0f81a22a2943b86b042f6f34ea834bcc8c", kill_on_drop: false }`
[INFO] [stdout] 18dc742b2829db776d8744e8dde4be0f81a22a2943b86b042f6f34ea834bcc8c
