[INFO] cloning repository https://github.com/UnlimitedHugs/bevy-ecs-wasm
[INFO] running `Command { std: "git" "-c" "credential.helper=" "-c" "credential.helper=/workspace/cargo-home/bin/git-credential-null" "clone" "--bare" "https://github.com/UnlimitedHugs/bevy-ecs-wasm" "/workspace/cache/git-repos/https%3A%2F%2Fgithub.com%2FUnlimitedHugs%2Fbevy-ecs-wasm", kill_on_drop: false }`
[INFO] [stderr] Cloning into bare repository '/workspace/cache/git-repos/https%3A%2F%2Fgithub.com%2FUnlimitedHugs%2Fbevy-ecs-wasm'...
[INFO] running `Command { std: "git" "rev-parse" "HEAD", kill_on_drop: false }`
[INFO] [stdout] cceb5a1790d39e253e22e3a7aa6b498f39368349
[INFO] checking UnlimitedHugs/bevy-ecs-wasm against beta-2021-10-15 for beta-1.56-3
[INFO] running `Command { std: "git" "clone" "/workspace/cache/git-repos/https%3A%2F%2Fgithub.com%2FUnlimitedHugs%2Fbevy-ecs-wasm" "/workspace/builds/worker-0/source", kill_on_drop: false }`
[INFO] [stderr] Cloning into '/workspace/builds/worker-0/source'...
[INFO] [stderr] done.
[INFO] validating manifest of git repo https://github.com/UnlimitedHugs/bevy-ecs-wasm on toolchain beta-2021-10-15
[INFO] running `Command { std: "/workspace/cargo-home/bin/cargo" "+beta-2021-10-15" "metadata" "--manifest-path" "Cargo.toml" "--no-deps", kill_on_drop: false }`
[INFO] started tweaking git repo https://github.com/UnlimitedHugs/bevy-ecs-wasm
[INFO] finished tweaking git repo https://github.com/UnlimitedHugs/bevy-ecs-wasm
[INFO] tweaked toml for git repo https://github.com/UnlimitedHugs/bevy-ecs-wasm written to /workspace/builds/worker-0/source/Cargo.toml
[INFO] crate git repo https://github.com/UnlimitedHugs/bevy-ecs-wasm already has a lockfile, it will not be regenerated
[INFO] running `Command { std: "/workspace/cargo-home/bin/cargo" "+beta-2021-10-15" "fetch" "--manifest-path" "Cargo.toml", kill_on_drop: false }`
[INFO] [stderr]     Blocking waiting for file lock on package cache
[INFO] [stderr]     Blocking waiting for file lock on package cache
[INFO] running `Command { std: "docker" "create" "-v" "/var/lib/crater-agent-workspace/builds/worker-0/target:/opt/rustwide/target:rw,Z" "-v" "/var/lib/crater-agent-workspace/builds/worker-0/source:/opt/rustwide/workdir:ro,Z" "-v" "/var/lib/crater-agent-workspace/cargo-home:/opt/rustwide/cargo-home:ro,Z" "-v" "/var/lib/crater-agent-workspace/rustup-home:/opt/rustwide/rustup-home:ro,Z" "-e" "SOURCE_DIR=/opt/rustwide/workdir" "-e" "CARGO_TARGET_DIR=/opt/rustwide/target" "-e" "CARGO_HOME=/opt/rustwide/cargo-home" "-e" "RUSTUP_HOME=/opt/rustwide/rustup-home" "-w" "/opt/rustwide/workdir" "-m" "1610612736" "--user" "0:0" "--network" "none" "ghcr.io/rust-lang/crates-build-env/linux@sha256:a89201d6b5b9fd45c15d5952ece0a0129e7e80cb26ec023fd59cf09bc26f1604" "/opt/rustwide/cargo-home/bin/cargo" "+beta-2021-10-15" "metadata" "--no-deps" "--format-version=1", kill_on_drop: false }`
[INFO] [stdout] 6adba90f78dc6d94f816c58336cdd2d218f2a5608ab96a675f320e5eb4e1b226
[INFO] running `Command { std: "docker" "start" "-a" "6adba90f78dc6d94f816c58336cdd2d218f2a5608ab96a675f320e5eb4e1b226", kill_on_drop: false }`
[INFO] running `Command { std: "docker" "inspect" "6adba90f78dc6d94f816c58336cdd2d218f2a5608ab96a675f320e5eb4e1b226", kill_on_drop: false }`
[INFO] running `Command { std: "docker" "rm" "-f" "6adba90f78dc6d94f816c58336cdd2d218f2a5608ab96a675f320e5eb4e1b226", kill_on_drop: false }`
[INFO] [stdout] 6adba90f78dc6d94f816c58336cdd2d218f2a5608ab96a675f320e5eb4e1b226
[INFO] running `Command { std: "docker" "create" "-v" "/var/lib/crater-agent-workspace/builds/worker-0/target:/opt/rustwide/target:rw,Z" "-v" "/var/lib/crater-agent-workspace/builds/worker-0/source:/opt/rustwide/workdir:ro,Z" "-v" "/var/lib/crater-agent-workspace/cargo-home:/opt/rustwide/cargo-home:ro,Z" "-v" "/var/lib/crater-agent-workspace/rustup-home:/opt/rustwide/rustup-home:ro,Z" "-e" "SOURCE_DIR=/opt/rustwide/workdir" "-e" "CARGO_TARGET_DIR=/opt/rustwide/target" "-e" "CARGO_INCREMENTAL=0" "-e" "RUST_BACKTRACE=full" "-e" "RUSTFLAGS=--cap-lints=warn" "-e" "CARGO_HOME=/opt/rustwide/cargo-home" "-e" "RUSTUP_HOME=/opt/rustwide/rustup-home" "-w" "/opt/rustwide/workdir" "-m" "1610612736" "--user" "0:0" "--network" "none" "ghcr.io/rust-lang/crates-build-env/linux@sha256:a89201d6b5b9fd45c15d5952ece0a0129e7e80cb26ec023fd59cf09bc26f1604" "/opt/rustwide/cargo-home/bin/cargo" "+beta-2021-10-15" "check" "--frozen" "--all" "--all-targets" "--message-format=json", kill_on_drop: false }`
[INFO] [stdout] 6f45158b9dbdf75d4a5bc8d182ede6d7249d236e4e9b55df24cb64844c2a826e
[INFO] running `Command { std: "docker" "start" "-a" "6f45158b9dbdf75d4a5bc8d182ede6d7249d236e4e9b55df24cb64844c2a826e", kill_on_drop: false }`
[INFO] [stderr]     Blocking waiting for file lock on package cache
[INFO] [stderr]    Compiling syn v1.0.74
[INFO] [stderr]     Checking fixedbitset v0.4.0
[INFO] [stderr]    Compiling thiserror-impl v1.0.26
[INFO] [stderr]    Compiling bevy_ecs_macros v0.5.0 (/opt/rustwide/workdir/macros)
[INFO] [stderr]     Checking thiserror v1.0.26
[INFO] [stderr]     Checking bevy_ecs_wasm v0.5.0 (/opt/rustwide/workdir)
[INFO] [stdout] error[E0433]: failed to resolve: use of undeclared crate or module `bevy_ecs_wasm`
[INFO] [stdout]   --> src/lib.rs:72:18
[INFO] [stdout]    |
[INFO] [stdout] 72 |         #[derive(Bundle, PartialEq, Debug)]
[INFO] [stdout]    |                  ^^^^^^ use of undeclared crate or module `bevy_ecs_wasm`
[INFO] [stdout]    |
[INFO] [stdout]    = note: this error originates in the derive macro `Bundle` (in Nightly builds, run with -Z macro-backtrace for more info)
[INFO] [stdout] 
[INFO] [stdout] 
[INFO] [stdout] error[E0433]: failed to resolve: use of undeclared crate or module `bevy_ecs_wasm`
[INFO] [stdout]    --> src/lib.rs:102:18
[INFO] [stdout]     |
[INFO] [stdout] 102 |         #[derive(Bundle, PartialEq, Debug)]
[INFO] [stdout]     |                  ^^^^^^ use of undeclared crate or module `bevy_ecs_wasm`
[INFO] [stdout]     |
[INFO] [stdout]     = note: this error originates in the derive macro `Bundle` (in Nightly builds, run with -Z macro-backtrace for more info)
[INFO] [stdout] 
[INFO] [stdout] 
[INFO] [stdout] error[E0433]: failed to resolve: use of undeclared crate or module `bevy_ecs_wasm`
[INFO] [stdout]   --> src/lib.rs:72:18
[INFO] [stdout]    |
[INFO] [stdout] 72 |         #[derive(Bundle, PartialEq, Debug)]
[INFO] [stdout]    |                  ^^^^^^ not found in `bevy_ecs_wasm::component`
[INFO] [stdout]    |
[INFO] [stdout]    = note: this error originates in the derive macro `Bundle` (in Nightly builds, run with -Z macro-backtrace for more info)
[INFO] [stdout] help: consider importing this struct
[INFO] [stdout]    |
[INFO] [stdout] 33 |     use crate::component::TypeInfo;
[INFO] [stdout]    |
[INFO] [stdout] 
[INFO] [stdout] 
[INFO] [stdout] error[E0433]: failed to resolve: use of undeclared crate or module `bevy_ecs_wasm`
[INFO] [stdout]    --> src/lib.rs:102:18
[INFO] [stdout]     |
[INFO] [stdout] 102 |         #[derive(Bundle, PartialEq, Debug)]
[INFO] [stdout]     |                  ^^^^^^ not found in `bevy_ecs_wasm::component`
[INFO] [stdout]     |
[INFO] [stdout]     = note: this error originates in the derive macro `Bundle` (in Nightly builds, run with -Z macro-backtrace for more info)
[INFO] [stdout] help: consider importing this struct
[INFO] [stdout]     |
[INFO] [stdout] 33  |     use crate::component::TypeInfo;
[INFO] [stdout]     |
[INFO] [stdout] 
[INFO] [stdout] 
[INFO] [stdout] warning: unused import: `crate as bevy_ecs`
[INFO] [stdout]   --> src/lib.rs:71:13
[INFO] [stdout]    |
[INFO] [stdout] 71 |         use crate as bevy_ecs;
[INFO] [stdout]    |             ^^^^^^^^^^^^^^^^^
[INFO] [stdout]    |
[INFO] [stdout]    = note: `#[warn(unused_imports)]` on by default
[INFO] [stdout] 
[INFO] [stdout] 
[INFO] [stdout] error: aborting due to 4 previous errors; 1 warning emitted
[INFO] [stdout] 
[INFO] [stdout] 
[INFO] [stdout] For more information about this error, try `rustc --explain E0433`.
[INFO] [stdout] 
[INFO] [stderr] error: could not compile `bevy_ecs_wasm` due to 5 previous errors; 1 warning emitted
[INFO] [stderr] warning: build failed, waiting for other jobs to finish...
[INFO] [stderr] error: build failed
[INFO] running `Command { std: "docker" "inspect" "6f45158b9dbdf75d4a5bc8d182ede6d7249d236e4e9b55df24cb64844c2a826e", kill_on_drop: false }`
[INFO] running `Command { std: "docker" "rm" "-f" "6f45158b9dbdf75d4a5bc8d182ede6d7249d236e4e9b55df24cb64844c2a826e", kill_on_drop: false }`
[INFO] [stdout] 6f45158b9dbdf75d4a5bc8d182ede6d7249d236e4e9b55df24cb64844c2a826e
