[INFO] cloning repository https://github.com/Tzrlk/myth
[INFO] running `Command { std: "git" "-c" "credential.helper=" "-c" "credential.helper=/workspace/cargo-home/bin/git-credential-null" "clone" "--bare" "https://github.com/Tzrlk/myth" "/workspace/cache/git-repos/https%3A%2F%2Fgithub.com%2FTzrlk%2Fmyth", kill_on_drop: false }`
[INFO] [stderr] Cloning into bare repository '/workspace/cache/git-repos/https%3A%2F%2Fgithub.com%2FTzrlk%2Fmyth'...
[INFO] running `Command { std: "git" "rev-parse" "HEAD", kill_on_drop: false }`
[INFO] [stdout] 075f2c1b0710ace560d5407632ffe4d488a016b2
[INFO] checking Tzrlk/myth against beta-2021-10-15 for beta-1.56-3
[INFO] running `Command { std: "git" "clone" "/workspace/cache/git-repos/https%3A%2F%2Fgithub.com%2FTzrlk%2Fmyth" "/workspace/builds/worker-77/source", kill_on_drop: false }`
[INFO] [stderr] Cloning into '/workspace/builds/worker-77/source'...
[INFO] [stderr] done.
[INFO] validating manifest of git repo https://github.com/Tzrlk/myth on toolchain beta-2021-10-15
[INFO] running `Command { std: "/workspace/cargo-home/bin/cargo" "+beta-2021-10-15" "metadata" "--manifest-path" "Cargo.toml" "--no-deps", kill_on_drop: false }`
[INFO] started tweaking git repo https://github.com/Tzrlk/myth
[INFO] finished tweaking git repo https://github.com/Tzrlk/myth
[INFO] tweaked toml for git repo https://github.com/Tzrlk/myth written to /workspace/builds/worker-77/source/Cargo.toml
[INFO] crate git repo https://github.com/Tzrlk/myth already has a lockfile, it will not be regenerated
[INFO] running `Command { std: "/workspace/cargo-home/bin/cargo" "+beta-2021-10-15" "fetch" "--manifest-path" "Cargo.toml", kill_on_drop: false }`
[INFO] [stderr]     Blocking waiting for file lock on package cache
[INFO] [stderr]     Blocking waiting for file lock on package cache
[INFO] [stderr]  Downloading crates ...
[INFO] [stderr]   Downloaded lru-cache v0.1.1
[INFO] [stderr]   Downloaded crossbeam v0.2.12
[INFO] [stderr]   Downloaded serde_yaml v0.5.1
[INFO] [stderr]   Downloaded dtoa v0.3.1
[INFO] [stderr]   Downloaded linked-hash-map v0.3.0
[INFO] [stderr]   Downloaded chrono v0.2.25
[INFO] [stderr]   Downloaded serde_test v0.8.23
[INFO] [stderr]   Downloaded log v0.4.3
[INFO] [stderr]   Downloaded num v0.2.0
[INFO] [stderr]   Downloaded log-mdc v0.1.0
[INFO] [stderr]   Downloaded num-iter v0.1.37
[INFO] [stderr]   Downloaded cfg-if v0.1.4
[INFO] [stderr]   Downloaded atty v0.2.10
[INFO] [stderr]   Downloaded siphasher v0.2.2
[INFO] [stderr]   Downloaded phf_shared v0.7.22
[INFO] [stderr]   Downloaded pkg-config v0.3.11
[INFO] [stderr]   Downloaded serde-value v0.3.1
[INFO] [stderr]   Downloaded serde v0.8.23
[INFO] [stderr]   Downloaded log4rs v0.5.2
[INFO] [stderr]   Downloaded num-traits v0.2.5
[INFO] [stderr]   Downloaded num-bigint v0.2.0
[INFO] [stderr]   Downloaded num-rational v0.2.1
[INFO] [stderr]   Downloaded libsqlite3-sys v0.9.1
[INFO] [stderr]   Downloaded ordered-float v0.2.3
[INFO] [stderr]   Downloaded rusqlite v0.13.0
[INFO] [stderr]   Downloaded stainless v0.1.12
[INFO] [stderr]   Downloaded cc v1.0.17
[INFO] [stderr]   Downloaded linked-hash-map v0.4.2
[INFO] [stderr]   Downloaded vcpkg v0.2.4
[INFO] [stderr]   Downloaded unreachable v0.1.1
[INFO] [stderr]   Downloaded phf v0.7.22
[INFO] [stderr]   Downloaded num-complex v0.2.0
[INFO] running `Command { std: "docker" "create" "-v" "/var/lib/crater-agent-workspace/builds/worker-77/target:/opt/rustwide/target:rw,Z" "-v" "/var/lib/crater-agent-workspace/builds/worker-77/source:/opt/rustwide/workdir:ro,Z" "-v" "/var/lib/crater-agent-workspace/cargo-home:/opt/rustwide/cargo-home:ro,Z" "-v" "/var/lib/crater-agent-workspace/rustup-home:/opt/rustwide/rustup-home:ro,Z" "-e" "SOURCE_DIR=/opt/rustwide/workdir" "-e" "CARGO_TARGET_DIR=/opt/rustwide/target" "-e" "CARGO_HOME=/opt/rustwide/cargo-home" "-e" "RUSTUP_HOME=/opt/rustwide/rustup-home" "-w" "/opt/rustwide/workdir" "-m" "1610612736" "--user" "0:0" "--network" "none" "ghcr.io/rust-lang/crates-build-env/linux@sha256:a89201d6b5b9fd45c15d5952ece0a0129e7e80cb26ec023fd59cf09bc26f1604" "/opt/rustwide/cargo-home/bin/cargo" "+beta-2021-10-15" "metadata" "--no-deps" "--format-version=1", kill_on_drop: false }`
[INFO] [stdout] f1a60d535c4a1aa5edb6fc1c68caa637666436dccff39a8bf860f95eee7c13de
[INFO] running `Command { std: "docker" "start" "-a" "f1a60d535c4a1aa5edb6fc1c68caa637666436dccff39a8bf860f95eee7c13de", kill_on_drop: false }`
[INFO] running `Command { std: "docker" "inspect" "f1a60d535c4a1aa5edb6fc1c68caa637666436dccff39a8bf860f95eee7c13de", kill_on_drop: false }`
[INFO] running `Command { std: "docker" "rm" "-f" "f1a60d535c4a1aa5edb6fc1c68caa637666436dccff39a8bf860f95eee7c13de", kill_on_drop: false }`
[INFO] [stdout] f1a60d535c4a1aa5edb6fc1c68caa637666436dccff39a8bf860f95eee7c13de
[INFO] running `Command { std: "docker" "create" "-v" "/var/lib/crater-agent-workspace/builds/worker-77/target:/opt/rustwide/target:rw,Z" "-v" "/var/lib/crater-agent-workspace/builds/worker-77/source:/opt/rustwide/workdir:ro,Z" "-v" "/var/lib/crater-agent-workspace/cargo-home:/opt/rustwide/cargo-home:ro,Z" "-v" "/var/lib/crater-agent-workspace/rustup-home:/opt/rustwide/rustup-home:ro,Z" "-e" "SOURCE_DIR=/opt/rustwide/workdir" "-e" "CARGO_TARGET_DIR=/opt/rustwide/target" "-e" "CARGO_INCREMENTAL=0" "-e" "RUST_BACKTRACE=full" "-e" "RUSTFLAGS=--cap-lints=warn" "-e" "CARGO_HOME=/opt/rustwide/cargo-home" "-e" "RUSTUP_HOME=/opt/rustwide/rustup-home" "-w" "/opt/rustwide/workdir" "-m" "1610612736" "--user" "0:0" "--network" "none" "ghcr.io/rust-lang/crates-build-env/linux@sha256:a89201d6b5b9fd45c15d5952ece0a0129e7e80cb26ec023fd59cf09bc26f1604" "/opt/rustwide/cargo-home/bin/cargo" "+beta-2021-10-15" "check" "--frozen" "--all" "--all-targets" "--message-format=json", kill_on_drop: false }`
[INFO] [stdout] 7ab0cc53a746e6bd0a79c806682e9927a89b10cc757437ab95898d568a4485f1
[INFO] running `Command { std: "docker" "start" "-a" "7ab0cc53a746e6bd0a79c806682e9927a89b10cc757437ab95898d568a4485f1", kill_on_drop: false }`
[INFO] [stderr]     Blocking waiting for file lock on package cache
[INFO] [stderr]    Compiling num-traits v0.2.5
[INFO] [stderr]    Compiling num-integer v0.1.39
[INFO] [stderr]    Compiling num-iter v0.1.37
[INFO] [stderr]     Checking serde v0.8.23
[INFO] [stderr]    Compiling cc v1.0.17
[INFO] [stderr]    Compiling num-bigint v0.2.0
[INFO] [stderr]    Compiling num-rational v0.2.1
[INFO] [stderr]    Compiling num-complex v0.2.0
[INFO] [stderr]     Checking linked-hash-map v0.4.2
[INFO] [stderr]     Checking dtoa v0.3.1
[INFO] [stderr]    Compiling myth v0.1.0 (/opt/rustwide/workdir)
[INFO] [stderr]     Checking log-mdc v0.1.0
[INFO] [stderr]     Checking crossbeam v0.2.12
[INFO] [stderr]     Checking antidote v1.0.0
[INFO] [stderr]     Checking fnv v1.0.6
[INFO] [stderr]    Compiling stainless v0.1.12
[INFO] [stderr]     Checking unreachable v0.1.1
[INFO] [stderr]     Checking phf_shared v0.7.22
[INFO] [stderr]     Checking humantime v1.1.1
[INFO] [stderr]     Checking log v0.3.9
[INFO] [stderr]     Checking rand v0.3.22
[INFO] [stderr]     Checking clap v2.32.0
[INFO] [stdout] error[E0557]: feature has been removed
[INFO] [stdout]  --> /opt/rustwide/cargo-home/registry/src/github.com-1ecc6299db9ec823/stainless-0.1.12/src/lib.rs:7:12
[INFO] [stdout]   |
[INFO] [stdout] 7 | #![feature(plugin_registrar, quote, rustc_private)]
[INFO] [stdout]   |            ^^^^^^^^^^^^^^^^ feature has been removed
[INFO] [stdout]   |
[INFO] [stdout]   = note: a __rustc_plugin_registrar symbol must now be defined instead
[INFO] [stdout] 
[INFO] [stdout] 
[INFO] [stdout] error[E0557]: feature has been removed
[INFO] [stdout]  --> /opt/rustwide/cargo-home/registry/src/github.com-1ecc6299db9ec823/stainless-0.1.12/src/lib.rs:7:30
[INFO] [stdout]   |
[INFO] [stdout] 7 | #![feature(plugin_registrar, quote, rustc_private)]
[INFO] [stdout]   |                              ^^^^^ feature has been removed
[INFO] [stdout] 
[INFO] [stdout] 
[INFO] [stdout] error[E0463]: can't find crate for `syntax`
[INFO] [stdout]    --> /opt/rustwide/cargo-home/registry/src/github.com-1ecc6299db9ec823/stainless-0.1.12/src/lib.rs:171:1
[INFO] [stdout]     |
[INFO] [stdout] 171 | extern crate syntax;
[INFO] [stdout]     | ^^^^^^^^^^^^^^^^^^^^ can't find crate
[INFO] [stdout] 
[INFO] [stdout] 
[INFO] [stdout] error: aborting due to 3 previous errors
[INFO] [stdout] 
[INFO] [stdout] 
[INFO] [stdout] Some errors have detailed explanations: E0463, E0557.
[INFO] [stdout] 
[INFO] [stdout] For more information about an error, try `rustc --explain E0463`.
[INFO] [stdout] 
[INFO] [stderr] error: could not compile `stainless` due to 4 previous errors
[INFO] [stderr] warning: build failed, waiting for other jobs to finish...
[INFO] [stderr] error: build failed
[INFO] running `Command { std: "docker" "inspect" "7ab0cc53a746e6bd0a79c806682e9927a89b10cc757437ab95898d568a4485f1", kill_on_drop: false }`
[INFO] running `Command { std: "docker" "rm" "-f" "7ab0cc53a746e6bd0a79c806682e9927a89b10cc757437ab95898d568a4485f1", kill_on_drop: false }`
[INFO] [stdout] 7ab0cc53a746e6bd0a79c806682e9927a89b10cc757437ab95898d568a4485f1
