[INFO] cloning repository https://github.com/Turbo87/hosted-git-info-rs
[INFO] running `Command { std: "git" "-c" "credential.helper=" "-c" "credential.helper=/workspace/cargo-home/bin/git-credential-null" "clone" "--bare" "https://github.com/Turbo87/hosted-git-info-rs" "/workspace/cache/git-repos/https%3A%2F%2Fgithub.com%2FTurbo87%2Fhosted-git-info-rs", kill_on_drop: false }`
[INFO] [stderr] Cloning into bare repository '/workspace/cache/git-repos/https%3A%2F%2Fgithub.com%2FTurbo87%2Fhosted-git-info-rs'...
[INFO] running `Command { std: "git" "rev-parse" "HEAD", kill_on_drop: false }`
[INFO] [stdout] e8961494abd3fe3e524867a18d6cec1723838fbc
[INFO] checking Turbo87/hosted-git-info-rs against 1.55.0 for beta-1.56-3
[INFO] running `Command { std: "git" "clone" "/workspace/cache/git-repos/https%3A%2F%2Fgithub.com%2FTurbo87%2Fhosted-git-info-rs" "/workspace/builds/worker-83/source", kill_on_drop: false }`
[INFO] [stderr] Cloning into '/workspace/builds/worker-83/source'...
[INFO] [stderr] done.
[INFO] validating manifest of git repo https://github.com/Turbo87/hosted-git-info-rs on toolchain 1.55.0
[INFO] running `Command { std: "/workspace/cargo-home/bin/cargo" "+1.55.0" "metadata" "--manifest-path" "Cargo.toml" "--no-deps", kill_on_drop: false }`
[INFO] removed /workspace/builds/worker-83/source/rust-toolchain.toml
[INFO] started tweaking git repo https://github.com/Turbo87/hosted-git-info-rs
[INFO] finished tweaking git repo https://github.com/Turbo87/hosted-git-info-rs
[INFO] tweaked toml for git repo https://github.com/Turbo87/hosted-git-info-rs written to /workspace/builds/worker-83/source/Cargo.toml
[INFO] crate git repo https://github.com/Turbo87/hosted-git-info-rs already has a lockfile, it will not be regenerated
[INFO] running `Command { std: "/workspace/cargo-home/bin/cargo" "+1.55.0" "fetch" "--manifest-path" "Cargo.toml", kill_on_drop: false }`
[INFO] [stderr] warning: only one of `license` or `license-file` is necessary
[INFO] [stderr]     Blocking waiting for file lock on package cache
[INFO] [stderr]     Blocking waiting for file lock on package cache
[INFO] running `Command { std: "docker" "create" "-v" "/var/lib/crater-agent-workspace/builds/worker-83/target:/opt/rustwide/target:rw,Z" "-v" "/var/lib/crater-agent-workspace/builds/worker-83/source:/opt/rustwide/workdir:ro,Z" "-v" "/var/lib/crater-agent-workspace/cargo-home:/opt/rustwide/cargo-home:ro,Z" "-v" "/var/lib/crater-agent-workspace/rustup-home:/opt/rustwide/rustup-home:ro,Z" "-e" "SOURCE_DIR=/opt/rustwide/workdir" "-e" "CARGO_TARGET_DIR=/opt/rustwide/target" "-e" "CARGO_HOME=/opt/rustwide/cargo-home" "-e" "RUSTUP_HOME=/opt/rustwide/rustup-home" "-w" "/opt/rustwide/workdir" "-m" "1610612736" "--user" "0:0" "--network" "none" "ghcr.io/rust-lang/crates-build-env/linux@sha256:a89201d6b5b9fd45c15d5952ece0a0129e7e80cb26ec023fd59cf09bc26f1604" "/opt/rustwide/cargo-home/bin/cargo" "+1.55.0" "metadata" "--no-deps" "--format-version=1", kill_on_drop: false }`
[INFO] [stdout] c05e88110897878149b2665241e6b51a303fe557287f2586da6952c71ffaf8a5
[INFO] running `Command { std: "docker" "start" "-a" "c05e88110897878149b2665241e6b51a303fe557287f2586da6952c71ffaf8a5", kill_on_drop: false }`
[INFO] running `Command { std: "docker" "inspect" "c05e88110897878149b2665241e6b51a303fe557287f2586da6952c71ffaf8a5", kill_on_drop: false }`
[INFO] running `Command { std: "docker" "rm" "-f" "c05e88110897878149b2665241e6b51a303fe557287f2586da6952c71ffaf8a5", kill_on_drop: false }`
[INFO] [stdout] c05e88110897878149b2665241e6b51a303fe557287f2586da6952c71ffaf8a5
[INFO] running `Command { std: "docker" "create" "-v" "/var/lib/crater-agent-workspace/builds/worker-83/target:/opt/rustwide/target:rw,Z" "-v" "/var/lib/crater-agent-workspace/builds/worker-83/source:/opt/rustwide/workdir:ro,Z" "-v" "/var/lib/crater-agent-workspace/cargo-home:/opt/rustwide/cargo-home:ro,Z" "-v" "/var/lib/crater-agent-workspace/rustup-home:/opt/rustwide/rustup-home:ro,Z" "-e" "SOURCE_DIR=/opt/rustwide/workdir" "-e" "CARGO_TARGET_DIR=/opt/rustwide/target" "-e" "CARGO_INCREMENTAL=0" "-e" "RUST_BACKTRACE=full" "-e" "RUSTFLAGS=--cap-lints=warn" "-e" "CARGO_HOME=/opt/rustwide/cargo-home" "-e" "RUSTUP_HOME=/opt/rustwide/rustup-home" "-w" "/opt/rustwide/workdir" "-m" "1610612736" "--user" "0:0" "--network" "none" "ghcr.io/rust-lang/crates-build-env/linux@sha256:a89201d6b5b9fd45c15d5952ece0a0129e7e80cb26ec023fd59cf09bc26f1604" "/opt/rustwide/cargo-home/bin/cargo" "+1.55.0" "check" "--frozen" "--all" "--all-targets" "--message-format=json", kill_on_drop: false }`
[INFO] [stdout] 3334b7bda8eada034dd38119b8742799d274dd181443af88dfd55568aab2377c
[INFO] running `Command { std: "docker" "start" "-a" "3334b7bda8eada034dd38119b8742799d274dd181443af88dfd55568aab2377c", kill_on_drop: false }`
[INFO] [stderr] warning: only one of `license` or `license-file` is necessary
[INFO] [stderr]     Blocking waiting for file lock on package cache
[INFO] [stderr]    Compiling libc v0.2.102
[INFO] [stderr]     Checking remove_dir_all v0.5.3
[INFO] [stderr]     Checking bit-vec v0.6.3
[INFO] [stderr]     Checking quick-error v2.0.1
[INFO] [stderr]     Checking regex-syntax v0.6.25
[INFO] [stderr]     Checking byteorder v1.4.3
[INFO] [stderr]     Checking tinyvec v1.3.1
[INFO] [stderr]    Compiling num-traits v0.2.14
[INFO] [stderr]    Compiling claim v0.5.0
[INFO] [stderr]    Compiling thiserror-impl v1.0.26
[INFO] [stderr]     Checking bit-set v0.5.2
[INFO] [stderr]     Checking thiserror v1.0.26
[INFO] [stderr]     Checking unicode-normalization v0.1.19
[INFO] [stderr]     Checking getrandom v0.2.3
[INFO] [stderr]     Checking wait-timeout v0.2.0
[INFO] [stderr]     Checking rand_core v0.6.3
[INFO] [stderr]     Checking idna v0.2.3
[INFO] [stderr]     Checking rand_chacha v0.3.1
[INFO] [stderr]     Checking rand_xorshift v0.3.0
[INFO] [stderr]     Checking rand v0.8.4
[INFO] [stderr]     Checking url v2.2.2
[INFO] [stderr]     Checking tempfile v3.2.0
[INFO] [stderr]     Checking hosted-git-info v0.1.2 (/opt/rustwide/workdir)
[INFO] [stderr]     Checking rusty-fork v0.3.0
[INFO] [stderr]     Checking proptest v1.0.0
[INFO] [stdout] error[E0432]: unresolved import `hosted_git_info::HostedGitInfoBuilder`
[INFO] [stdout]  --> tests/gitlab.rs:3:38
[INFO] [stdout]   |
[INFO] [stdout] 3 | use hosted_git_info::{HostedGitInfo, HostedGitInfoBuilder, Provider};
[INFO] [stdout]   |                                      ^^^^^^^^^^^^^^^^^^^^ no `HostedGitInfoBuilder` in the root
[INFO] [stdout] 
[INFO] [stdout] 
[INFO] [stdout] error[E0432]: unresolved import `hosted_git_info::HostedGitInfoBuilder`
[INFO] [stdout]  --> tests/gist.rs:3:38
[INFO] [stdout]   |
[INFO] [stdout] 3 | use hosted_git_info::{HostedGitInfo, HostedGitInfoBuilder, Provider};
[INFO] [stdout]   |                                      ^^^^^^^^^^^^^^^^^^^^ no `HostedGitInfoBuilder` in the root
[INFO] [stdout] 
[INFO] [stdout] 
[INFO] [stdout] error[E0432]: unresolved import `hosted_git_info::HostedGitInfoBuilder`
[INFO] [stdout]  --> tests/github.rs:3:38
[INFO] [stdout]   |
[INFO] [stdout] 3 | use hosted_git_info::{HostedGitInfo, HostedGitInfoBuilder, Provider};
[INFO] [stdout]   |                                      ^^^^^^^^^^^^^^^^^^^^ no `HostedGitInfoBuilder` in the root
[INFO] [stdout] 
[INFO] [stdout] 
[INFO] [stdout] error[E0432]: unresolved import `hosted_git_info::HostedGitInfoBuilder`
[INFO] [stdout]  --> tests/bitbucket.rs:3:38
[INFO] [stdout]   |
[INFO] [stdout] 3 | use hosted_git_info::{HostedGitInfo, HostedGitInfoBuilder, Provider};
[INFO] [stdout]   |                                      ^^^^^^^^^^^^^^^^^^^^ no `HostedGitInfoBuilder` in the root
[INFO] [stdout] 
[INFO] [stdout] 
[INFO] [stdout] error: aborting due to previous error
[INFO] [stdout] 
[INFO] [stdout] 
[INFO] [stdout] For more information about this error, try `rustc --explain E0432`.
[INFO] [stdout] 
[INFO] [stderr] error: could not compile `hosted-git-info` due to 2 previous errors
[INFO] [stderr] warning: build failed, waiting for other jobs to finish...
[INFO] [stdout] error: aborting due to previous error
[INFO] [stdout] 
[INFO] [stdout] 
[INFO] [stdout] For more information about this error, try `rustc --explain E0432`.
[INFO] [stdout] 
[INFO] [stdout] error: aborting due to previous error
[INFO] [stdout] 
[INFO] [stdout] 
[INFO] [stdout] For more information about this error, try `rustc --explain E0432`.
[INFO] [stdout] 
[INFO] [stdout] error: aborting due to previous error
[INFO] [stdout] 
[INFO] [stdout] 
[INFO] [stdout] For more information about this error, try `rustc --explain E0432`.
[INFO] [stdout] 
[INFO] [stderr] error: build failed
[INFO] running `Command { std: "docker" "inspect" "3334b7bda8eada034dd38119b8742799d274dd181443af88dfd55568aab2377c", kill_on_drop: false }`
[INFO] running `Command { std: "docker" "rm" "-f" "3334b7bda8eada034dd38119b8742799d274dd181443af88dfd55568aab2377c", kill_on_drop: false }`
[INFO] [stdout] 3334b7bda8eada034dd38119b8742799d274dd181443af88dfd55568aab2377c
