[INFO] cloning repository https://github.com/TuckerBMorgan/gymnasium
[INFO] running `Command { std: "git" "-c" "credential.helper=" "-c" "credential.helper=/workspace/cargo-home/bin/git-credential-null" "clone" "--bare" "https://github.com/TuckerBMorgan/gymnasium" "/workspace/cache/git-repos/https%3A%2F%2Fgithub.com%2FTuckerBMorgan%2Fgymnasium", kill_on_drop: false }`
[INFO] [stderr] Cloning into bare repository '/workspace/cache/git-repos/https%3A%2F%2Fgithub.com%2FTuckerBMorgan%2Fgymnasium'...
[INFO] running `Command { std: "git" "rev-parse" "HEAD", kill_on_drop: false }`
[INFO] [stdout] 9e1fa0a6704c63e18fc6a2013b6ab66c5b991f99
[INFO] checking TuckerBMorgan/gymnasium against beta-2021-10-15 for beta-1.56-3
[INFO] running `Command { std: "git" "clone" "/workspace/cache/git-repos/https%3A%2F%2Fgithub.com%2FTuckerBMorgan%2Fgymnasium" "/workspace/builds/worker-20/source", kill_on_drop: false }`
[INFO] [stderr] Cloning into '/workspace/builds/worker-20/source'...
[INFO] [stderr] done.
[INFO] validating manifest of git repo https://github.com/TuckerBMorgan/gymnasium on toolchain beta-2021-10-15
[INFO] running `Command { std: "/workspace/cargo-home/bin/cargo" "+beta-2021-10-15" "metadata" "--manifest-path" "Cargo.toml" "--no-deps", kill_on_drop: false }`
[INFO] started tweaking git repo https://github.com/TuckerBMorgan/gymnasium
[INFO] finished tweaking git repo https://github.com/TuckerBMorgan/gymnasium
[INFO] tweaked toml for git repo https://github.com/TuckerBMorgan/gymnasium written to /workspace/builds/worker-20/source/Cargo.toml
[INFO] crate git repo https://github.com/TuckerBMorgan/gymnasium already has a lockfile, it will not be regenerated
[INFO] running `Command { std: "/workspace/cargo-home/bin/cargo" "+beta-2021-10-15" "fetch" "--manifest-path" "Cargo.toml", kill_on_drop: false }`
[INFO] [stderr]  Downloading crates ...
[INFO] [stderr]   Downloaded wayland-sys v0.27.0
[INFO] [stderr]   Downloaded wayland-scanner v0.27.0
[INFO] [stderr]   Downloaded wayland-protocols v0.27.0
[INFO] [stderr]   Downloaded wayland-client v0.27.0
[INFO] [stderr]   Downloaded minifb v0.19.1
[INFO] [stderr]   Downloaded redox_syscall v0.2.1
[INFO] [stderr]   Downloaded unidiff v0.3.3
[INFO] [stderr]   Downloaded wayland-cursor v0.27.0
[INFO] [stderr]   Downloaded wayland-commons v0.27.0
[INFO] [stderr]   Downloaded orbclient v0.3.29
[INFO] running `Command { std: "docker" "create" "-v" "/var/lib/crater-agent-workspace/builds/worker-20/target:/opt/rustwide/target:rw,Z" "-v" "/var/lib/crater-agent-workspace/builds/worker-20/source:/opt/rustwide/workdir:ro,Z" "-v" "/var/lib/crater-agent-workspace/cargo-home:/opt/rustwide/cargo-home:ro,Z" "-v" "/var/lib/crater-agent-workspace/rustup-home:/opt/rustwide/rustup-home:ro,Z" "-e" "SOURCE_DIR=/opt/rustwide/workdir" "-e" "CARGO_TARGET_DIR=/opt/rustwide/target" "-e" "CARGO_HOME=/opt/rustwide/cargo-home" "-e" "RUSTUP_HOME=/opt/rustwide/rustup-home" "-w" "/opt/rustwide/workdir" "-m" "1610612736" "--user" "0:0" "--network" "none" "ghcr.io/rust-lang/crates-build-env/linux@sha256:a89201d6b5b9fd45c15d5952ece0a0129e7e80cb26ec023fd59cf09bc26f1604" "/opt/rustwide/cargo-home/bin/cargo" "+beta-2021-10-15" "metadata" "--no-deps" "--format-version=1", kill_on_drop: false }`
[INFO] [stdout] 3350bf567917f3223c7354117c27580fc90cb15f52eccb16966ff8ef889923a7
[INFO] running `Command { std: "docker" "start" "-a" "3350bf567917f3223c7354117c27580fc90cb15f52eccb16966ff8ef889923a7", kill_on_drop: false }`
[INFO] running `Command { std: "docker" "inspect" "3350bf567917f3223c7354117c27580fc90cb15f52eccb16966ff8ef889923a7", kill_on_drop: false }`
[INFO] running `Command { std: "docker" "rm" "-f" "3350bf567917f3223c7354117c27580fc90cb15f52eccb16966ff8ef889923a7", kill_on_drop: false }`
[INFO] [stdout] 3350bf567917f3223c7354117c27580fc90cb15f52eccb16966ff8ef889923a7
[INFO] running `Command { std: "docker" "create" "-v" "/var/lib/crater-agent-workspace/builds/worker-20/target:/opt/rustwide/target:rw,Z" "-v" "/var/lib/crater-agent-workspace/builds/worker-20/source:/opt/rustwide/workdir:ro,Z" "-v" "/var/lib/crater-agent-workspace/cargo-home:/opt/rustwide/cargo-home:ro,Z" "-v" "/var/lib/crater-agent-workspace/rustup-home:/opt/rustwide/rustup-home:ro,Z" "-e" "SOURCE_DIR=/opt/rustwide/workdir" "-e" "CARGO_TARGET_DIR=/opt/rustwide/target" "-e" "CARGO_INCREMENTAL=0" "-e" "RUST_BACKTRACE=full" "-e" "RUSTFLAGS=--cap-lints=warn" "-e" "CARGO_HOME=/opt/rustwide/cargo-home" "-e" "RUSTUP_HOME=/opt/rustwide/rustup-home" "-w" "/opt/rustwide/workdir" "-m" "1610612736" "--user" "0:0" "--network" "none" "ghcr.io/rust-lang/crates-build-env/linux@sha256:a89201d6b5b9fd45c15d5952ece0a0129e7e80cb26ec023fd59cf09bc26f1604" "/opt/rustwide/cargo-home/bin/cargo" "+beta-2021-10-15" "check" "--frozen" "--all" "--all-targets" "--message-format=json", kill_on_drop: false }`
[INFO] [stdout] ee0e938e68b361c10b5210f6795be1197cf40e82a713fcf14d8db4be20beda77
[INFO] running `Command { std: "docker" "start" "-a" "ee0e938e68b361c10b5210f6795be1197cf40e82a713fcf14d8db4be20beda77", kill_on_drop: false }`
[INFO] [stderr]     Blocking waiting for file lock on package cache
[INFO] [stderr]    Compiling libc v0.2.80
[INFO] [stderr]    Compiling xml-rs v0.8.3
[INFO] [stderr]    Compiling getrandom v0.1.15
[INFO] [stderr]     Checking once_cell v1.5.2
[INFO] [stderr]     Checking smallvec v1.5.1
[INFO] [stderr]     Checking downcast-rs v1.2.0
[INFO] [stderr]    Compiling maybe-uninit v2.0.0
[INFO] [stderr]    Compiling cc v1.0.66
[INFO] [stderr]     Checking rawpointer v0.2.1
[INFO] [stderr]    Compiling ndarray v0.13.1
[INFO] [stderr]     Checking remove_dir_all v0.5.3
[INFO] [stderr]    Compiling proc-macro2 v1.0.24
[INFO] [stderr]    Compiling wayland-sys v0.27.0
[INFO] [stderr]    Compiling nom v6.0.1
[INFO] [stderr]    Compiling xkbcommon-sys v0.7.4
[INFO] [stderr]    Compiling num-complex v0.2.4
[INFO] [stderr]    Compiling num-integer v0.1.44
[INFO] [stderr]    Compiling x11-dl v2.18.5
[INFO] [stderr]     Checking matrixmultiply v0.2.3
[INFO] [stderr]     Checking nix v0.17.0
[INFO] [stderr]     Checking raw-window-handle v0.3.3
[INFO] [stderr]    Compiling quote v1.0.7
[INFO] [stderr]    Compiling minifb v0.19.1
[INFO] [stderr]     Checking wayland-commons v0.27.0
[INFO] [stderr]     Checking xcursor v0.3.3
[INFO] [stderr]     Checking rand_core v0.5.1
[INFO] [stderr]     Checking xkb v0.2.1
[INFO] [stderr]    Compiling wayland-scanner v0.27.0
[INFO] [stderr]     Checking rand_chacha v0.2.2
[INFO] [stderr]     Checking rand v0.7.3
[INFO] [stderr]    Compiling wayland-client v0.27.0
[INFO] [stderr]    Compiling wayland-protocols v0.27.0
[INFO] [stderr]     Checking tempfile v3.1.0
[INFO] [stderr]     Checking wayland-cursor v0.27.0
[INFO] [stderr]     Checking gymnasium v0.1.0 (/opt/rustwide/workdir)
[INFO] [stdout] error: unknown start of token: `
[INFO] [stdout]    --> src/acrobot.rs:193:11
[INFO] [stdout]     |
[INFO] [stdout] 193 |         }z`
[INFO] [stdout]     |           ^
[INFO] [stdout]     |
[INFO] [stdout] help: Unicode character '`' (Grave Accent) looks like ''' (Single Quote), but it is not
[INFO] [stdout]     |
[INFO] [stdout] 193 |         }z'
[INFO] [stdout]     |           ~
[INFO] [stdout] 
[INFO] [stdout] 
[INFO] [stdout] error: expected expression, found `)`
[INFO] [stdout]    --> src/acrobot.rs:186:69
[INFO] [stdout]     |
[INFO] [stdout] 186 |         let world_transform = Renderer::create_transform((0, 1000 * ), scale: f32, rotation: f32)
[INFO] [stdout]     |                                                                     ^ expected expression
[INFO] [stdout] 
[INFO] [stdout] 
[INFO] [stdout] error: expected `;`, found keyword `for`
[INFO] [stdout]    --> src/acrobot.rs:186:98
[INFO] [stdout]     |
[INFO] [stdout] 186 |         let world_transform = Renderer::create_transform((0, 1000 * ), scale: f32, rotation: f32)
[INFO] [stdout]     |                                                                                                  ^ help: add `;` here
[INFO] [stdout] 187 | 
[INFO] [stdout] 188 |         for i in 0..1 {
[INFO] [stdout]     |         --- unexpected token
[INFO] [stdout] 
[INFO] [stdout] 
[INFO] [stdout] error: expected `;`, found keyword `self`
[INFO] [stdout]    --> src/acrobot.rs:193:11
[INFO] [stdout]     |
[INFO] [stdout] 193 |         }z`
[INFO] [stdout]     |           ^ help: add `;` here
[INFO] [stdout] 194 | 
[INFO] [stdout] 195 |         self.renderer.render();
[INFO] [stdout]     |         ---- unexpected token
[INFO] [stdout] 
[INFO] [stdout] 
[INFO] [stdout] error: unknown start of token: `
[INFO] [stdout]    --> src/acrobot.rs:193:11
[INFO] [stdout]     |
[INFO] [stdout] 193 |         }z`
[INFO] [stdout]     |           ^
[INFO] [stdout]     |
[INFO] [stdout] help: Unicode character '`' (Grave Accent) looks like ''' (Single Quote), but it is not
[INFO] [stdout]     |
[INFO] [stdout] 193 |         }z'
[INFO] [stdout]     |           ~
[INFO] [stdout] 
[INFO] [stdout] 
[INFO] [stdout] error: expected expression, found `)`
[INFO] [stdout]    --> src/acrobot.rs:186:69
[INFO] [stdout]     |
[INFO] [stdout] 186 |         let world_transform = Renderer::create_transform((0, 1000 * ), scale: f32, rotation: f32)
[INFO] [stdout]     |                                                                     ^ expected expression
[INFO] [stdout] 
[INFO] [stdout] 
[INFO] [stdout] error: expected `;`, found keyword `for`
[INFO] [stdout]    --> src/acrobot.rs:186:98
[INFO] [stdout]     |
[INFO] [stdout] 186 |         let world_transform = Renderer::create_transform((0, 1000 * ), scale: f32, rotation: f32)
[INFO] [stdout]     |                                                                                                  ^ help: add `;` here
[INFO] [stdout] 187 | 
[INFO] [stdout] 188 |         for i in 0..1 {
[INFO] [stdout]     |         --- unexpected token
[INFO] [stdout] 
[INFO] [stdout] 
[INFO] [stdout] error: expected `;`, found keyword `self`
[INFO] [stdout]    --> src/acrobot.rs:193:11
[INFO] [stdout]     |
[INFO] [stdout] 193 |         }z`
[INFO] [stdout]     |           ^ help: add `;` here
[INFO] [stdout] 194 | 
[INFO] [stdout] 195 |         self.renderer.render();
[INFO] [stdout]     |         ---- unexpected token
[INFO] [stdout] 
[INFO] [stdout] 
[INFO] [stdout] error: expected expression, found statement (`let`)
[INFO] [stdout]    --> src/acrobot.rs:186:9
[INFO] [stdout]     |
[INFO] [stdout] 186 |         let world_transform = Renderer::create_transform((0, 1000 * ), scale: f32, rotation: f32)
[INFO] [stdout]     |         ^^^^^^^^^^^^^^^^^^^^^^^^^^^^^^^^^^^^^^^^^^^^^^^^^^^^^^^^^^^^^^^^^^^^^^^^^^^^^^^^^^^^^^^^^
[INFO] [stdout]     |
[INFO] [stdout]     = note: variable declaration using `let` is a statement
[INFO] [stdout] 
[INFO] [stdout] 
[INFO] [stdout] error: expected expression, found statement (`let`)
[INFO] [stdout]    --> src/acrobot.rs:186:9
[INFO] [stdout]     |
[INFO] [stdout] 186 |         let world_transform = Renderer::create_transform((0, 1000 * ), scale: f32, rotation: f32)
[INFO] [stdout]     |         ^^^^^^^^^^^^^^^^^^^^^^^^^^^^^^^^^^^^^^^^^^^^^^^^^^^^^^^^^^^^^^^^^^^^^^^^^^^^^^^^^^^^^^^^^
[INFO] [stdout]     |
[INFO] [stdout]     = note: variable declaration using `let` is a statement
[INFO] [stdout] 
[INFO] [stdout] 
[INFO] [stdout] error[E0425]: cannot find value `scale` in this scope
[INFO] [stdout]    --> src/acrobot.rs:186:72
[INFO] [stdout]     |
[INFO] [stdout] 186 |         let world_transform = Renderer::create_transform((0, 1000 * ), scale: f32, rotation: f32)
[INFO] [stdout]     |                                                                        ^^^^^ expecting a type here because of type ascription
[INFO] [stdout] 
[INFO] [stdout] 
[INFO] [stdout] error[E0425]: cannot find value `rotation` in this scope
[INFO] [stdout]    --> src/acrobot.rs:186:84
[INFO] [stdout]     |
[INFO] [stdout] 186 |         let world_transform = Renderer::create_transform((0, 1000 * ), scale: f32, rotation: f32)
[INFO] [stdout]     |                                                                                    ^^^^^^^^ expecting a type here because of type ascription
[INFO] [stdout] 
[INFO] [stdout] 
[INFO] [stdout] error[E0425]: cannot find value `z` in this scope
[INFO] [stdout]    --> src/acrobot.rs:193:10
[INFO] [stdout]     |
[INFO] [stdout] 193 |         }z`
[INFO] [stdout]     |          ^ help: a local variable with a similar name exists: `b`
[INFO] [stdout] 
[INFO] [stdout] 
[INFO] [stdout] error[E0658]: `let` expressions in this position are experimental
[INFO] [stdout]    --> src/acrobot.rs:186:9
[INFO] [stdout]     |
[INFO] [stdout] 186 |         let world_transform = Renderer::create_transform((0, 1000 * ), scale: f32, rotation: f32)
[INFO] [stdout]     |         ^^^^^^^^^^^^^^^^^^^^^^^^^^^^^^^^^^^^^^^^^^^^^^^^^^^^^^^^^^^^^^^^^^^^^^^^^^^^^^^^^^^^^^^^^
[INFO] [stdout]     |
[INFO] [stdout]     = note: see issue #53667 <https://github.com/rust-lang/rust/issues/53667> for more information
[INFO] [stdout]     = help: you can write `matches!(<expr>, <pattern>)` instead of `let <pattern> = <expr>`
[INFO] [stdout] 
[INFO] [stdout] 
[INFO] [stdout] warning: unused import: `crate::renderer::*`
[INFO] [stdout]  --> src/frozen_lake.rs:5:5
[INFO] [stdout]   |
[INFO] [stdout] 5 | use crate::renderer::*;
[INFO] [stdout]   |     ^^^^^^^^^^^^^^^^^^
[INFO] [stdout]   |
[INFO] [stdout]   = note: `#[warn(unused_imports)]` on by default
[INFO] [stdout] 
[INFO] [stdout] 
[INFO] [stdout] warning: unused import: `Key`
[INFO] [stdout]  --> src/renderer.rs:2:14
[INFO] [stdout]   |
[INFO] [stdout] 2 | use minifb::{Key, Window, WindowOptions};
[INFO] [stdout]   |              ^^^
[INFO] [stdout] 
[INFO] [stdout] 
[INFO] [stdout] error[E0425]: cannot find value `scale` in this scope
[INFO] [stdout]    --> src/acrobot.rs:186:72
[INFO] [stdout]     |
[INFO] [stdout] 186 |         let world_transform = Renderer::create_transform((0, 1000 * ), scale: f32, rotation: f32)
[INFO] [stdout]     |                                                                        ^^^^^ expecting a type here because of type ascription
[INFO] [stdout] 
[INFO] [stdout] 
[INFO] [stdout] error[E0425]: cannot find value `rotation` in this scope
[INFO] [stdout]    --> src/acrobot.rs:186:84
[INFO] [stdout]     |
[INFO] [stdout] 186 |         let world_transform = Renderer::create_transform((0, 1000 * ), scale: f32, rotation: f32)
[INFO] [stdout]     |                                                                                    ^^^^^^^^ expecting a type here because of type ascription
[INFO] [stdout] 
[INFO] [stdout] 
[INFO] [stdout] error[E0425]: cannot find value `z` in this scope
[INFO] [stdout]    --> src/acrobot.rs:193:10
[INFO] [stdout]     |
[INFO] [stdout] 193 |         }z`
[INFO] [stdout]     |          ^ help: a local variable with a similar name exists: `b`
[INFO] [stdout] 
[INFO] [stdout] 
[INFO] [stdout] error[E0658]: `let` expressions in this position are experimental
[INFO] [stdout]    --> src/acrobot.rs:186:9
[INFO] [stdout]     |
[INFO] [stdout] 186 |         let world_transform = Renderer::create_transform((0, 1000 * ), scale: f32, rotation: f32)
[INFO] [stdout]     |         ^^^^^^^^^^^^^^^^^^^^^^^^^^^^^^^^^^^^^^^^^^^^^^^^^^^^^^^^^^^^^^^^^^^^^^^^^^^^^^^^^^^^^^^^^
[INFO] [stdout]     |
[INFO] [stdout]     = note: see issue #53667 <https://github.com/rust-lang/rust/issues/53667> for more information
[INFO] [stdout]     = help: you can write `matches!(<expr>, <pattern>)` instead of `let <pattern> = <expr>`
[INFO] [stdout] 
[INFO] [stdout] 
[INFO] [stdout] warning: unused import: `crate::renderer::*`
[INFO] [stdout]  --> src/frozen_lake.rs:5:5
[INFO] [stdout]   |
[INFO] [stdout] 5 | use crate::renderer::*;
[INFO] [stdout]   |     ^^^^^^^^^^^^^^^^^^
[INFO] [stdout]   |
[INFO] [stdout]   = note: `#[warn(unused_imports)]` on by default
[INFO] [stdout] 
[INFO] [stdout] 
[INFO] [stdout] warning: unused import: `Key`
[INFO] [stdout]  --> src/renderer.rs:2:14
[INFO] [stdout]   |
[INFO] [stdout] 2 | use minifb::{Key, Window, WindowOptions};
[INFO] [stdout]   |              ^^^
[INFO] [stdout] 
[INFO] [stdout] 
[INFO] [stdout] error: aborting due to 9 previous errors; 2 warnings emitted
[INFO] [stdout] 
[INFO] [stdout] 
[INFO] [stdout] Some errors have detailed explanations: E0425, E0658.
[INFO] [stdout] 
[INFO] [stdout] For more information about an error, try `rustc --explain E0425`.
[INFO] [stdout] 
[INFO] [stderr] error: could not compile `gymnasium` due to 10 previous errors; 2 warnings emitted
[INFO] [stderr] warning: build failed, waiting for other jobs to finish...
[INFO] [stdout] error: aborting due to 9 previous errors; 2 warnings emitted
[INFO] [stdout] 
[INFO] [stdout] 
[INFO] [stdout] Some errors have detailed explanations: E0425, E0658.
[INFO] [stdout] 
[INFO] [stdout] For more information about an error, try `rustc --explain E0425`.
[INFO] [stdout] 
[INFO] [stderr] error: build failed
[INFO] running `Command { std: "docker" "inspect" "ee0e938e68b361c10b5210f6795be1197cf40e82a713fcf14d8db4be20beda77", kill_on_drop: false }`
[INFO] running `Command { std: "docker" "rm" "-f" "ee0e938e68b361c10b5210f6795be1197cf40e82a713fcf14d8db4be20beda77", kill_on_drop: false }`
[INFO] [stdout] ee0e938e68b361c10b5210f6795be1197cf40e82a713fcf14d8db4be20beda77
