[INFO] cloning repository https://github.com/TsuITOAR/dgir
[INFO] running `Command { std: "git" "-c" "credential.helper=" "-c" "credential.helper=/workspace/cargo-home/bin/git-credential-null" "clone" "--bare" "https://github.com/TsuITOAR/dgir" "/workspace/cache/git-repos/https%3A%2F%2Fgithub.com%2FTsuITOAR%2Fdgir", kill_on_drop: false }`
[INFO] [stderr] Cloning into bare repository '/workspace/cache/git-repos/https%3A%2F%2Fgithub.com%2FTsuITOAR%2Fdgir'...
[INFO] running `Command { std: "git" "rev-parse" "HEAD", kill_on_drop: false }`
[INFO] [stdout] 90078263f9ad6d87b21a07c39ec4a600081fe7d1
[INFO] checking TsuITOAR/dgir against beta-2021-10-15 for beta-1.56-3
[INFO] running `Command { std: "git" "clone" "/workspace/cache/git-repos/https%3A%2F%2Fgithub.com%2FTsuITOAR%2Fdgir" "/workspace/builds/worker-53/source", kill_on_drop: false }`
[INFO] [stderr] Cloning into '/workspace/builds/worker-53/source'...
[INFO] [stderr] done.
[INFO] validating manifest of git repo https://github.com/TsuITOAR/dgir on toolchain beta-2021-10-15
[INFO] running `Command { std: "/workspace/cargo-home/bin/cargo" "+beta-2021-10-15" "metadata" "--manifest-path" "Cargo.toml" "--no-deps", kill_on_drop: false }`
[INFO] started tweaking git repo https://github.com/TsuITOAR/dgir
[INFO] finished tweaking git repo https://github.com/TsuITOAR/dgir
[INFO] tweaked toml for git repo https://github.com/TsuITOAR/dgir written to /workspace/builds/worker-53/source/Cargo.toml
[INFO] running `Command { std: "/workspace/cargo-home/bin/cargo" "+beta-2021-10-15" "generate-lockfile" "--manifest-path" "Cargo.toml" "-Zno-index-update", kill_on_drop: false }`
[INFO] [stderr]     Blocking waiting for file lock on package cache
[INFO] running `Command { std: "/workspace/cargo-home/bin/cargo" "+beta-2021-10-15" "fetch" "--manifest-path" "Cargo.toml", kill_on_drop: false }`
[INFO] [stderr]     Blocking waiting for file lock on package cache
[INFO] [stderr]     Blocking waiting for file lock on package cache
[INFO] running `Command { std: "docker" "create" "-v" "/var/lib/crater-agent-workspace/builds/worker-53/target:/opt/rustwide/target:rw,Z" "-v" "/var/lib/crater-agent-workspace/builds/worker-53/source:/opt/rustwide/workdir:ro,Z" "-v" "/var/lib/crater-agent-workspace/cargo-home:/opt/rustwide/cargo-home:ro,Z" "-v" "/var/lib/crater-agent-workspace/rustup-home:/opt/rustwide/rustup-home:ro,Z" "-e" "SOURCE_DIR=/opt/rustwide/workdir" "-e" "CARGO_TARGET_DIR=/opt/rustwide/target" "-e" "CARGO_HOME=/opt/rustwide/cargo-home" "-e" "RUSTUP_HOME=/opt/rustwide/rustup-home" "-w" "/opt/rustwide/workdir" "-m" "1610612736" "--user" "0:0" "--network" "none" "ghcr.io/rust-lang/crates-build-env/linux@sha256:a89201d6b5b9fd45c15d5952ece0a0129e7e80cb26ec023fd59cf09bc26f1604" "/opt/rustwide/cargo-home/bin/cargo" "+beta-2021-10-15" "metadata" "--no-deps" "--format-version=1", kill_on_drop: false }`
[INFO] [stdout] 1bb5ce34e0459cd55d7a27b501273081d5f9775faf4353a21ab62c382b5519c1
[INFO] running `Command { std: "docker" "start" "-a" "1bb5ce34e0459cd55d7a27b501273081d5f9775faf4353a21ab62c382b5519c1", kill_on_drop: false }`
[INFO] running `Command { std: "docker" "inspect" "1bb5ce34e0459cd55d7a27b501273081d5f9775faf4353a21ab62c382b5519c1", kill_on_drop: false }`
[INFO] running `Command { std: "docker" "rm" "-f" "1bb5ce34e0459cd55d7a27b501273081d5f9775faf4353a21ab62c382b5519c1", kill_on_drop: false }`
[INFO] [stdout] 1bb5ce34e0459cd55d7a27b501273081d5f9775faf4353a21ab62c382b5519c1
[INFO] running `Command { std: "docker" "create" "-v" "/var/lib/crater-agent-workspace/builds/worker-53/target:/opt/rustwide/target:rw,Z" "-v" "/var/lib/crater-agent-workspace/builds/worker-53/source:/opt/rustwide/workdir:ro,Z" "-v" "/var/lib/crater-agent-workspace/cargo-home:/opt/rustwide/cargo-home:ro,Z" "-v" "/var/lib/crater-agent-workspace/rustup-home:/opt/rustwide/rustup-home:ro,Z" "-e" "SOURCE_DIR=/opt/rustwide/workdir" "-e" "CARGO_TARGET_DIR=/opt/rustwide/target" "-e" "CARGO_INCREMENTAL=0" "-e" "RUST_BACKTRACE=full" "-e" "RUSTFLAGS=--cap-lints=warn" "-e" "CARGO_HOME=/opt/rustwide/cargo-home" "-e" "RUSTUP_HOME=/opt/rustwide/rustup-home" "-w" "/opt/rustwide/workdir" "-m" "1610612736" "--user" "0:0" "--network" "none" "ghcr.io/rust-lang/crates-build-env/linux@sha256:a89201d6b5b9fd45c15d5952ece0a0129e7e80cb26ec023fd59cf09bc26f1604" "/opt/rustwide/cargo-home/bin/cargo" "+beta-2021-10-15" "check" "--frozen" "--all" "--all-targets" "--message-format=json", kill_on_drop: false }`
[INFO] [stdout] a2351199fa7ee35a0616816807ec597baec074ac46eb630fbad2ba7c837c678d
[INFO] running `Command { std: "docker" "start" "-a" "a2351199fa7ee35a0616816807ec597baec074ac46eb630fbad2ba7c837c678d", kill_on_drop: false }`
[INFO] [stderr]     Blocking waiting for file lock on package cache
[INFO] [stderr]    Compiling proc-macro2 v1.0.30
[INFO] [stderr]    Compiling syn v1.0.80
[INFO] [stderr]    Compiling strsim v0.9.3
[INFO] [stderr]    Compiling ident_case v1.0.1
[INFO] [stderr]    Compiling fnv v1.0.7
[INFO] [stderr]    Compiling libc v0.2.104
[INFO] [stderr]     Checking linked-hash-map v0.5.4
[INFO] [stderr]     Checking hashbrown v0.11.2
[INFO] [stderr]    Compiling serde_json v1.0.68
[INFO] [stderr]    Compiling derive_builder v0.9.0
[INFO] [stderr]     Checking dtoa v0.4.8
[INFO] [stderr]     Checking by_address v1.0.4
[INFO] [stderr]    Compiling convert_case v0.4.0
[INFO] [stderr]     Checking arrayvec v0.7.1
[INFO] [stderr]    Compiling num-traits v0.2.14
[INFO] [stderr]    Compiling num-integer v0.1.44
[INFO] [stderr]    Compiling indexmap v1.7.0
[INFO] [stderr]    Compiling num-bigint v0.4.2
[INFO] [stderr]    Compiling num-iter v0.1.42
[INFO] [stderr]    Compiling num-rational v0.4.0
[INFO] [stderr]     Checking yaml-rust v0.4.5
[INFO] [stderr]    Compiling quote v1.0.10
[INFO] [stderr]     Checking time v0.1.44
[INFO] [stderr]     Checking num-complex v0.4.0
[INFO] [stderr]     Checking num v0.4.0
[INFO] [stderr]    Compiling darling_core v0.10.2
[INFO] [stderr]    Compiling serde_derive v1.0.130
[INFO] [stderr]    Compiling derive_more v0.99.16
[INFO] [stderr]    Compiling num-derive v0.3.3
[INFO] [stderr]    Compiling darling_macro v0.10.2
[INFO] [stderr]    Compiling darling v0.10.2
[INFO] [stderr]    Compiling derive_builder_core v0.9.0
[INFO] [stderr]     Checking serde v1.0.130
[INFO] [stderr]     Checking toml v0.5.8
[INFO] [stderr]     Checking serde_yaml v0.8.21
[INFO] [stderr]     Checking chrono v0.4.19
[INFO] [stderr]     Checking layout21utils v0.2.0
[INFO] [stderr]     Checking gds21 v0.2.0
[INFO] [stderr]     Checking dgir v0.1.0 (/opt/rustwide/workdir)
[INFO] [stdout] error[E0308]: mismatched types
[INFO] [stdout]    --> src/album.rs:168:25
[INFO] [stdout]     |
[INFO] [stdout] 168 |                         xy,
[INFO] [stdout]     |                         ^^ expected struct `GdsPoint`, found `i32`
[INFO] [stdout]     |
[INFO] [stdout]     = note: expected struct `Vec<GdsPoint>`
[INFO] [stdout]                found struct `Vec<i32>`
[INFO] [stdout] 
[INFO] [stdout] 
[INFO] [stdout] error[E0308]: mismatched types
[INFO] [stdout]    --> src/album.rs:183:25
[INFO] [stdout]     |
[INFO] [stdout] 183 |                         xy,
[INFO] [stdout]     |                         ^^ expected struct `GdsPoint`, found `i32`
[INFO] [stdout]     |
[INFO] [stdout]     = note: expected struct `Vec<GdsPoint>`
[INFO] [stdout]                found struct `Vec<i32>`
[INFO] [stdout] 
[INFO] [stdout] 
[INFO] [stdout] error[E0277]: a value of type `GdsPoint` cannot be built from an iterator over elements of type `i32`
[INFO] [stdout]    --> src/album.rs:193:26
[INFO] [stdout]     |
[INFO] [stdout] 193 |                         .collect(),
[INFO] [stdout]     |                          ^^^^^^^ value of type `GdsPoint` cannot be built from `std::iter::Iterator<Item=i32>`
[INFO] [stdout]     |
[INFO] [stdout]     = help: the trait `FromIterator<i32>` is not implemented for `GdsPoint`
[INFO] [stdout] 
[INFO] [stdout] 
[INFO] [stdout] error[E0308]: mismatched types
[INFO] [stdout]    --> src/album.rs:168:25
[INFO] [stdout]     |
[INFO] [stdout] 168 |                         xy,
[INFO] [stdout]     |                         ^^ expected struct `GdsPoint`, found `i32`
[INFO] [stdout]     |
[INFO] [stdout]     = note: expected struct `Vec<GdsPoint>`
[INFO] [stdout]                found struct `Vec<i32>`
[INFO] [stdout] 
[INFO] [stdout] 
[INFO] [stdout] error: aborting due to 3 previous errors
[INFO] [stdout] 
[INFO] [stdout] 
[INFO] [stdout] Some errors have detailed explanations: E0277, E0308.
[INFO] [stdout] 
[INFO] [stdout] For more information about an error, try `rustc --explain E0277`.
[INFO] [stdout] 
[INFO] [stdout] error[E0308]: mismatched types
[INFO] [stdout]    --> src/album.rs:183:25
[INFO] [stdout]     |
[INFO] [stdout] 183 |                         xy,
[INFO] [stdout]     |                         ^^ expected struct `GdsPoint`, found `i32`
[INFO] [stdout]     |
[INFO] [stdout]     = note: expected struct `Vec<GdsPoint>`
[INFO] [stdout]                found struct `Vec<i32>`
[INFO] [stdout] 
[INFO] [stdout] 
[INFO] [stderr] error: could not compile `dgir` due to 4 previous errors
[INFO] [stderr] warning: build failed, waiting for other jobs to finish...
[INFO] [stdout] error[E0277]: a value of type `GdsPoint` cannot be built from an iterator over elements of type `i32`
[INFO] [stdout]    --> src/album.rs:193:26
[INFO] [stdout]     |
[INFO] [stdout] 193 |                         .collect(),
[INFO] [stdout]     |                          ^^^^^^^ value of type `GdsPoint` cannot be built from `std::iter::Iterator<Item=i32>`
[INFO] [stdout]     |
[INFO] [stdout]     = help: the trait `FromIterator<i32>` is not implemented for `GdsPoint`
[INFO] [stdout] 
[INFO] [stdout] 
[INFO] [stdout] error: aborting due to 3 previous errors
[INFO] [stdout] 
[INFO] [stdout] 
[INFO] [stdout] Some errors have detailed explanations: E0277, E0308.
[INFO] [stdout] 
[INFO] [stdout] For more information about an error, try `rustc --explain E0277`.
[INFO] [stdout] 
[INFO] [stderr] error: build failed
[INFO] running `Command { std: "docker" "inspect" "a2351199fa7ee35a0616816807ec597baec074ac46eb630fbad2ba7c837c678d", kill_on_drop: false }`
[INFO] running `Command { std: "docker" "rm" "-f" "a2351199fa7ee35a0616816807ec597baec074ac46eb630fbad2ba7c837c678d", kill_on_drop: false }`
[INFO] [stdout] a2351199fa7ee35a0616816807ec597baec074ac46eb630fbad2ba7c837c678d
