[INFO] cloning repository https://github.com/TrolledWoods/raycaster
[INFO] running `Command { std: "git" "-c" "credential.helper=" "-c" "credential.helper=/workspace/cargo-home/bin/git-credential-null" "clone" "--bare" "https://github.com/TrolledWoods/raycaster" "/workspace/cache/git-repos/https%3A%2F%2Fgithub.com%2FTrolledWoods%2Fraycaster", kill_on_drop: false }`
[INFO] [stderr] Cloning into bare repository '/workspace/cache/git-repos/https%3A%2F%2Fgithub.com%2FTrolledWoods%2Fraycaster'...
[INFO] running `Command { std: "git" "rev-parse" "HEAD", kill_on_drop: false }`
[INFO] [stdout] add02026551d1dd7c476e9d4222432ed3f9f3b84
[INFO] checking TrolledWoods/raycaster against 1.55.0 for beta-1.56-3
[INFO] running `Command { std: "git" "clone" "/workspace/cache/git-repos/https%3A%2F%2Fgithub.com%2FTrolledWoods%2Fraycaster" "/workspace/builds/worker-19/source", kill_on_drop: false }`
[INFO] [stderr] Cloning into '/workspace/builds/worker-19/source'...
[INFO] [stderr] done.
[INFO] validating manifest of git repo https://github.com/TrolledWoods/raycaster on toolchain 1.55.0
[INFO] running `Command { std: "/workspace/cargo-home/bin/cargo" "+1.55.0" "metadata" "--manifest-path" "Cargo.toml" "--no-deps", kill_on_drop: false }`
[INFO] started tweaking git repo https://github.com/TrolledWoods/raycaster
[INFO] finished tweaking git repo https://github.com/TrolledWoods/raycaster
[INFO] tweaked toml for git repo https://github.com/TrolledWoods/raycaster written to /workspace/builds/worker-19/source/Cargo.toml
[INFO] crate git repo https://github.com/TrolledWoods/raycaster already has a lockfile, it will not be regenerated
[INFO] running `Command { std: "/workspace/cargo-home/bin/cargo" "+1.55.0" "fetch" "--manifest-path" "Cargo.toml", kill_on_drop: false }`
[INFO] [stderr]     Blocking waiting for file lock on package cache
[INFO] [stderr]     Blocking waiting for file lock on package cache
[INFO] running `Command { std: "docker" "create" "-v" "/var/lib/crater-agent-workspace/builds/worker-19/target:/opt/rustwide/target:rw,Z" "-v" "/var/lib/crater-agent-workspace/builds/worker-19/source:/opt/rustwide/workdir:ro,Z" "-v" "/var/lib/crater-agent-workspace/cargo-home:/opt/rustwide/cargo-home:ro,Z" "-v" "/var/lib/crater-agent-workspace/rustup-home:/opt/rustwide/rustup-home:ro,Z" "-e" "SOURCE_DIR=/opt/rustwide/workdir" "-e" "CARGO_TARGET_DIR=/opt/rustwide/target" "-e" "CARGO_HOME=/opt/rustwide/cargo-home" "-e" "RUSTUP_HOME=/opt/rustwide/rustup-home" "-w" "/opt/rustwide/workdir" "-m" "1610612736" "--user" "0:0" "--network" "none" "ghcr.io/rust-lang/crates-build-env/linux@sha256:a89201d6b5b9fd45c15d5952ece0a0129e7e80cb26ec023fd59cf09bc26f1604" "/opt/rustwide/cargo-home/bin/cargo" "+1.55.0" "metadata" "--no-deps" "--format-version=1", kill_on_drop: false }`
[INFO] [stdout] 27ffba3d0a1cb342be9fbc12c6d86c89369494e3b49f9781104062d7b5b04bdf
[INFO] running `Command { std: "docker" "start" "-a" "27ffba3d0a1cb342be9fbc12c6d86c89369494e3b49f9781104062d7b5b04bdf", kill_on_drop: false }`
[INFO] running `Command { std: "docker" "inspect" "27ffba3d0a1cb342be9fbc12c6d86c89369494e3b49f9781104062d7b5b04bdf", kill_on_drop: false }`
[INFO] running `Command { std: "docker" "rm" "-f" "27ffba3d0a1cb342be9fbc12c6d86c89369494e3b49f9781104062d7b5b04bdf", kill_on_drop: false }`
[INFO] [stdout] 27ffba3d0a1cb342be9fbc12c6d86c89369494e3b49f9781104062d7b5b04bdf
[INFO] running `Command { std: "docker" "create" "-v" "/var/lib/crater-agent-workspace/builds/worker-19/target:/opt/rustwide/target:rw,Z" "-v" "/var/lib/crater-agent-workspace/builds/worker-19/source:/opt/rustwide/workdir:ro,Z" "-v" "/var/lib/crater-agent-workspace/cargo-home:/opt/rustwide/cargo-home:ro,Z" "-v" "/var/lib/crater-agent-workspace/rustup-home:/opt/rustwide/rustup-home:ro,Z" "-e" "SOURCE_DIR=/opt/rustwide/workdir" "-e" "CARGO_TARGET_DIR=/opt/rustwide/target" "-e" "CARGO_INCREMENTAL=0" "-e" "RUST_BACKTRACE=full" "-e" "RUSTFLAGS=--cap-lints=warn" "-e" "CARGO_HOME=/opt/rustwide/cargo-home" "-e" "RUSTUP_HOME=/opt/rustwide/rustup-home" "-w" "/opt/rustwide/workdir" "-m" "1610612736" "--user" "0:0" "--network" "none" "ghcr.io/rust-lang/crates-build-env/linux@sha256:a89201d6b5b9fd45c15d5952ece0a0129e7e80cb26ec023fd59cf09bc26f1604" "/opt/rustwide/cargo-home/bin/cargo" "+1.55.0" "check" "--frozen" "--all" "--all-targets" "--message-format=json", kill_on_drop: false }`
[INFO] [stdout] dc224cea961940160ac5116b5b0d038f1f3300dc9634b5fb89634991538469b7
[INFO] running `Command { std: "docker" "start" "-a" "dc224cea961940160ac5116b5b0d038f1f3300dc9634b5fb89634991538469b7", kill_on_drop: false }`
[INFO] [stderr]     Blocking waiting for file lock on package cache
[INFO] [stderr]    Compiling libc v0.2.78
[INFO] [stderr]    Compiling pkg-config v0.3.18
[INFO] [stderr]    Compiling nix v0.17.0
[INFO] [stderr]    Compiling rayon-core v1.8.1
[INFO] [stderr]    Compiling memchr v2.3.3
[INFO] [stderr]    Compiling syn v1.0.42
[INFO] [stderr]     Checking once_cell v1.4.1
[INFO] [stderr]    Compiling serde_derive v1.0.116
[INFO] [stderr]    Compiling serde v1.0.116
[INFO] [stderr]    Compiling cc v1.0.60
[INFO] [stderr]     Checking weezl v0.1.1
[INFO] [stderr]     Checking static_assertions v1.1.0
[INFO] [stderr]     Checking bytemuck v1.4.1
[INFO] [stderr]    Compiling num-traits v0.2.12
[INFO] [stderr]    Compiling crossbeam-epoch v0.8.2
[INFO] [stderr]    Compiling num-integer v0.1.43
[INFO] [stderr]    Compiling rayon v1.4.1
[INFO] [stderr]    Compiling num-rational v0.3.0
[INFO] [stderr]    Compiling num-iter v0.1.41
[INFO] [stderr]    Compiling crossbeam-utils v0.7.2
[INFO] [stderr]    Compiling nom v5.1.2
[INFO] [stderr]    Compiling vek v0.12.0
[INFO] [stderr]     Checking deflate v0.8.6
[INFO] [stderr]     Checking tiff v0.5.0
[INFO] [stderr]    Compiling wayland-scanner v0.27.0
[INFO] [stderr]     Checking gif v0.11.1
[INFO] [stderr]     Checking png v0.16.7
[INFO] [stderr]    Compiling wayland-sys v0.27.0
[INFO] [stderr]    Compiling xkbcommon-sys v0.7.4
[INFO] [stderr]    Compiling x11-dl v2.18.5
[INFO] [stderr]    Compiling minifb v0.19.1
[INFO] [stderr]     Checking crossbeam-channel v0.4.4
[INFO] [stderr]    Compiling wayland-client v0.27.0
[INFO] [stderr]    Compiling wayland-protocols v0.27.0
[INFO] [stderr]     Checking crossbeam-deque v0.7.3
[INFO] [stderr]     Checking approx v0.3.2
[INFO] [stderr]     Checking xcursor v0.3.2
[INFO] [stderr]     Checking getrandom v0.1.15
[INFO] [stderr]     Checking num_cpus v1.13.0
[INFO] [stderr]     Checking raw-window-handle v0.3.3
[INFO] [stderr]     Checking rand_core v0.5.1
[INFO] [stderr]     Checking xkb v0.2.1
[INFO] [stderr]     Checking rand_chacha v0.2.2
[INFO] [stderr]     Checking rand v0.7.3
[INFO] [stderr]     Checking tempfile v3.1.0
[INFO] [stderr]     Checking jpeg-decoder v0.1.20
[INFO] [stderr]     Checking wayland-commons v0.27.0
[INFO] [stderr]     Checking image v0.23.10
[INFO] [stderr]     Checking wayland-cursor v0.27.0
[INFO] [stderr]     Checking raycaster v0.1.0 (/opt/rustwide/workdir)
[INFO] [stdout] error[E0433]: failed to resolve: could not find `repr_simd` in `vec`
[INFO] [stdout]   --> src/main.rs:16:23
[INFO] [stdout]    |
[INFO] [stdout] 16 | type Vec2 = vek::vec::repr_simd::Vec2<f32>;
[INFO] [stdout]    |                       ^^^^^^^^^ could not find `repr_simd` in `vec`
[INFO] [stdout] 
[INFO] [stdout] 
[INFO] [stdout] error[E0433]: failed to resolve: could not find `repr_simd` in `mat`
[INFO] [stdout]   --> src/main.rs:17:23
[INFO] [stdout]    |
[INFO] [stdout] 17 | type Mat2 = vek::mat::repr_simd::column_major::Mat2<f32>;
[INFO] [stdout]    |                       ^^^^^^^^^ could not find `repr_simd` in `mat`
[INFO] [stdout] 
[INFO] [stdout] 
[INFO] [stdout] error[E0554]: `#![feature]` may not be used on the stable release channel
[INFO] [stdout]  --> src/main.rs:1:1
[INFO] [stdout]   |
[INFO] [stdout] 1 | #![feature(array_methods)]
[INFO] [stdout]   | ^^^^^^^^^^^^^^^^^^^^^^^^^^
[INFO] [stdout] 
[INFO] [stdout] 
[INFO] [stdout] error[E0554]: `#![feature]` may not be used on the stable release channel
[INFO] [stdout]  --> src/main.rs:2:1
[INFO] [stdout]   |
[INFO] [stdout] 2 | #![feature(clamp)]
[INFO] [stdout]   | ^^^^^^^^^^^^^^^^^^
[INFO] [stdout] 
[INFO] [stdout] 
[INFO] [stdout] error[E0433]: failed to resolve: could not find `repr_simd` in `vec`
[INFO] [stdout]   --> src/main.rs:16:23
[INFO] [stdout]    |
[INFO] [stdout] 16 | type Vec2 = vek::vec::repr_simd::Vec2<f32>;
[INFO] [stdout]    |                       ^^^^^^^^^ could not find `repr_simd` in `vec`
[INFO] [stdout] 
[INFO] [stdout] 
[INFO] [stdout] error[E0433]: failed to resolve: could not find `repr_simd` in `mat`
[INFO] [stdout]   --> src/main.rs:17:23
[INFO] [stdout]    |
[INFO] [stdout] 17 | type Mat2 = vek::mat::repr_simd::column_major::Mat2<f32>;
[INFO] [stdout]    |                       ^^^^^^^^^ could not find `repr_simd` in `mat`
[INFO] [stdout] 
[INFO] [stdout] 
[INFO] [stdout] error[E0554]: `#![feature]` may not be used on the stable release channel
[INFO] [stdout]  --> src/main.rs:1:1
[INFO] [stdout]   |
[INFO] [stdout] 1 | #![feature(array_methods)]
[INFO] [stdout]   | ^^^^^^^^^^^^^^^^^^^^^^^^^^
[INFO] [stdout] 
[INFO] [stdout] 
[INFO] [stdout] error[E0554]: `#![feature]` may not be used on the stable release channel
[INFO] [stdout]  --> src/main.rs:2:1
[INFO] [stdout]   |
[INFO] [stdout] 2 | #![feature(clamp)]
[INFO] [stdout]   | ^^^^^^^^^^^^^^^^^^
[INFO] [stdout] 
[INFO] [stdout] 
[INFO] [stdout] error[E0283]: type annotations needed
[INFO] [stdout]    --> src/world/entity.rs:27:5
[INFO] [stdout]     |
[INFO] [stdout] 25  | #[derive(Clone, Copy, Default)]
[INFO] [stdout]     |                       ------- in this derive macro expansion
[INFO] [stdout] 26  | pub struct Transform {
[INFO] [stdout] 27  |     pub pos: Vec2,
[INFO] [stdout]     |     ^^^^^^^^^^^^^ cannot infer type
[INFO] [stdout]     |
[INFO] [stdout]     = note: cannot satisfy `_: std::default::Default`
[INFO] [stdout] note: required by `std::default::Default::default`
[INFO] [stdout]     = note: this error originates in the derive macro `Default` (in Nightly builds, run with -Z macro-backtrace for more info)
[INFO] [stdout] 
[INFO] [stdout] 
[INFO] [stdout] error[E0283]: type annotations needed
[INFO] [stdout]    --> src/world/entity.rs:27:5
[INFO] [stdout]     |
[INFO] [stdout] 25  | #[derive(Clone, Copy, Default)]
[INFO] [stdout]     |                       ------- in this derive macro expansion
[INFO] [stdout] 26  | pub struct Transform {
[INFO] [stdout] 27  |     pub pos: Vec2,
[INFO] [stdout]     |     ^^^^^^^^^^^^^ cannot infer type
[INFO] [stdout]     |
[INFO] [stdout]     = note: cannot satisfy `_: std::default::Default`
[INFO] [stdout] note: required by `std::default::Default::default`
[INFO] [stdout]     = note: this error originates in the derive macro `Default` (in Nightly builds, run with -Z macro-backtrace for more info)
[INFO] [stdout] 
[INFO] [stdout] 
[INFO] [stdout] error: aborting due to 5 previous errors
[INFO] [stdout] 
[INFO] [stdout] 
[INFO] [stdout] Some errors have detailed explanations: E0283, E0433, E0554.
[INFO] [stdout] 
[INFO] [stdout] For more information about an error, try `rustc --explain E0283`.
[INFO] [stdout] 
[INFO] [stderr] error: could not compile `raycaster` due to 6 previous errors
[INFO] [stderr] warning: build failed, waiting for other jobs to finish...
[INFO] [stdout] error: aborting due to 5 previous errors
[INFO] [stdout] 
[INFO] [stdout] 
[INFO] [stdout] Some errors have detailed explanations: E0283, E0433, E0554.
[INFO] [stdout] 
[INFO] [stdout] For more information about an error, try `rustc --explain E0283`.
[INFO] [stdout] 
[INFO] [stderr] error: build failed
[INFO] running `Command { std: "docker" "inspect" "dc224cea961940160ac5116b5b0d038f1f3300dc9634b5fb89634991538469b7", kill_on_drop: false }`
[INFO] running `Command { std: "docker" "rm" "-f" "dc224cea961940160ac5116b5b0d038f1f3300dc9634b5fb89634991538469b7", kill_on_drop: false }`
[INFO] [stdout] dc224cea961940160ac5116b5b0d038f1f3300dc9634b5fb89634991538469b7
