[INFO] cloning repository https://github.com/TotalKrill/fdupe
[INFO] running `Command { std: "git" "-c" "credential.helper=" "-c" "credential.helper=/workspace/cargo-home/bin/git-credential-null" "clone" "--bare" "https://github.com/TotalKrill/fdupe" "/workspace/cache/git-repos/https%3A%2F%2Fgithub.com%2FTotalKrill%2Ffdupe", kill_on_drop: false }`
[INFO] [stderr] Cloning into bare repository '/workspace/cache/git-repos/https%3A%2F%2Fgithub.com%2FTotalKrill%2Ffdupe'...
[INFO] running `Command { std: "git" "rev-parse" "HEAD", kill_on_drop: false }`
[INFO] [stdout] 9b52dc6d388f37e088bf7834d39134c4a82dcbe8
[INFO] checking TotalKrill/fdupe against 1.55.0 for beta-1.56-3
[INFO] running `Command { std: "git" "clone" "/workspace/cache/git-repos/https%3A%2F%2Fgithub.com%2FTotalKrill%2Ffdupe" "/workspace/builds/worker-41/source", kill_on_drop: false }`
[INFO] [stderr] Cloning into '/workspace/builds/worker-41/source'...
[INFO] [stderr] done.
[INFO] validating manifest of git repo https://github.com/TotalKrill/fdupe on toolchain 1.55.0
[INFO] running `Command { std: "/workspace/cargo-home/bin/cargo" "+1.55.0" "metadata" "--manifest-path" "Cargo.toml" "--no-deps", kill_on_drop: false }`
[INFO] started tweaking git repo https://github.com/TotalKrill/fdupe
[INFO] finished tweaking git repo https://github.com/TotalKrill/fdupe
[INFO] tweaked toml for git repo https://github.com/TotalKrill/fdupe written to /workspace/builds/worker-41/source/Cargo.toml
[INFO] crate git repo https://github.com/TotalKrill/fdupe already has a lockfile, it will not be regenerated
[INFO] running `Command { std: "/workspace/cargo-home/bin/cargo" "+1.55.0" "fetch" "--manifest-path" "Cargo.toml", kill_on_drop: false }`
[INFO] [stderr]     Blocking waiting for file lock on package cache
[INFO] [stderr]     Blocking waiting for file lock on package cache
[INFO] [stderr]  Downloading crates ...
[INFO] [stderr]   Downloaded bencher v0.1.5
[INFO] [stderr]   Downloaded file v1.1.2
[INFO] [stderr]   Downloaded pretty-bytes v0.2.2
[INFO] running `Command { std: "docker" "create" "-v" "/var/lib/crater-agent-workspace/builds/worker-41/target:/opt/rustwide/target:rw,Z" "-v" "/var/lib/crater-agent-workspace/builds/worker-41/source:/opt/rustwide/workdir:ro,Z" "-v" "/var/lib/crater-agent-workspace/cargo-home:/opt/rustwide/cargo-home:ro,Z" "-v" "/var/lib/crater-agent-workspace/rustup-home:/opt/rustwide/rustup-home:ro,Z" "-e" "SOURCE_DIR=/opt/rustwide/workdir" "-e" "CARGO_TARGET_DIR=/opt/rustwide/target" "-e" "CARGO_HOME=/opt/rustwide/cargo-home" "-e" "RUSTUP_HOME=/opt/rustwide/rustup-home" "-w" "/opt/rustwide/workdir" "-m" "1610612736" "--user" "0:0" "--network" "none" "ghcr.io/rust-lang/crates-build-env/linux@sha256:a89201d6b5b9fd45c15d5952ece0a0129e7e80cb26ec023fd59cf09bc26f1604" "/opt/rustwide/cargo-home/bin/cargo" "+1.55.0" "metadata" "--no-deps" "--format-version=1", kill_on_drop: false }`
[INFO] [stdout] 0454019ea523687f797070161a77e6b9611bc5073ff8dae78bb3099c1b25d888
[INFO] running `Command { std: "docker" "start" "-a" "0454019ea523687f797070161a77e6b9611bc5073ff8dae78bb3099c1b25d888", kill_on_drop: false }`
[INFO] running `Command { std: "docker" "inspect" "0454019ea523687f797070161a77e6b9611bc5073ff8dae78bb3099c1b25d888", kill_on_drop: false }`
[INFO] running `Command { std: "docker" "rm" "-f" "0454019ea523687f797070161a77e6b9611bc5073ff8dae78bb3099c1b25d888", kill_on_drop: false }`
[INFO] [stdout] 0454019ea523687f797070161a77e6b9611bc5073ff8dae78bb3099c1b25d888
[INFO] running `Command { std: "docker" "create" "-v" "/var/lib/crater-agent-workspace/builds/worker-41/target:/opt/rustwide/target:rw,Z" "-v" "/var/lib/crater-agent-workspace/builds/worker-41/source:/opt/rustwide/workdir:ro,Z" "-v" "/var/lib/crater-agent-workspace/cargo-home:/opt/rustwide/cargo-home:ro,Z" "-v" "/var/lib/crater-agent-workspace/rustup-home:/opt/rustwide/rustup-home:ro,Z" "-e" "SOURCE_DIR=/opt/rustwide/workdir" "-e" "CARGO_TARGET_DIR=/opt/rustwide/target" "-e" "CARGO_INCREMENTAL=0" "-e" "RUST_BACKTRACE=full" "-e" "RUSTFLAGS=--cap-lints=warn" "-e" "CARGO_HOME=/opt/rustwide/cargo-home" "-e" "RUSTUP_HOME=/opt/rustwide/rustup-home" "-w" "/opt/rustwide/workdir" "-m" "1610612736" "--user" "0:0" "--network" "none" "ghcr.io/rust-lang/crates-build-env/linux@sha256:a89201d6b5b9fd45c15d5952ece0a0129e7e80cb26ec023fd59cf09bc26f1604" "/opt/rustwide/cargo-home/bin/cargo" "+1.55.0" "check" "--frozen" "--all" "--all-targets" "--message-format=json", kill_on_drop: false }`
[INFO] [stdout] 9b26fdc7631982fef60ec01b201770f912d6b7019395cd82269a7dd20661d5a3
[INFO] running `Command { std: "docker" "start" "-a" "9b26fdc7631982fef60ec01b201770f912d6b7019395cd82269a7dd20661d5a3", kill_on_drop: false }`
[INFO] [stderr]    Compiling libc v0.2.45
[INFO] [stderr]     Checking unicode-width v0.1.5
[INFO] [stderr]     Checking vec_map v0.8.1
[INFO] [stderr]     Checking bitflags v1.0.4
[INFO] [stderr]     Checking ansi_term v0.11.0
[INFO] [stderr]     Checking same-file v1.0.4
[INFO] [stderr]     Checking strsim v0.7.0
[INFO] [stderr]     Checking sha1 v0.6.0
[INFO] [stderr]     Checking remove_dir_all v0.5.1
[INFO] [stderr]     Checking bencher v0.1.5
[INFO] [stderr]     Checking file v1.1.2
[INFO] [stderr]     Checking textwrap v0.10.0
[INFO] [stderr]     Checking getopts v0.2.18
[INFO] [stderr]     Checking walkdir v2.2.7
[INFO] [stderr]     Checking atty v0.2.11
[INFO] [stderr]     Checking rand v0.4.3
[INFO] [stderr]     Checking pretty-bytes v0.2.2
[INFO] [stderr]     Checking clap v2.32.0
[INFO] [stderr]     Checking tempdir v0.3.7
[INFO] [stderr]     Checking filedupes v0.1.1 (/opt/rustwide/workdir)
[INFO] [stdout] error[E0554]: `#![feature]` may not be used on the stable release channel
[INFO] [stdout]  --> src/lib.rs:1:1
[INFO] [stdout]   |
[INFO] [stdout] 1 | #![feature(drain_filter)]
[INFO] [stdout]   | ^^^^^^^^^^^^^^^^^^^^^^^^^
[INFO] [stdout] 
[INFO] [stdout] 
[INFO] [stdout] error[E0554]: `#![feature]` may not be used on the stable release channel
[INFO] [stdout]  --> src/lib.rs:2:1
[INFO] [stdout]   |
[INFO] [stdout] 2 | #![feature(test)]
[INFO] [stdout]   | ^^^^^^^^^^^^^^^^^
[INFO] [stdout] 
[INFO] [stdout] 
[INFO] [stdout] error: aborting due to 2 previous errors
[INFO] [stdout] 
[INFO] [stdout] 
[INFO] [stderr] error: could not compile `filedupes` due to 3 previous errors
[INFO] [stdout] For more information about this error, try `rustc --explain E0554`.
[INFO] [stdout] 
[INFO] [stderr] warning: build failed, waiting for other jobs to finish...
[INFO] [stdout] error[E0554]: `#![feature]` may not be used on the stable release channel
[INFO] [stdout]  --> src/lib.rs:1:1
[INFO] [stdout]   |
[INFO] [stdout] 1 | #![feature(drain_filter)]
[INFO] [stdout]   | ^^^^^^^^^^^^^^^^^^^^^^^^^
[INFO] [stdout] 
[INFO] [stdout] 
[INFO] [stdout] error[E0554]: `#![feature]` may not be used on the stable release channel
[INFO] [stdout]  --> src/lib.rs:2:1
[INFO] [stdout]   |
[INFO] [stdout] 2 | #![feature(test)]
[INFO] [stdout]   | ^^^^^^^^^^^^^^^^^
[INFO] [stdout] 
[INFO] [stdout] 
[INFO] [stdout] error: aborting due to 2 previous errors
[INFO] [stdout] 
[INFO] [stdout] 
[INFO] [stdout] For more information about this error, try `rustc --explain E0554`.
[INFO] [stdout] 
[INFO] [stderr] error: build failed
[INFO] running `Command { std: "docker" "inspect" "9b26fdc7631982fef60ec01b201770f912d6b7019395cd82269a7dd20661d5a3", kill_on_drop: false }`
[INFO] running `Command { std: "docker" "rm" "-f" "9b26fdc7631982fef60ec01b201770f912d6b7019395cd82269a7dd20661d5a3", kill_on_drop: false }`
[INFO] [stdout] 9b26fdc7631982fef60ec01b201770f912d6b7019395cd82269a7dd20661d5a3
