[INFO] cloning repository https://github.com/Torphedo/bcml-installer
[INFO] running `Command { std: "git" "-c" "credential.helper=" "-c" "credential.helper=/workspace/cargo-home/bin/git-credential-null" "clone" "--bare" "https://github.com/Torphedo/bcml-installer" "/workspace/cache/git-repos/https%3A%2F%2Fgithub.com%2FTorphedo%2Fbcml-installer", kill_on_drop: false }`
[INFO] [stderr] Cloning into bare repository '/workspace/cache/git-repos/https%3A%2F%2Fgithub.com%2FTorphedo%2Fbcml-installer'...
[INFO] running `Command { std: "git" "rev-parse" "HEAD", kill_on_drop: false }`
[INFO] [stdout] d2abd549d5cd7a749e494d2e59f51fe0e2b93dd2
[INFO] checking Torphedo/bcml-installer against beta-2021-10-15 for beta-1.56-3
[INFO] running `Command { std: "git" "clone" "/workspace/cache/git-repos/https%3A%2F%2Fgithub.com%2FTorphedo%2Fbcml-installer" "/workspace/builds/worker-60/source", kill_on_drop: false }`
[INFO] [stderr] Cloning into '/workspace/builds/worker-60/source'...
[INFO] [stderr] done.
[INFO] validating manifest of git repo https://github.com/Torphedo/bcml-installer on toolchain beta-2021-10-15
[INFO] running `Command { std: "/workspace/cargo-home/bin/cargo" "+beta-2021-10-15" "metadata" "--manifest-path" "Cargo.toml" "--no-deps", kill_on_drop: false }`
[INFO] removed /workspace/builds/worker-60/source/.cargo/config
[INFO] started tweaking git repo https://github.com/Torphedo/bcml-installer
[INFO] finished tweaking git repo https://github.com/Torphedo/bcml-installer
[INFO] tweaked toml for git repo https://github.com/Torphedo/bcml-installer written to /workspace/builds/worker-60/source/Cargo.toml
[INFO] running `Command { std: "/workspace/cargo-home/bin/cargo" "+beta-2021-10-15" "generate-lockfile" "--manifest-path" "Cargo.toml" "-Zno-index-update", kill_on_drop: false }`
[INFO] [stderr]     Blocking waiting for file lock on package cache
[INFO] running `Command { std: "/workspace/cargo-home/bin/cargo" "+beta-2021-10-15" "fetch" "--manifest-path" "Cargo.toml", kill_on_drop: false }`
[INFO] [stderr]     Blocking waiting for file lock on package cache
[INFO] [stderr]     Blocking waiting for file lock on package cache
[INFO] running `Command { std: "docker" "create" "-v" "/var/lib/crater-agent-workspace/builds/worker-60/target:/opt/rustwide/target:rw,Z" "-v" "/var/lib/crater-agent-workspace/builds/worker-60/source:/opt/rustwide/workdir:ro,Z" "-v" "/var/lib/crater-agent-workspace/cargo-home:/opt/rustwide/cargo-home:ro,Z" "-v" "/var/lib/crater-agent-workspace/rustup-home:/opt/rustwide/rustup-home:ro,Z" "-e" "SOURCE_DIR=/opt/rustwide/workdir" "-e" "CARGO_TARGET_DIR=/opt/rustwide/target" "-e" "CARGO_HOME=/opt/rustwide/cargo-home" "-e" "RUSTUP_HOME=/opt/rustwide/rustup-home" "-w" "/opt/rustwide/workdir" "-m" "1610612736" "--user" "0:0" "--network" "none" "ghcr.io/rust-lang/crates-build-env/linux@sha256:a89201d6b5b9fd45c15d5952ece0a0129e7e80cb26ec023fd59cf09bc26f1604" "/opt/rustwide/cargo-home/bin/cargo" "+beta-2021-10-15" "metadata" "--no-deps" "--format-version=1", kill_on_drop: false }`
[INFO] [stdout] ac7ad2e2e2cacb880d7a92dd80e92d5c93bee50e760df2e5ecb18a696f493bb4
[INFO] running `Command { std: "docker" "start" "-a" "ac7ad2e2e2cacb880d7a92dd80e92d5c93bee50e760df2e5ecb18a696f493bb4", kill_on_drop: false }`
[INFO] running `Command { std: "docker" "inspect" "ac7ad2e2e2cacb880d7a92dd80e92d5c93bee50e760df2e5ecb18a696f493bb4", kill_on_drop: false }`
[INFO] running `Command { std: "docker" "rm" "-f" "ac7ad2e2e2cacb880d7a92dd80e92d5c93bee50e760df2e5ecb18a696f493bb4", kill_on_drop: false }`
[INFO] [stdout] ac7ad2e2e2cacb880d7a92dd80e92d5c93bee50e760df2e5ecb18a696f493bb4
[INFO] running `Command { std: "docker" "create" "-v" "/var/lib/crater-agent-workspace/builds/worker-60/target:/opt/rustwide/target:rw,Z" "-v" "/var/lib/crater-agent-workspace/builds/worker-60/source:/opt/rustwide/workdir:ro,Z" "-v" "/var/lib/crater-agent-workspace/cargo-home:/opt/rustwide/cargo-home:ro,Z" "-v" "/var/lib/crater-agent-workspace/rustup-home:/opt/rustwide/rustup-home:ro,Z" "-e" "SOURCE_DIR=/opt/rustwide/workdir" "-e" "CARGO_TARGET_DIR=/opt/rustwide/target" "-e" "CARGO_INCREMENTAL=0" "-e" "RUST_BACKTRACE=full" "-e" "RUSTFLAGS=--cap-lints=warn" "-e" "CARGO_HOME=/opt/rustwide/cargo-home" "-e" "RUSTUP_HOME=/opt/rustwide/rustup-home" "-w" "/opt/rustwide/workdir" "-m" "1610612736" "--user" "0:0" "--network" "none" "ghcr.io/rust-lang/crates-build-env/linux@sha256:a89201d6b5b9fd45c15d5952ece0a0129e7e80cb26ec023fd59cf09bc26f1604" "/opt/rustwide/cargo-home/bin/cargo" "+beta-2021-10-15" "check" "--frozen" "--all" "--all-targets" "--message-format=json", kill_on_drop: false }`
[INFO] [stdout] 894a61e82b4848e314438195c3784066fb55d0d2a7a89db16cd228f77defc4ce
[INFO] running `Command { std: "docker" "start" "-a" "894a61e82b4848e314438195c3784066fb55d0d2a7a89db16cd228f77defc4ce", kill_on_drop: false }`
[INFO] [stderr]    Compiling pkg-config v0.3.20
[INFO] [stderr]    Compiling cc v1.0.71
[INFO] [stderr]    Compiling autocfg v1.0.1
[INFO] [stderr]    Compiling libc v0.2.104
[INFO] [stderr]    Compiling serde v1.0.130
[INFO] [stderr]    Compiling curl v0.4.39
[INFO] [stderr]     Checking byteorder v1.4.3
[INFO] [stderr]     Checking openssl-probe v0.1.4
[INFO] [stderr]     Checking bitflags v1.3.2
[INFO] [stderr]     Checking mslnk v0.1.6
[INFO] [stdout] error[E0433]: failed to resolve: could not find `windows` in `os`
[INFO] [stdout]  --> /opt/rustwide/cargo-home/registry/src/github.com-1ecc6299db9ec823/mslnk-0.1.6/src/linktarget.rs:3:38
[INFO] [stdout]   |
[INFO] [stdout] 3 |     ffi::OsString, mem::size_of, os::windows::ffi::OsStrExt, path::Path, ptr::null_mut, rc::Rc,
[INFO] [stdout]   |                                      ^^^^^^^ could not find `windows` in `os`
[INFO] [stdout] 
[INFO] [stdout] 
[INFO] [stdout] error[E0599]: no method named `encode_wide` found for struct `OsString` in the current scope
[INFO] [stdout]    --> /opt/rustwide/cargo-home/registry/src/github.com-1ecc6299db9ec823/mslnk-0.1.6/src/linktarget.rs:171:46
[INFO] [stdout]     |
[INFO] [stdout] 171 |         let data = OsString::from(long_name).encode_wide().collect::<Vec<_>>();
[INFO] [stdout]     |                                              ^^^^^^^^^^^ method not found in `OsString`
[INFO] [stdout] 
[INFO] [stdout] 
[INFO] [stdout] error[E0599]: no method named `encode_wide` found for struct `OsString` in the current scope
[INFO] [stdout]    --> /opt/rustwide/cargo-home/registry/src/github.com-1ecc6299db9ec823/mslnk-0.1.6/src/linktarget.rs:185:47
[INFO] [stdout]     |
[INFO] [stdout] 185 |             let a = OsString::from(long_name).encode_wide().collect::<Vec<_>>();
[INFO] [stdout]     |                                               ^^^^^^^^^^^ method not found in `OsString`
[INFO] [stdout] 
[INFO] [stdout] 
[INFO] [stdout] error: aborting due to 3 previous errors
[INFO] [stdout] 
[INFO] [stdout] 
[INFO] [stderr] error: could not compile `mslnk` due to 4 previous errors
[INFO] [stdout] Some errors have detailed explanations: E0433, E0599.
[INFO] [stdout] 
[INFO] [stderr] warning: build failed, waiting for other jobs to finish...
[INFO] [stdout] For more information about an error, try `rustc --explain E0433`.
[INFO] [stdout] 
[INFO] [stderr] error: build failed
[INFO] running `Command { std: "docker" "inspect" "894a61e82b4848e314438195c3784066fb55d0d2a7a89db16cd228f77defc4ce", kill_on_drop: false }`
[INFO] running `Command { std: "docker" "rm" "-f" "894a61e82b4848e314438195c3784066fb55d0d2a7a89db16cd228f77defc4ce", kill_on_drop: false }`
[INFO] [stdout] 894a61e82b4848e314438195c3784066fb55d0d2a7a89db16cd228f77defc4ce
