[INFO] cloning repository https://github.com/ThouCheese/diesel-issue
[INFO] running `Command { std: "git" "-c" "credential.helper=" "-c" "credential.helper=/workspace/cargo-home/bin/git-credential-null" "clone" "--bare" "https://github.com/ThouCheese/diesel-issue" "/workspace/cache/git-repos/https%3A%2F%2Fgithub.com%2FThouCheese%2Fdiesel-issue", kill_on_drop: false }`
[INFO] [stderr] Cloning into bare repository '/workspace/cache/git-repos/https%3A%2F%2Fgithub.com%2FThouCheese%2Fdiesel-issue'...
[INFO] running `Command { std: "git" "rev-parse" "HEAD", kill_on_drop: false }`
[INFO] [stdout] 2f57092ffa905fee17738eb5f843002876e1a479
[INFO] checking ThouCheese/diesel-issue against beta-2021-10-15 for beta-1.56-3
[INFO] running `Command { std: "git" "clone" "/workspace/cache/git-repos/https%3A%2F%2Fgithub.com%2FThouCheese%2Fdiesel-issue" "/workspace/builds/worker-13/source", kill_on_drop: false }`
[INFO] [stderr] Cloning into '/workspace/builds/worker-13/source'...
[INFO] [stderr] done.
[INFO] validating manifest of git repo https://github.com/ThouCheese/diesel-issue on toolchain beta-2021-10-15
[INFO] running `Command { std: "/workspace/cargo-home/bin/cargo" "+beta-2021-10-15" "metadata" "--manifest-path" "Cargo.toml" "--no-deps", kill_on_drop: false }`
[INFO] started tweaking git repo https://github.com/ThouCheese/diesel-issue
[INFO] finished tweaking git repo https://github.com/ThouCheese/diesel-issue
[INFO] tweaked toml for git repo https://github.com/ThouCheese/diesel-issue written to /workspace/builds/worker-13/source/Cargo.toml
[INFO] crate git repo https://github.com/ThouCheese/diesel-issue already has a lockfile, it will not be regenerated
[INFO] running `Command { std: "/workspace/cargo-home/bin/cargo" "+beta-2021-10-15" "fetch" "--manifest-path" "Cargo.toml", kill_on_drop: false }`
[INFO] running `Command { std: "docker" "create" "-v" "/var/lib/crater-agent-workspace/builds/worker-13/target:/opt/rustwide/target:rw,Z" "-v" "/var/lib/crater-agent-workspace/builds/worker-13/source:/opt/rustwide/workdir:ro,Z" "-v" "/var/lib/crater-agent-workspace/cargo-home:/opt/rustwide/cargo-home:ro,Z" "-v" "/var/lib/crater-agent-workspace/rustup-home:/opt/rustwide/rustup-home:ro,Z" "-e" "SOURCE_DIR=/opt/rustwide/workdir" "-e" "CARGO_TARGET_DIR=/opt/rustwide/target" "-e" "CARGO_HOME=/opt/rustwide/cargo-home" "-e" "RUSTUP_HOME=/opt/rustwide/rustup-home" "-w" "/opt/rustwide/workdir" "-m" "1610612736" "--user" "0:0" "--network" "none" "ghcr.io/rust-lang/crates-build-env/linux@sha256:a89201d6b5b9fd45c15d5952ece0a0129e7e80cb26ec023fd59cf09bc26f1604" "/opt/rustwide/cargo-home/bin/cargo" "+beta-2021-10-15" "metadata" "--no-deps" "--format-version=1", kill_on_drop: false }`
[INFO] [stdout] b9394078f40162a045d8676545a37513ceee770994148f1a6ee17ff29c1f8553
[INFO] [stderr] WARNING: Your kernel does not support swap limit capabilities or the cgroup is not mounted. Memory limited without swap.
[INFO] running `Command { std: "docker" "start" "-a" "b9394078f40162a045d8676545a37513ceee770994148f1a6ee17ff29c1f8553", kill_on_drop: false }`
[INFO] running `Command { std: "docker" "inspect" "b9394078f40162a045d8676545a37513ceee770994148f1a6ee17ff29c1f8553", kill_on_drop: false }`
[INFO] running `Command { std: "docker" "rm" "-f" "b9394078f40162a045d8676545a37513ceee770994148f1a6ee17ff29c1f8553", kill_on_drop: false }`
[INFO] [stdout] b9394078f40162a045d8676545a37513ceee770994148f1a6ee17ff29c1f8553
[INFO] running `Command { std: "docker" "create" "-v" "/var/lib/crater-agent-workspace/builds/worker-13/target:/opt/rustwide/target:rw,Z" "-v" "/var/lib/crater-agent-workspace/builds/worker-13/source:/opt/rustwide/workdir:ro,Z" "-v" "/var/lib/crater-agent-workspace/cargo-home:/opt/rustwide/cargo-home:ro,Z" "-v" "/var/lib/crater-agent-workspace/rustup-home:/opt/rustwide/rustup-home:ro,Z" "-e" "SOURCE_DIR=/opt/rustwide/workdir" "-e" "CARGO_TARGET_DIR=/opt/rustwide/target" "-e" "CARGO_INCREMENTAL=0" "-e" "RUST_BACKTRACE=full" "-e" "RUSTFLAGS=--cap-lints=warn" "-e" "CARGO_HOME=/opt/rustwide/cargo-home" "-e" "RUSTUP_HOME=/opt/rustwide/rustup-home" "-w" "/opt/rustwide/workdir" "-m" "1610612736" "--user" "0:0" "--network" "none" "ghcr.io/rust-lang/crates-build-env/linux@sha256:a89201d6b5b9fd45c15d5952ece0a0129e7e80cb26ec023fd59cf09bc26f1604" "/opt/rustwide/cargo-home/bin/cargo" "+beta-2021-10-15" "check" "--frozen" "--all" "--all-targets" "--message-format=json", kill_on_drop: false }`
[INFO] [stdout] 8f7be91dfc20019ae0d00e0f3b41a0f9aae7ee6171b22b416e5f1f8c84e68ad1
[INFO] [stderr] WARNING: Your kernel does not support swap limit capabilities or the cgroup is not mounted. Memory limited without swap.
[INFO] running `Command { std: "docker" "start" "-a" "8f7be91dfc20019ae0d00e0f3b41a0f9aae7ee6171b22b416e5f1f8c84e68ad1", kill_on_drop: false }`
[INFO] [stderr]    Compiling syn v1.0.71
[INFO] [stderr]    Compiling diesel_derives v1.4.1
[INFO] [stderr]    Compiling diesel v1.4.6
[INFO] [stdout] error[E0432]: unresolved import `diesel`
[INFO] [stdout]   --> /opt/rustwide/cargo-home/registry/src/github.com-1ecc6299db9ec823/diesel-1.4.6/src/sql_types/mod.rs:37:48
[INFO] [stdout]    |
[INFO] [stdout] 37 | #[derive(Debug, Clone, Copy, Default, QueryId, SqlType)]
[INFO] [stdout]    |                                                ^^^^^^^ could not find `pg` in `diesel`
[INFO] [stdout]    |
[INFO] [stdout]    = note: this error originates in the derive macro `SqlType` (in Nightly builds, run with -Z macro-backtrace for more info)
[INFO] [stdout] 
[INFO] [stdout] 
[INFO] [stdout] error[E0432]: unresolved import `diesel`
[INFO] [stdout]   --> /opt/rustwide/cargo-home/registry/src/github.com-1ecc6299db9ec823/diesel-1.4.6/src/sql_types/mod.rs:75:48
[INFO] [stdout]    |
[INFO] [stdout] 75 | #[derive(Debug, Clone, Copy, Default, QueryId, SqlType)]
[INFO] [stdout]    |                                                ^^^^^^^ could not find `pg` in `diesel`
[INFO] [stdout]    |
[INFO] [stdout]    = note: this error originates in the derive macro `SqlType` (in Nightly builds, run with -Z macro-backtrace for more info)
[INFO] [stdout] 
[INFO] [stdout] 
[INFO] [stdout] error[E0432]: unresolved import `diesel`
[INFO] [stdout]   --> /opt/rustwide/cargo-home/registry/src/github.com-1ecc6299db9ec823/diesel-1.4.6/src/sql_types/mod.rs:96:48
[INFO] [stdout]    |
[INFO] [stdout] 96 | #[derive(Debug, Clone, Copy, Default, QueryId, SqlType)]
[INFO] [stdout]    |                                                ^^^^^^^ could not find `pg` in `diesel`
[INFO] [stdout]    |
[INFO] [stdout]    = note: this error originates in the derive macro `SqlType` (in Nightly builds, run with -Z macro-backtrace for more info)
[INFO] [stdout] 
[INFO] [stdout] 
[INFO] [stdout] error[E0432]: unresolved import `diesel`
[INFO] [stdout]    --> /opt/rustwide/cargo-home/registry/src/github.com-1ecc6299db9ec823/diesel-1.4.6/src/sql_types/mod.rs:115:48
[INFO] [stdout]     |
[INFO] [stdout] 115 | #[derive(Debug, Clone, Copy, Default, QueryId, SqlType)]
[INFO] [stdout]     |                                                ^^^^^^^ could not find `pg` in `diesel`
[INFO] [stdout]     |
[INFO] [stdout]     = note: this error originates in the derive macro `SqlType` (in Nightly builds, run with -Z macro-backtrace for more info)
[INFO] [stdout] 
[INFO] [stdout] 
[INFO] [stdout] error[E0432]: unresolved import `diesel`
[INFO] [stdout]    --> /opt/rustwide/cargo-home/registry/src/github.com-1ecc6299db9ec823/diesel-1.4.6/src/sql_types/mod.rs:136:48
[INFO] [stdout]     |
[INFO] [stdout] 136 | #[derive(Debug, Clone, Copy, Default, QueryId, SqlType)]
[INFO] [stdout]     |                                                ^^^^^^^ could not find `pg` in `diesel`
[INFO] [stdout]     |
[INFO] [stdout]     = note: this error originates in the derive macro `SqlType` (in Nightly builds, run with -Z macro-backtrace for more info)
[INFO] [stdout] 
[INFO] [stdout] 
[INFO] [stdout] error[E0432]: unresolved import `diesel`
[INFO] [stdout]    --> /opt/rustwide/cargo-home/registry/src/github.com-1ecc6299db9ec823/diesel-1.4.6/src/sql_types/mod.rs:155:48
[INFO] [stdout]     |
[INFO] [stdout] 155 | #[derive(Debug, Clone, Copy, Default, QueryId, SqlType)]
[INFO] [stdout]     |                                                ^^^^^^^ could not find `pg` in `diesel`
[INFO] [stdout]     |
[INFO] [stdout]     = note: this error originates in the derive macro `SqlType` (in Nightly builds, run with -Z macro-backtrace for more info)
[INFO] [stdout] 
[INFO] [stdout] 
[INFO] [stdout] error[E0432]: unresolved import `diesel`
[INFO] [stdout]    --> /opt/rustwide/cargo-home/registry/src/github.com-1ecc6299db9ec823/diesel-1.4.6/src/sql_types/mod.rs:177:48
[INFO] [stdout]     |
[INFO] [stdout] 177 | #[derive(Debug, Clone, Copy, Default, QueryId, SqlType)]
[INFO] [stdout]     |                                                ^^^^^^^ could not find `pg` in `diesel`
[INFO] [stdout]     |
[INFO] [stdout]     = note: this error originates in the derive macro `SqlType` (in Nightly builds, run with -Z macro-backtrace for more info)
[INFO] [stdout] 
[INFO] [stdout] 
[INFO] [stdout] error[E0432]: unresolved import `diesel`
[INFO] [stdout]    --> /opt/rustwide/cargo-home/registry/src/github.com-1ecc6299db9ec823/diesel-1.4.6/src/sql_types/mod.rs:205:48
[INFO] [stdout]     |
[INFO] [stdout] 205 | #[derive(Debug, Clone, Copy, Default, QueryId, SqlType)]
[INFO] [stdout]     |                                                ^^^^^^^ could not find `pg` in `diesel`
[INFO] [stdout]     |
[INFO] [stdout]     = note: this error originates in the derive macro `SqlType` (in Nightly builds, run with -Z macro-backtrace for more info)
[INFO] [stdout] 
[INFO] [stdout] 
[INFO] [stdout] error[E0432]: unresolved import `diesel`
[INFO] [stdout]    --> /opt/rustwide/cargo-home/registry/src/github.com-1ecc6299db9ec823/diesel-1.4.6/src/sql_types/mod.rs:248:48
[INFO] [stdout]     |
[INFO] [stdout] 248 | #[derive(Debug, Clone, Copy, Default, QueryId, SqlType)]
[INFO] [stdout]     |                                                ^^^^^^^ could not find `pg` in `diesel`
[INFO] [stdout]     |
[INFO] [stdout]     = note: this error originates in the derive macro `SqlType` (in Nightly builds, run with -Z macro-backtrace for more info)
[INFO] [stdout] 
[INFO] [stdout] 
[INFO] [stdout] error[E0432]: unresolved import `diesel`
[INFO] [stdout]    --> /opt/rustwide/cargo-home/registry/src/github.com-1ecc6299db9ec823/diesel-1.4.6/src/sql_types/mod.rs:278:48
[INFO] [stdout]     |
[INFO] [stdout] 278 | #[derive(Debug, Clone, Copy, Default, QueryId, SqlType)]
[INFO] [stdout]     |                                                ^^^^^^^ could not find `pg` in `diesel`
[INFO] [stdout]     |
[INFO] [stdout]     = note: this error originates in the derive macro `SqlType` (in Nightly builds, run with -Z macro-backtrace for more info)
[INFO] [stdout] 
[INFO] [stdout] 
[INFO] [stdout] error[E0432]: unresolved import `diesel`
[INFO] [stdout]    --> /opt/rustwide/cargo-home/registry/src/github.com-1ecc6299db9ec823/diesel-1.4.6/src/sql_types/mod.rs:298:48
[INFO] [stdout]     |
[INFO] [stdout] 298 | #[derive(Debug, Clone, Copy, Default, QueryId, SqlType)]
[INFO] [stdout]     |                                                ^^^^^^^ could not find `pg` in `diesel`
[INFO] [stdout]     |
[INFO] [stdout]     = note: this error originates in the derive macro `SqlType` (in Nightly builds, run with -Z macro-backtrace for more info)
[INFO] [stdout] 
[INFO] [stdout] 
[INFO] [stdout] error[E0432]: unresolved import `diesel`
[INFO] [stdout]    --> /opt/rustwide/cargo-home/registry/src/github.com-1ecc6299db9ec823/diesel-1.4.6/src/sql_types/mod.rs:313:48
[INFO] [stdout]     |
[INFO] [stdout] 313 | #[derive(Debug, Clone, Copy, Default, QueryId, SqlType)]
[INFO] [stdout]     |                                                ^^^^^^^ could not find `pg` in `diesel`
[INFO] [stdout]     |
[INFO] [stdout]     = note: this error originates in the derive macro `SqlType` (in Nightly builds, run with -Z macro-backtrace for more info)
[INFO] [stdout] 
[INFO] [stdout] 
[INFO] [stdout] error[E0432]: unresolved import `diesel`
[INFO] [stdout]    --> /opt/rustwide/cargo-home/registry/src/github.com-1ecc6299db9ec823/diesel-1.4.6/src/sql_types/mod.rs:336:48
[INFO] [stdout]     |
[INFO] [stdout] 336 | #[derive(Debug, Clone, Copy, Default, QueryId, SqlType)]
[INFO] [stdout]     |                                                ^^^^^^^ could not find `pg` in `diesel`
[INFO] [stdout]     |
[INFO] [stdout]     = note: this error originates in the derive macro `SqlType` (in Nightly builds, run with -Z macro-backtrace for more info)
[INFO] [stdout] 
[INFO] [stdout] 
[INFO] [stdout] error[E0433]: failed to resolve: could not find `pg` in `diesel`
[INFO] [stdout]   --> /opt/rustwide/cargo-home/registry/src/github.com-1ecc6299db9ec823/diesel-1.4.6/src/sql_types/mod.rs:37:48
[INFO] [stdout]    |
[INFO] [stdout] 37 | #[derive(Debug, Clone, Copy, Default, QueryId, SqlType)]
[INFO] [stdout]    |                                                ^^^^^^^ could not find `pg` in `diesel`
[INFO] [stdout]    |
[INFO] [stdout]    = note: this error originates in the derive macro `SqlType` (in Nightly builds, run with -Z macro-backtrace for more info)
[INFO] [stdout] 
[INFO] [stdout] 
[INFO] [stdout] error[E0433]: failed to resolve: could not find `pg` in `diesel`
[INFO] [stdout]   --> /opt/rustwide/cargo-home/registry/src/github.com-1ecc6299db9ec823/diesel-1.4.6/src/sql_types/mod.rs:75:48
[INFO] [stdout]    |
[INFO] [stdout] 75 | #[derive(Debug, Clone, Copy, Default, QueryId, SqlType)]
[INFO] [stdout]    |                                                ^^^^^^^ could not find `pg` in `diesel`
[INFO] [stdout]    |
[INFO] [stdout]    = note: this error originates in the derive macro `SqlType` (in Nightly builds, run with -Z macro-backtrace for more info)
[INFO] [stdout] 
[INFO] [stdout] 
[INFO] [stdout] error[E0433]: failed to resolve: could not find `pg` in `diesel`
[INFO] [stdout]   --> /opt/rustwide/cargo-home/registry/src/github.com-1ecc6299db9ec823/diesel-1.4.6/src/sql_types/mod.rs:96:48
[INFO] [stdout]    |
[INFO] [stdout] 96 | #[derive(Debug, Clone, Copy, Default, QueryId, SqlType)]
[INFO] [stdout]    |                                                ^^^^^^^ could not find `pg` in `diesel`
[INFO] [stdout]    |
[INFO] [stdout]    = note: this error originates in the derive macro `SqlType` (in Nightly builds, run with -Z macro-backtrace for more info)
[INFO] [stdout] 
[INFO] [stdout] 
[INFO] [stdout] error[E0433]: failed to resolve: could not find `pg` in `diesel`
[INFO] [stdout]    --> /opt/rustwide/cargo-home/registry/src/github.com-1ecc6299db9ec823/diesel-1.4.6/src/sql_types/mod.rs:115:48
[INFO] [stdout]     |
[INFO] [stdout] 115 | #[derive(Debug, Clone, Copy, Default, QueryId, SqlType)]
[INFO] [stdout]     |                                                ^^^^^^^ could not find `pg` in `diesel`
[INFO] [stdout]     |
[INFO] [stdout]     = note: this error originates in the derive macro `SqlType` (in Nightly builds, run with -Z macro-backtrace for more info)
[INFO] [stdout] 
[INFO] [stdout] 
[INFO] [stdout] error[E0433]: failed to resolve: could not find `pg` in `diesel`
[INFO] [stdout]    --> /opt/rustwide/cargo-home/registry/src/github.com-1ecc6299db9ec823/diesel-1.4.6/src/sql_types/mod.rs:136:48
[INFO] [stdout]     |
[INFO] [stdout] 136 | #[derive(Debug, Clone, Copy, Default, QueryId, SqlType)]
[INFO] [stdout]     |                                                ^^^^^^^ could not find `pg` in `diesel`
[INFO] [stdout]     |
[INFO] [stdout]     = note: this error originates in the derive macro `SqlType` (in Nightly builds, run with -Z macro-backtrace for more info)
[INFO] [stdout] 
[INFO] [stdout] 
[INFO] [stdout] error[E0433]: failed to resolve: could not find `pg` in `diesel`
[INFO] [stdout]    --> /opt/rustwide/cargo-home/registry/src/github.com-1ecc6299db9ec823/diesel-1.4.6/src/sql_types/mod.rs:155:48
[INFO] [stdout]     |
[INFO] [stdout] 155 | #[derive(Debug, Clone, Copy, Default, QueryId, SqlType)]
[INFO] [stdout]     |                                                ^^^^^^^ could not find `pg` in `diesel`
[INFO] [stdout]     |
[INFO] [stdout]     = note: this error originates in the derive macro `SqlType` (in Nightly builds, run with -Z macro-backtrace for more info)
[INFO] [stdout] 
[INFO] [stdout] 
[INFO] [stdout] error[E0433]: failed to resolve: could not find `pg` in `diesel`
[INFO] [stdout]    --> /opt/rustwide/cargo-home/registry/src/github.com-1ecc6299db9ec823/diesel-1.4.6/src/sql_types/mod.rs:177:48
[INFO] [stdout]     |
[INFO] [stdout] 177 | #[derive(Debug, Clone, Copy, Default, QueryId, SqlType)]
[INFO] [stdout]     |                                                ^^^^^^^ could not find `pg` in `diesel`
[INFO] [stdout]     |
[INFO] [stdout]     = note: this error originates in the derive macro `SqlType` (in Nightly builds, run with -Z macro-backtrace for more info)
[INFO] [stdout] 
[INFO] [stdout] 
[INFO] [stdout] error[E0433]: failed to resolve: could not find `pg` in `diesel`
[INFO] [stdout]    --> /opt/rustwide/cargo-home/registry/src/github.com-1ecc6299db9ec823/diesel-1.4.6/src/sql_types/mod.rs:205:48
[INFO] [stdout]     |
[INFO] [stdout] 205 | #[derive(Debug, Clone, Copy, Default, QueryId, SqlType)]
[INFO] [stdout]     |                                                ^^^^^^^ could not find `pg` in `diesel`
[INFO] [stdout]     |
[INFO] [stdout]     = note: this error originates in the derive macro `SqlType` (in Nightly builds, run with -Z macro-backtrace for more info)
[INFO] [stdout] 
[INFO] [stdout] 
[INFO] [stdout] error[E0433]: failed to resolve: could not find `pg` in `diesel`
[INFO] [stdout]    --> /opt/rustwide/cargo-home/registry/src/github.com-1ecc6299db9ec823/diesel-1.4.6/src/sql_types/mod.rs:248:48
[INFO] [stdout]     |
[INFO] [stdout] 248 | #[derive(Debug, Clone, Copy, Default, QueryId, SqlType)]
[INFO] [stdout]     |                                                ^^^^^^^ could not find `pg` in `diesel`
[INFO] [stdout]     |
[INFO] [stdout]     = note: this error originates in the derive macro `SqlType` (in Nightly builds, run with -Z macro-backtrace for more info)
[INFO] [stdout] 
[INFO] [stdout] 
[INFO] [stdout] error[E0433]: failed to resolve: could not find `pg` in `diesel`
[INFO] [stdout]    --> /opt/rustwide/cargo-home/registry/src/github.com-1ecc6299db9ec823/diesel-1.4.6/src/sql_types/mod.rs:278:48
[INFO] [stdout]     |
[INFO] [stdout] 278 | #[derive(Debug, Clone, Copy, Default, QueryId, SqlType)]
[INFO] [stdout]     |                                                ^^^^^^^ could not find `pg` in `diesel`
[INFO] [stdout]     |
[INFO] [stdout]     = note: this error originates in the derive macro `SqlType` (in Nightly builds, run with -Z macro-backtrace for more info)
[INFO] [stdout] 
[INFO] [stdout] 
[INFO] [stdout] error[E0433]: failed to resolve: could not find `pg` in `diesel`
[INFO] [stdout]    --> /opt/rustwide/cargo-home/registry/src/github.com-1ecc6299db9ec823/diesel-1.4.6/src/sql_types/mod.rs:298:48
[INFO] [stdout]     |
[INFO] [stdout] 298 | #[derive(Debug, Clone, Copy, Default, QueryId, SqlType)]
[INFO] [stdout]     |                                                ^^^^^^^ could not find `pg` in `diesel`
[INFO] [stdout]     |
[INFO] [stdout]     = note: this error originates in the derive macro `SqlType` (in Nightly builds, run with -Z macro-backtrace for more info)
[INFO] [stdout] 
[INFO] [stdout] 
[INFO] [stdout] error[E0433]: failed to resolve: could not find `pg` in `diesel`
[INFO] [stdout]    --> /opt/rustwide/cargo-home/registry/src/github.com-1ecc6299db9ec823/diesel-1.4.6/src/sql_types/mod.rs:313:48
[INFO] [stdout]     |
[INFO] [stdout] 313 | #[derive(Debug, Clone, Copy, Default, QueryId, SqlType)]
[INFO] [stdout]     |                                                ^^^^^^^ could not find `pg` in `diesel`
[INFO] [stdout]     |
[INFO] [stdout]     = note: this error originates in the derive macro `SqlType` (in Nightly builds, run with -Z macro-backtrace for more info)
[INFO] [stdout] 
[INFO] [stdout] 
[INFO] [stdout] error[E0433]: failed to resolve: could not find `pg` in `diesel`
[INFO] [stdout]    --> /opt/rustwide/cargo-home/registry/src/github.com-1ecc6299db9ec823/diesel-1.4.6/src/sql_types/mod.rs:336:48
[INFO] [stdout]     |
[INFO] [stdout] 336 | #[derive(Debug, Clone, Copy, Default, QueryId, SqlType)]
[INFO] [stdout]     |                                                ^^^^^^^ could not find `pg` in `diesel`
[INFO] [stdout]     |
[INFO] [stdout]     = note: this error originates in the derive macro `SqlType` (in Nightly builds, run with -Z macro-backtrace for more info)
[INFO] [stdout] 
[INFO] [stdout] 
[INFO] [stdout] error: aborting due to 26 previous errors
[INFO] [stdout] 
[INFO] [stdout] 
[INFO] [stdout] Some errors have detailed explanations: E0432, E0433.
[INFO] [stdout] 
[INFO] [stdout] For more information about an error, try `rustc --explain E0432`.
[INFO] [stdout] 
[INFO] [stderr] note: This error may be due to an interaction between diesel and Cargo's new
[INFO] [stderr] feature resolver. Try updating to diesel 1.4.8 to fix this error.
[INFO] [stderr] 
[INFO] [stderr] error: could not compile `diesel` due to 27 previous errors
[INFO] [stderr] warning: build failed, waiting for other jobs to finish...
[INFO] [stderr] error: build failed
[INFO] running `Command { std: "docker" "inspect" "8f7be91dfc20019ae0d00e0f3b41a0f9aae7ee6171b22b416e5f1f8c84e68ad1", kill_on_drop: false }`
[INFO] running `Command { std: "docker" "rm" "-f" "8f7be91dfc20019ae0d00e0f3b41a0f9aae7ee6171b22b416e5f1f8c84e68ad1", kill_on_drop: false }`
[INFO] [stdout] 8f7be91dfc20019ae0d00e0f3b41a0f9aae7ee6171b22b416e5f1f8c84e68ad1
