[INFO] cloning repository https://github.com/Thegaram/evm-trace-extract
[INFO] running `Command { std: "git" "-c" "credential.helper=" "-c" "credential.helper=/workspace/cargo-home/bin/git-credential-null" "clone" "--bare" "https://github.com/Thegaram/evm-trace-extract" "/workspace/cache/git-repos/https%3A%2F%2Fgithub.com%2FThegaram%2Fevm-trace-extract", kill_on_drop: false }`
[INFO] [stderr] Cloning into bare repository '/workspace/cache/git-repos/https%3A%2F%2Fgithub.com%2FThegaram%2Fevm-trace-extract'...
[INFO] running `Command { std: "git" "rev-parse" "HEAD", kill_on_drop: false }`
[INFO] [stdout] 55a76a564c4cb21f700807950dbbed1b677ef629
[INFO] checking Thegaram/evm-trace-extract against 1.55.0 for beta-1.56-3
[INFO] running `Command { std: "git" "clone" "/workspace/cache/git-repos/https%3A%2F%2Fgithub.com%2FThegaram%2Fevm-trace-extract" "/workspace/builds/worker-9/source", kill_on_drop: false }`
[INFO] [stderr] Cloning into '/workspace/builds/worker-9/source'...
[INFO] [stderr] done.
[INFO] validating manifest of git repo https://github.com/Thegaram/evm-trace-extract on toolchain 1.55.0
[INFO] running `Command { std: "/workspace/cargo-home/bin/cargo" "+1.55.0" "metadata" "--manifest-path" "Cargo.toml" "--no-deps", kill_on_drop: false }`
[INFO] removed /workspace/builds/worker-9/source/rust-toolchain
[INFO] started tweaking git repo https://github.com/Thegaram/evm-trace-extract
[INFO] finished tweaking git repo https://github.com/Thegaram/evm-trace-extract
[INFO] tweaked toml for git repo https://github.com/Thegaram/evm-trace-extract written to /workspace/builds/worker-9/source/Cargo.toml
[INFO] crate git repo https://github.com/Thegaram/evm-trace-extract already has a lockfile, it will not be regenerated
[INFO] running `Command { std: "/workspace/cargo-home/bin/cargo" "+1.55.0" "fetch" "--manifest-path" "Cargo.toml", kill_on_drop: false }`
[INFO] [stderr]     Blocking waiting for file lock on package cache
[INFO] running `Command { std: "docker" "create" "-v" "/var/lib/crater-agent-workspace/builds/worker-9/target:/opt/rustwide/target:rw,Z" "-v" "/var/lib/crater-agent-workspace/builds/worker-9/source:/opt/rustwide/workdir:ro,Z" "-v" "/var/lib/crater-agent-workspace/cargo-home:/opt/rustwide/cargo-home:ro,Z" "-v" "/var/lib/crater-agent-workspace/rustup-home:/opt/rustwide/rustup-home:ro,Z" "-e" "SOURCE_DIR=/opt/rustwide/workdir" "-e" "CARGO_TARGET_DIR=/opt/rustwide/target" "-e" "CARGO_HOME=/opt/rustwide/cargo-home" "-e" "RUSTUP_HOME=/opt/rustwide/rustup-home" "-w" "/opt/rustwide/workdir" "-m" "1610612736" "--user" "0:0" "--network" "none" "ghcr.io/rust-lang/crates-build-env/linux@sha256:a89201d6b5b9fd45c15d5952ece0a0129e7e80cb26ec023fd59cf09bc26f1604" "/opt/rustwide/cargo-home/bin/cargo" "+1.55.0" "metadata" "--no-deps" "--format-version=1", kill_on_drop: false }`
[INFO] [stdout] c97936eece82f911c2cdae7a267e750b77f14f4cd67106d9b51aaa91f1f2b61d
[INFO] [stderr] WARNING: Your kernel does not support swap limit capabilities or the cgroup is not mounted. Memory limited without swap.
[INFO] running `Command { std: "docker" "start" "-a" "c97936eece82f911c2cdae7a267e750b77f14f4cd67106d9b51aaa91f1f2b61d", kill_on_drop: false }`
[INFO] running `Command { std: "docker" "inspect" "c97936eece82f911c2cdae7a267e750b77f14f4cd67106d9b51aaa91f1f2b61d", kill_on_drop: false }`
[INFO] running `Command { std: "docker" "rm" "-f" "c97936eece82f911c2cdae7a267e750b77f14f4cd67106d9b51aaa91f1f2b61d", kill_on_drop: false }`
[INFO] [stdout] c97936eece82f911c2cdae7a267e750b77f14f4cd67106d9b51aaa91f1f2b61d
[INFO] running `Command { std: "docker" "create" "-v" "/var/lib/crater-agent-workspace/builds/worker-9/target:/opt/rustwide/target:rw,Z" "-v" "/var/lib/crater-agent-workspace/builds/worker-9/source:/opt/rustwide/workdir:ro,Z" "-v" "/var/lib/crater-agent-workspace/cargo-home:/opt/rustwide/cargo-home:ro,Z" "-v" "/var/lib/crater-agent-workspace/rustup-home:/opt/rustwide/rustup-home:ro,Z" "-e" "SOURCE_DIR=/opt/rustwide/workdir" "-e" "CARGO_TARGET_DIR=/opt/rustwide/target" "-e" "CARGO_INCREMENTAL=0" "-e" "RUST_BACKTRACE=full" "-e" "RUSTFLAGS=--cap-lints=warn" "-e" "CARGO_HOME=/opt/rustwide/cargo-home" "-e" "RUSTUP_HOME=/opt/rustwide/rustup-home" "-w" "/opt/rustwide/workdir" "-m" "1610612736" "--user" "0:0" "--network" "none" "ghcr.io/rust-lang/crates-build-env/linux@sha256:a89201d6b5b9fd45c15d5952ece0a0129e7e80cb26ec023fd59cf09bc26f1604" "/opt/rustwide/cargo-home/bin/cargo" "+1.55.0" "check" "--frozen" "--all" "--all-targets" "--message-format=json", kill_on_drop: false }`
[INFO] [stderr] WARNING: Your kernel does not support swap limit capabilities or the cgroup is not mounted. Memory limited without swap.
[INFO] [stdout] ffb887ad3c06bd28d40d6a1aec72146e1b0b243f45d3fd5b293b0094b0a3fcc2
[INFO] running `Command { std: "docker" "start" "-a" "ffb887ad3c06bd28d40d6a1aec72146e1b0b243f45d3fd5b293b0094b0a3fcc2", kill_on_drop: false }`
[INFO] [stderr]    Compiling libc v0.2.76
[INFO] [stderr]    Compiling syn v1.0.69
[INFO] [stderr]     Checking futures-core v0.3.14
[INFO] [stderr]     Checking futures-io v0.3.14
[INFO] [stderr]     Checking futures-task v0.3.14
[INFO] [stderr]     Checking arrayvec v0.7.0
[INFO] [stderr]    Compiling regex-syntax v0.6.23
[INFO] [stderr]     Checking tinyvec v0.3.4
[INFO] [stderr]     Checking humantime v2.0.1
[INFO] [stderr]    Compiling tokio v1.5.0
[INFO] [stderr]     Checking tracing-core v0.1.16
[INFO] [stderr]     Checking rlp v0.5.0
[INFO] [stderr]     Checking http-body v0.4.1
[INFO] [stderr]     Checking headers-core v0.2.0
[INFO] [stderr]    Compiling quote v1.0.7
[INFO] [stderr]     Checking bitvec v0.20.2
[INFO] [stderr]     Checking tiny-keccak v2.0.2
[INFO] [stderr]     Checking uint v0.9.0
[INFO] [stderr]     Checking rmp v0.8.9
[INFO] [stderr]     Checking futures-channel v0.3.14
[INFO] [stderr]     Checking sha-1 v0.9.1
[INFO] [stderr]     Checking unicode-normalization v0.1.13
[INFO] [stderr]     Checking impl-rlp v0.3.0
[INFO] [stderr]     Checking tracing v0.1.19
[INFO] [stderr]    Compiling jobserver v0.1.21
[INFO] [stderr]    Compiling clang-sys v1.2.0
[INFO] [stderr]     Checking parking_lot_core v0.8.0
[INFO] [stderr]     Checking mio v0.7.7
[INFO] [stderr]     Checking num_cpus v1.13.0
[INFO] [stderr]     Checking getrandom v0.2.2
[INFO] [stderr]     Checking signal-hook-registry v1.2.1
[INFO] [stderr]     Checking getrandom v0.1.15
[INFO] [stderr]     Checking socket2 v0.3.19
[INFO] [stderr]     Checking time v0.1.44
[INFO] [stderr]     Checking atty v0.2.14
[INFO] [stderr]     Checking idna v0.2.0
[INFO] [stderr]    Compiling cc v1.0.59
[INFO] [stderr]     Checking rand_core v0.5.1
[INFO] [stderr]     Checking rand_core v0.6.2
[INFO] [stderr]     Checking parking_lot v0.11.0
[INFO] [stderr]     Checking headers v0.3.4
[INFO] [stderr]     Checking rand_chacha v0.2.2
[INFO] [stderr]     Checking rand_chacha v0.3.0
[INFO] [stderr]     Checking rand v0.8.3
[INFO] [stderr]     Checking rand v0.7.3
[INFO] [stderr]     Checking url v2.1.1
[INFO] [stderr]     Checking regex v1.4.5
[INFO] [stderr]    Compiling openssl-sys v0.9.58
[INFO] [stderr]    Compiling secp256k1-sys v0.4.0
[INFO] [stderr]     Checking fixed-hash v0.7.0
[INFO] [stderr]     Checking env_logger v0.8.3
[INFO] [stderr]    Compiling openssl v0.10.30
[INFO] [stderr]    Compiling native-tls v0.2.4
[INFO] [stderr]     Checking secp256k1 v0.20.1
[INFO] [stderr]    Compiling bindgen v0.57.0
[INFO] [stderr]    Compiling serde_derive v1.0.125
[INFO] [stderr]    Compiling futures-macro v0.3.14
[INFO] [stderr]    Compiling tokio-macros v1.1.0
[INFO] [stderr]    Compiling pin-project-internal v1.0.7
[INFO] [stderr]    Compiling thiserror-impl v1.0.20
[INFO] [stderr]    Compiling derive_more v0.99.10
[INFO] [stderr]    Compiling serial_test_derive v0.5.1
[INFO] [stderr]     Checking serial_test v0.5.1
[INFO] [stderr]     Checking thiserror v1.0.20
[INFO] [stderr]     Checking futures-util v0.3.14
[INFO] [stderr]     Checking pin-project v1.0.7
[INFO] [stderr]    Compiling librocksdb-sys v6.17.3
[INFO] [stderr]     Checking serde v1.0.125
[INFO] [stderr]     Checking futures-executor v0.3.14
[INFO] [stderr]     Checking futures v0.3.14
[INFO] [stderr]     Checking tokio-native-tls v0.3.0
[INFO] [stderr]     Checking hyper v0.14.4
[INFO] [stderr]     Checking tokio-stream v0.1.5
[INFO] [stderr]     Checking async-native-tls v0.3.3 (https://github.com/async-email/async-native-tls.git?rev=b5b5562d6cea77f913d4cbe448058c031833bf17#b5b5562d)
[INFO] [stderr]     Checking tokio-util v0.6.6
[INFO] [stderr]     Checking soketto v0.4.2
[INFO] [stderr]     Checking hyper-tls v0.5.0
[INFO] [stderr]     Checking hyper-proxy v0.9.1
[INFO] [stderr]     Checking parity-scale-codec v2.1.1
[INFO] [stderr]     Checking impl-serde v0.3.1
[INFO] [stderr]     Checking serde_json v1.0.64
[INFO] [stderr]     Checking rmp-serde v0.15.4
[INFO] [stderr]     Checking ethbloom v0.11.0
[INFO] [stderr]     Checking impl-codec v0.5.0
[INFO] [stderr]     Checking primitive-types v0.9.0
[INFO] [stderr]     Checking jsonrpc-core v17.0.0
[INFO] [stderr] error: could not compile `primitive-types`
[INFO] [stderr] 
[INFO] [stderr] Caused by:
[INFO] [stderr]   process didn't exit successfully: `rustc --crate-name primitive_types --edition=2018 /opt/rustwide/cargo-home/registry/src/github.com-1ecc6299db9ec823/primitive-types-0.9.0/src/lib.rs --error-format=json --json=diagnostic-rendered-ansi --crate-type lib --emit=dep-info,metadata -C embed-bitcode=no -C debuginfo=2 --cfg 'feature="byteorder"' --cfg 'feature="impl-codec"' --cfg 'feature="impl-rlp"' --cfg 'feature="impl-serde"' --cfg 'feature="rlp"' --cfg 'feature="rustc-hex"' --cfg 'feature="serde_no_std"' --cfg 'feature="std"' -C metadata=75e67e18a4fb647c -C extra-filename=-75e67e18a4fb647c --out-dir /opt/rustwide/target/debug/deps -L dependency=/opt/rustwide/target/debug/deps --extern fixed_hash=/opt/rustwide/target/debug/deps/libfixed_hash-a49f0e8545d465c9.rmeta --extern impl_codec=/opt/rustwide/target/debug/deps/libimpl_codec-9832e8dd242ae579.rmeta --extern impl_rlp=/opt/rustwide/target/debug/deps/libimpl_rlp-3e4e1178e4cf1b1f.rmeta --extern impl_serde=/opt/rustwide/target/debug/deps/libimpl_serde-be7b77f975351035.rmeta --extern uint=/opt/rustwide/target/debug/deps/libuint-36f50dd377b0b4dd.rmeta --cap-lints allow --cap-lints=warn` (signal: 9, SIGKILL: kill)
[INFO] [stderr] warning: build failed, waiting for other jobs to finish...
[INFO] [stderr] The following warnings were emitted during compilation:
[INFO] [stderr] 
[INFO] [stderr] warning: c++: fatal error: Killed signal terminated program cc1plus
[INFO] [stderr] warning: compilation terminated.
[INFO] [stderr] warning: c++: fatal error: Killed signal terminated program cc1plus
[INFO] [stderr] warning: compilation terminated.
[INFO] [stderr] warning: c++: fatal error: Killed signal terminated program cc1plus
[INFO] [stderr] warning: compilation terminated.
[INFO] [stderr] warning: c++: fatal error: Killed signal terminated program cc1plus
[INFO] [stderr] warning: compilation terminated.
[INFO] [stderr] warning: c++: fatal error: Killed signal terminated program cc1plus
[INFO] [stderr] warning: compilation terminated.
[INFO] [stderr] warning: c++: fatal error: Killed signal terminated program cc1plus
[INFO] [stderr] warning: compilation terminated.
[INFO] [stderr] warning: c++: fatal error: Killed signal terminated program cc1plus
[INFO] [stderr] warning: compilation terminated.
[INFO] [stderr] warning: c++: fatal error: Killed signal terminated program cc1plus
[INFO] [stderr] warning: compilation terminated.
[INFO] [stderr] warning: c++: fatal error: Killed signal terminated program cc1plus
[INFO] [stderr] warning: compilation terminated.
[INFO] [stderr] warning: c++: fatal error: Killed signal terminated program cc1plus
[INFO] [stderr] warning: compilation terminated.
[INFO] [stderr] 
[INFO] [stderr] error: build failed
[INFO] running `Command { std: "docker" "inspect" "ffb887ad3c06bd28d40d6a1aec72146e1b0b243f45d3fd5b293b0094b0a3fcc2", kill_on_drop: false }`
[INFO] running `Command { std: "docker" "rm" "-f" "ffb887ad3c06bd28d40d6a1aec72146e1b0b243f45d3fd5b293b0094b0a3fcc2", kill_on_drop: false }`
[INFO] [stdout] ffb887ad3c06bd28d40d6a1aec72146e1b0b243f45d3fd5b293b0094b0a3fcc2
