[INFO] cloning repository https://github.com/TheReturnOfJan/dumb-script
[INFO] running `Command { std: "git" "-c" "credential.helper=" "-c" "credential.helper=/workspace/cargo-home/bin/git-credential-null" "clone" "--bare" "https://github.com/TheReturnOfJan/dumb-script" "/workspace/cache/git-repos/https%3A%2F%2Fgithub.com%2FTheReturnOfJan%2Fdumb-script", kill_on_drop: false }`
[INFO] [stderr] Cloning into bare repository '/workspace/cache/git-repos/https%3A%2F%2Fgithub.com%2FTheReturnOfJan%2Fdumb-script'...
[INFO] running `Command { std: "git" "rev-parse" "HEAD", kill_on_drop: false }`
[INFO] [stdout] e833efbc010e591f4483d4f792e68192fa3daf9c
[INFO] checking TheReturnOfJan/dumb-script against 1.55.0 for beta-1.56-3
[INFO] running `Command { std: "git" "clone" "/workspace/cache/git-repos/https%3A%2F%2Fgithub.com%2FTheReturnOfJan%2Fdumb-script" "/workspace/builds/worker-10/source", kill_on_drop: false }`
[INFO] [stderr] Cloning into '/workspace/builds/worker-10/source'...
[INFO] [stderr] done.
[INFO] validating manifest of git repo https://github.com/TheReturnOfJan/dumb-script on toolchain 1.55.0
[INFO] running `Command { std: "/workspace/cargo-home/bin/cargo" "+1.55.0" "metadata" "--manifest-path" "Cargo.toml" "--no-deps", kill_on_drop: false }`
[INFO] started tweaking git repo https://github.com/TheReturnOfJan/dumb-script
[INFO] finished tweaking git repo https://github.com/TheReturnOfJan/dumb-script
[INFO] tweaked toml for git repo https://github.com/TheReturnOfJan/dumb-script written to /workspace/builds/worker-10/source/Cargo.toml
[INFO] crate git repo https://github.com/TheReturnOfJan/dumb-script already has a lockfile, it will not be regenerated
[INFO] running `Command { std: "/workspace/cargo-home/bin/cargo" "+1.55.0" "fetch" "--manifest-path" "Cargo.toml", kill_on_drop: false }`
[INFO] [stderr]     Blocking waiting for file lock on package cache
[INFO] [stderr]     Blocking waiting for file lock on package cache
[INFO] [stderr]  Downloading crates ...
[INFO] [stderr]   Downloaded simple-jsonrpc-client v0.1.0
[INFO] [stderr]   Downloaded tentacle-multiaddr v0.1.0
[INFO] [stderr]   Downloaded merkle-cbt v0.2.2
[INFO] [stderr]   Downloaded blake2b-rs v0.2.0
[INFO] [stderr]   Downloaded serde_plain v0.3.0
[INFO] [stderr]   Downloaded tokio-yamux v0.2.4
[INFO] [stderr]   Downloaded cty v0.2.1
[INFO] [stderr]   Downloaded attohttpc v0.4.5
[INFO] [stderr]   Downloaded tentacle v0.3.0-alpha.5
[INFO] [stderr]   Downloaded ckb-vm-definitions v0.19.1
[INFO] [stderr]   Downloaded xmltree v0.8.0
[INFO] [stderr]   Downloaded igd v0.9.1
[INFO] [stderr]   Downloaded error-chain v0.12.3
[INFO] [stderr]   Downloaded numext-constructor v0.1.4
[INFO] [stderr]   Downloaded numext-fixed-uint-core v0.1.4
[INFO] [stderr]   Downloaded enum-display-derive v0.1.0
[INFO] [stderr]   Downloaded tentacle-secio v0.3.4
[INFO] [stderr]   Downloaded sentry v0.16.0
[INFO] [stderr]   Downloaded goblin v0.1.3
[INFO] [stderr]   Downloaded ckb-vm v0.19.1
[INFO] [stderr]   Downloaded ckb-rocksdb v0.13.0
[INFO] [stderr]   Downloaded ckb-librocksdb-sys v6.7.4
[INFO] [stderr]   Downloaded numext-fixed-uint v0.1.4
[INFO] [stderr]   Downloaded numext-fixed-uint-hack v0.1.4
[INFO] [stderr]   Downloaded faketime v0.2.0
[INFO] running `Command { std: "docker" "create" "-v" "/var/lib/crater-agent-workspace/builds/worker-10/target:/opt/rustwide/target:rw,Z" "-v" "/var/lib/crater-agent-workspace/builds/worker-10/source:/opt/rustwide/workdir:ro,Z" "-v" "/var/lib/crater-agent-workspace/cargo-home:/opt/rustwide/cargo-home:ro,Z" "-v" "/var/lib/crater-agent-workspace/rustup-home:/opt/rustwide/rustup-home:ro,Z" "-e" "SOURCE_DIR=/opt/rustwide/workdir" "-e" "CARGO_TARGET_DIR=/opt/rustwide/target" "-e" "CARGO_HOME=/opt/rustwide/cargo-home" "-e" "RUSTUP_HOME=/opt/rustwide/rustup-home" "-w" "/opt/rustwide/workdir" "-m" "1610612736" "--user" "0:0" "--network" "none" "ghcr.io/rust-lang/crates-build-env/linux@sha256:a89201d6b5b9fd45c15d5952ece0a0129e7e80cb26ec023fd59cf09bc26f1604" "/opt/rustwide/cargo-home/bin/cargo" "+1.55.0" "metadata" "--no-deps" "--format-version=1", kill_on_drop: false }`
[INFO] [stderr] WARNING: Your kernel does not support swap limit capabilities or the cgroup is not mounted. Memory limited without swap.
[INFO] [stdout] fc81bdd74f65796d19e19260cebd914942808cb51cd28d1f1b2d334adfeff3ab
[INFO] running `Command { std: "docker" "start" "-a" "fc81bdd74f65796d19e19260cebd914942808cb51cd28d1f1b2d334adfeff3ab", kill_on_drop: false }`
[INFO] running `Command { std: "docker" "inspect" "fc81bdd74f65796d19e19260cebd914942808cb51cd28d1f1b2d334adfeff3ab", kill_on_drop: false }`
[INFO] running `Command { std: "docker" "rm" "-f" "fc81bdd74f65796d19e19260cebd914942808cb51cd28d1f1b2d334adfeff3ab", kill_on_drop: false }`
[INFO] [stdout] fc81bdd74f65796d19e19260cebd914942808cb51cd28d1f1b2d334adfeff3ab
[INFO] running `Command { std: "docker" "create" "-v" "/var/lib/crater-agent-workspace/builds/worker-10/target:/opt/rustwide/target:rw,Z" "-v" "/var/lib/crater-agent-workspace/builds/worker-10/source:/opt/rustwide/workdir:ro,Z" "-v" "/var/lib/crater-agent-workspace/cargo-home:/opt/rustwide/cargo-home:ro,Z" "-v" "/var/lib/crater-agent-workspace/rustup-home:/opt/rustwide/rustup-home:ro,Z" "-e" "SOURCE_DIR=/opt/rustwide/workdir" "-e" "CARGO_TARGET_DIR=/opt/rustwide/target" "-e" "CARGO_INCREMENTAL=0" "-e" "RUST_BACKTRACE=full" "-e" "RUSTFLAGS=--cap-lints=warn" "-e" "CARGO_HOME=/opt/rustwide/cargo-home" "-e" "RUSTUP_HOME=/opt/rustwide/rustup-home" "-w" "/opt/rustwide/workdir" "-m" "1610612736" "--user" "0:0" "--network" "none" "ghcr.io/rust-lang/crates-build-env/linux@sha256:a89201d6b5b9fd45c15d5952ece0a0129e7e80cb26ec023fd59cf09bc26f1604" "/opt/rustwide/cargo-home/bin/cargo" "+1.55.0" "check" "--frozen" "--all" "--all-targets" "--message-format=json", kill_on_drop: false }`
[INFO] [stderr] WARNING: Your kernel does not support swap limit capabilities or the cgroup is not mounted. Memory limited without swap.
[INFO] [stdout] 3af673430edfe4248ff7438914bd26d54a32c86d0f3dddc553f666a7bcd8ee0b
[INFO] running `Command { std: "docker" "start" "-a" "3af673430edfe4248ff7438914bd26d54a32c86d0f3dddc553f666a7bcd8ee0b", kill_on_drop: false }`
[INFO] [stderr]    Compiling libc v0.2.74
[INFO] [stderr]    Compiling syn v1.0.36
[INFO] [stderr]    Compiling either v1.5.3
[INFO] [stderr]    Compiling adler v0.2.3
[INFO] [stderr]    Compiling gimli v0.22.0
[INFO] [stderr]    Compiling object v0.20.0
[INFO] [stderr]    Compiling heapsize v0.4.2
[INFO] [stderr]     Checking once_cell v1.4.0
[INFO] [stderr]    Compiling faster-hex v0.4.1
[INFO] [stderr]     Checking unicode-xid v0.2.1
[INFO] [stderr]     Checking bit-vec v0.5.1
[INFO] [stderr]    Compiling faster-hex v0.3.1
[INFO] [stderr]     Checking linked-hash-map v0.5.1 (https://github.com/nervosnetwork/linked-hash-map?rev=df27f21#df27f219)
[INFO] [stderr]     Checking eaglesong v0.1.0
[INFO] [stderr]    Compiling tentacle-secio v0.3.4
[INFO] [stderr]    Compiling glob v0.2.11
[INFO] [stderr]     Checking ckb-build-info v0.34.1 (https://github.com/nervosnetwork/ckb?tag=v0.34.1#323e44c9)
[INFO] [stderr]     Checking plain v0.2.3
[INFO] [stderr]    Compiling ckb-script v0.34.1 (https://github.com/nervosnetwork/ckb?tag=v0.34.1#323e44c9)
[INFO] [stderr]     Checking ckb-vm-definitions v0.19.1
[INFO] [stderr]     Checking ckb-always-success-script v0.0.1
[INFO] [stderr]     Checking cty v0.2.1
[INFO] [stderr]    Compiling hashbrown v0.8.1
[INFO] [stderr]    Compiling indexmap v1.5.0
[INFO] [stderr]     Checking merkle-cbt v0.2.2
[INFO] [stderr]    Compiling crossbeam-utils v0.6.6
[INFO] [stderr]     Checking tracing-core v0.1.12
[INFO] [stderr]    Compiling rand_core v0.3.1
[INFO] [stderr]    Compiling error-chain v0.12.3
[INFO] [stderr]    Compiling walkdir v2.3.1
[INFO] [stderr]    Compiling encoding_rs v0.8.23
[INFO] [stderr]    Compiling miniz_oxide v0.4.0
[INFO] [stderr]     Checking futures-task v0.3.5
[INFO] [stderr]     Checking lru-cache v0.1.0 (https://github.com/nervosnetwork/lru-cache?rev=a35fdb8#a35fdb81)
[INFO] [stderr]     Checking proc-macro2 v1.0.19
[INFO] [stderr]     Checking crossbeam-channel v0.3.9
[INFO] [stderr]    Compiling num-traits v0.2.12
[INFO] [stderr]    Compiling num-integer v0.1.43
[INFO] [stderr]    Compiling crc32fast v1.2.0
[INFO] [stderr]    Compiling phf v0.7.24
[INFO] [stderr]    Compiling quote v1.0.7
[INFO] [stderr]    Compiling crossbeam-utils v0.7.2
[INFO] [stderr]    Compiling memoffset v0.5.5
[INFO] [stderr]     Checking want v0.2.0
[INFO] [stderr]     Checking want v0.3.0
[INFO] [stderr]    Compiling rand_isaac v0.1.1
[INFO] [stderr]    Compiling rand_xorshift v0.1.1
[INFO] [stderr]    Compiling rand_hc v0.1.0
[INFO] [stderr]    Compiling im v12.3.4
[INFO] [stderr]    Compiling sentry v0.16.0
[INFO] [stderr]    Compiling rand_chacha v0.1.1
[INFO] [stderr]     Checking base64 v0.10.1
[INFO] [stderr]     Checking url v1.7.2
[INFO] [stderr]     Checking url v2.1.1
[INFO] [stderr]     Checking xml-rs v0.7.0
[INFO] [stderr]    Compiling enum-display-derive v0.1.0
[INFO] [stderr]     Checking tracing v0.1.18
[INFO] [stderr]     Checking sized-chunks v0.1.3
[INFO] [stderr]     Checking tokio-executor v0.1.10
[INFO] [stderr]    Compiling syn v0.15.44
[INFO] [stderr]    Compiling crossbeam-epoch v0.8.2
[INFO] [stderr]    Compiling crossbeam-queue v0.2.3
[INFO] [stderr]     Checking tokio-timer v0.2.13
[INFO] [stderr]     Checking tokio-current-thread v0.1.7
[INFO] [stderr]     Checking xmltree v0.8.0
[INFO] [stderr]    Compiling num_cpus v1.13.0
[INFO] [stderr]    Compiling rand v0.5.6
[INFO] [stderr]    Compiling rand_os v0.1.3
[INFO] [stderr]    Compiling flate2 v1.0.16
[INFO] [stderr]    Compiling addr2line v0.13.0
[INFO] [stderr]     Checking publicsuffix v1.5.4
[INFO] [stderr]     Checking iovec v0.1.4
[INFO] [stderr]     Checking backtrace v0.3.50
[INFO] [stderr]     Checking net2 v0.2.34
[INFO] [stderr]     Checking time v0.1.43
[INFO] [stderr]     Checking parking_lot_core v0.6.2
[INFO] [stderr]     Checking getrandom v0.1.14
[INFO] [stderr]     Checking atty v0.2.14
[INFO] [stderr]     Checking hostname v0.1.5
[INFO] [stderr]     Checking uname v0.1.1
[INFO] [stderr]     Checking rand v0.4.6
[INFO] [stderr]     Checking socket2 v0.3.12
[INFO] [stderr]     Checking memmap v0.7.0
[INFO] [stderr]    Compiling crossbeam-deque v0.7.3
[INFO] [stderr]    Compiling rand v0.6.5
[INFO] [stderr]     Checking bytes v0.4.12
[INFO] [stderr]     Checking tokio-threadpool v0.1.18
[INFO] [stderr]     Checking futures-cpupool v0.1.8
[INFO] [stderr]     Checking rayon-core v1.7.1
[INFO] [stderr]    Compiling includedir v0.5.0
[INFO] [stderr]     Checking mio v0.6.22
[INFO] [stderr]     Checking cookie v0.12.0
[INFO] [stderr]     Checking parking_lot v0.9.0
[INFO] [stderr]     Checking rand_core v0.5.1
[INFO] [stderr]     Checking env_logger v0.6.2
[INFO] [stderr]     Checking clap v2.33.1
[INFO] [stderr]     Checking http v0.1.21
[INFO] [stderr]     Checking tokio-io v0.1.13
[INFO] [stderr]     Checking string v0.2.1
[INFO] [stderr]     Checking tokio-buf v0.1.1
[INFO] [stderr]     Checking rayon v1.3.1
[INFO] [stderr]     Checking rand_chacha v0.2.2
[INFO] [stderr]     Checking rand v0.7.3
[INFO] [stderr]    Compiling phf_generator v0.7.24
[INFO] [stderr]     Checking tokio-reactor v0.1.12
[INFO] [stderr]     Checking parking_lot_core v0.4.0
[INFO] [stderr]    Compiling phf_codegen v0.7.24
[INFO] [stderr]    Compiling includedir_codegen v0.5.0
[INFO] [stderr]     Checking parking_lot v0.7.1
[INFO] [stderr]     Checking tokio-tcp v0.1.4
[INFO] [stderr]     Checking tokio v0.1.22
[INFO] [stderr]     Checking tempfile v3.1.0
[INFO] [stderr]     Checking ckb-util v0.34.1 (https://github.com/nervosnetwork/ckb?tag=v0.34.1#323e44c9)
[INFO] [stderr]     Checking faketime v0.2.0
[INFO] [stderr]    Compiling numext-constructor v0.1.4
[INFO] [stderr]     Checking h2 v0.1.26
[INFO] [stderr]     Checking http-body v0.1.0
[INFO] [stderr]     Checking attohttpc v0.4.5
[INFO] [stderr]     Checking igd v0.9.1
[INFO] [stderr]    Compiling cc v1.0.41
[INFO] [stderr]    Compiling synstructure v0.12.4
[INFO] [stderr]    Compiling blake2b-rs v0.1.5
[INFO] [stderr]    Compiling openssl-sys v0.9.58
[INFO] [stderr]    Compiling secp256k1-sys v0.1.2
[INFO] [stderr]    Compiling ring v0.16.12
[INFO] [stderr]    Compiling ckb-librocksdb-sys v6.7.4
[INFO] [stderr]    Compiling ckb-vm v0.19.1
[INFO] [stderr]    Compiling blake2b-rs v0.2.0
[INFO] [stderr]     Checking hyper v0.12.35
[INFO] [stderr]     Checking ckb-hash v0.34.1 (https://github.com/nervosnetwork/ckb?tag=v0.34.1#323e44c9)
[INFO] [stderr]    Compiling openssl v0.10.30
[INFO] [stderr]    Compiling native-tls v0.2.4
[INFO] [stderr]    Compiling ckb-system-scripts v0.5.1
[INFO] [stderr]     Checking secp256k1 v0.17.2
[INFO] [stderr] error: could not compile `syn`
[INFO] [stderr] 
[INFO] [stderr] Caused by:
[INFO] [stderr]   process didn't exit successfully: `rustc --crate-name syn --edition=2018 /opt/rustwide/cargo-home/registry/src/github.com-1ecc6299db9ec823/syn-1.0.36/src/lib.rs --error-format=json --json=diagnostic-rendered-ansi,artifacts --crate-type lib --emit=dep-info,metadata,link -C embed-bitcode=no -C debuginfo=2 --cfg 'feature="clone-impls"' --cfg 'feature="default"' --cfg 'feature="derive"' --cfg 'feature="extra-traits"' --cfg 'feature="full"' --cfg 'feature="parsing"' --cfg 'feature="printing"' --cfg 'feature="proc-macro"' --cfg 'feature="quote"' --cfg 'feature="visit"' --cfg 'feature="visit-mut"' -C metadata=c825a7f3a1aace14 -C extra-filename=-c825a7f3a1aace14 --out-dir /opt/rustwide/target/debug/deps -L dependency=/opt/rustwide/target/debug/deps --extern proc_macro2=/opt/rustwide/target/debug/deps/libproc_macro2-d1224810fb4a2c76.rmeta --extern quote=/opt/rustwide/target/debug/deps/libquote-42f675144f229def.rmeta --extern unicode_xid=/opt/rustwide/target/debug/deps/libunicode_xid-4f4df54432f3a5d3.rmeta --cap-lints allow --cap-lints=warn --cfg syn_disable_nightly_tests` (signal: 9, SIGKILL: kill)
[INFO] [stderr] warning: build failed, waiting for other jobs to finish...
[INFO] [stderr] The following warnings were emitted during compilation:
[INFO] [stderr] 
[INFO] [stderr] warning: c++: fatal error: Killed signal terminated program cc1plus
[INFO] [stderr] warning: compilation terminated.
[INFO] [stderr] warning: c++: fatal error: Killed signal terminated program cc1plus
[INFO] [stderr] warning: compilation terminated.
[INFO] [stderr] warning: c++: fatal error: Killed signal terminated program cc1plus
[INFO] [stderr] warning: compilation terminated.
[INFO] [stderr] warning: c++: fatal error: Killed signal terminated program cc1plus
[INFO] [stderr] warning: compilation terminated.
[INFO] [stderr] warning: c++: fatal error: Killed signal terminated program cc1plus
[INFO] [stderr] warning: compilation terminated.
[INFO] [stderr] warning: c++: fatal error: Killed signal terminated program cc1plus
[INFO] [stderr] warning: compilation terminated.
[INFO] [stderr] warning: c++: fatal error: Killed signal terminated program cc1plus
[INFO] [stderr] warning: compilation terminated.
[INFO] [stderr] warning: c++: fatal error: Killed signal terminated program cc1plus
[INFO] [stderr] warning: compilation terminated.
[INFO] [stderr] 
[INFO] [stderr] error: build failed
[INFO] running `Command { std: "docker" "inspect" "3af673430edfe4248ff7438914bd26d54a32c86d0f3dddc553f666a7bcd8ee0b", kill_on_drop: false }`
[INFO] running `Command { std: "docker" "rm" "-f" "3af673430edfe4248ff7438914bd26d54a32c86d0f3dddc553f666a7bcd8ee0b", kill_on_drop: false }`
[INFO] [stdout] 3af673430edfe4248ff7438914bd26d54a32c86d0f3dddc553f666a7bcd8ee0b
