[INFO] cloning repository https://github.com/ThePicoNerd/mediaproxy-server
[INFO] running `Command { std: "git" "-c" "credential.helper=" "-c" "credential.helper=/workspace/cargo-home/bin/git-credential-null" "clone" "--bare" "https://github.com/ThePicoNerd/mediaproxy-server" "/workspace/cache/git-repos/https%3A%2F%2Fgithub.com%2FThePicoNerd%2Fmediaproxy-server", kill_on_drop: false }`
[INFO] [stderr] Cloning into bare repository '/workspace/cache/git-repos/https%3A%2F%2Fgithub.com%2FThePicoNerd%2Fmediaproxy-server'...
[INFO] running `Command { std: "git" "rev-parse" "HEAD", kill_on_drop: false }`
[INFO] [stdout] e863c5d519c1da31e12c3ceeda94ab646443ed56
[INFO] checking ThePicoNerd/mediaproxy-server against beta-2021-10-15 for beta-1.56-3
[INFO] running `Command { std: "git" "clone" "/workspace/cache/git-repos/https%3A%2F%2Fgithub.com%2FThePicoNerd%2Fmediaproxy-server" "/workspace/builds/worker-3/source", kill_on_drop: false }`
[INFO] [stderr] Cloning into '/workspace/builds/worker-3/source'...
[INFO] [stderr] done.
[INFO] validating manifest of git repo https://github.com/ThePicoNerd/mediaproxy-server on toolchain beta-2021-10-15
[INFO] running `Command { std: "/workspace/cargo-home/bin/cargo" "+beta-2021-10-15" "metadata" "--manifest-path" "Cargo.toml" "--no-deps", kill_on_drop: false }`
[INFO] started tweaking git repo https://github.com/ThePicoNerd/mediaproxy-server
[INFO] finished tweaking git repo https://github.com/ThePicoNerd/mediaproxy-server
[INFO] tweaked toml for git repo https://github.com/ThePicoNerd/mediaproxy-server written to /workspace/builds/worker-3/source/Cargo.toml
[INFO] crate git repo https://github.com/ThePicoNerd/mediaproxy-server already has a lockfile, it will not be regenerated
[INFO] running `Command { std: "/workspace/cargo-home/bin/cargo" "+beta-2021-10-15" "fetch" "--manifest-path" "Cargo.toml", kill_on_drop: false }`
[INFO] [stderr]     Blocking waiting for file lock on package cache
[INFO] running `Command { std: "docker" "create" "-v" "/var/lib/crater-agent-workspace/builds/worker-3/target:/opt/rustwide/target:rw,Z" "-v" "/var/lib/crater-agent-workspace/builds/worker-3/source:/opt/rustwide/workdir:ro,Z" "-v" "/var/lib/crater-agent-workspace/cargo-home:/opt/rustwide/cargo-home:ro,Z" "-v" "/var/lib/crater-agent-workspace/rustup-home:/opt/rustwide/rustup-home:ro,Z" "-e" "SOURCE_DIR=/opt/rustwide/workdir" "-e" "CARGO_TARGET_DIR=/opt/rustwide/target" "-e" "CARGO_HOME=/opt/rustwide/cargo-home" "-e" "RUSTUP_HOME=/opt/rustwide/rustup-home" "-w" "/opt/rustwide/workdir" "-m" "1610612736" "--user" "0:0" "--network" "none" "ghcr.io/rust-lang/crates-build-env/linux@sha256:a89201d6b5b9fd45c15d5952ece0a0129e7e80cb26ec023fd59cf09bc26f1604" "/opt/rustwide/cargo-home/bin/cargo" "+beta-2021-10-15" "metadata" "--no-deps" "--format-version=1", kill_on_drop: false }`
[INFO] [stderr] WARNING: Your kernel does not support swap limit capabilities or the cgroup is not mounted. Memory limited without swap.
[INFO] [stdout] 2c74541896b88ad0872c190e79dcf8e42ba3622224067e16287f3204ae4fc8eb
[INFO] running `Command { std: "docker" "start" "-a" "2c74541896b88ad0872c190e79dcf8e42ba3622224067e16287f3204ae4fc8eb", kill_on_drop: false }`
[INFO] running `Command { std: "docker" "inspect" "2c74541896b88ad0872c190e79dcf8e42ba3622224067e16287f3204ae4fc8eb", kill_on_drop: false }`
[INFO] running `Command { std: "docker" "rm" "-f" "2c74541896b88ad0872c190e79dcf8e42ba3622224067e16287f3204ae4fc8eb", kill_on_drop: false }`
[INFO] [stdout] 2c74541896b88ad0872c190e79dcf8e42ba3622224067e16287f3204ae4fc8eb
[INFO] running `Command { std: "docker" "create" "-v" "/var/lib/crater-agent-workspace/builds/worker-3/target:/opt/rustwide/target:rw,Z" "-v" "/var/lib/crater-agent-workspace/builds/worker-3/source:/opt/rustwide/workdir:ro,Z" "-v" "/var/lib/crater-agent-workspace/cargo-home:/opt/rustwide/cargo-home:ro,Z" "-v" "/var/lib/crater-agent-workspace/rustup-home:/opt/rustwide/rustup-home:ro,Z" "-e" "SOURCE_DIR=/opt/rustwide/workdir" "-e" "CARGO_TARGET_DIR=/opt/rustwide/target" "-e" "CARGO_INCREMENTAL=0" "-e" "RUST_BACKTRACE=full" "-e" "RUSTFLAGS=--cap-lints=warn" "-e" "CARGO_HOME=/opt/rustwide/cargo-home" "-e" "RUSTUP_HOME=/opt/rustwide/rustup-home" "-w" "/opt/rustwide/workdir" "-m" "1610612736" "--user" "0:0" "--network" "none" "ghcr.io/rust-lang/crates-build-env/linux@sha256:a89201d6b5b9fd45c15d5952ece0a0129e7e80cb26ec023fd59cf09bc26f1604" "/opt/rustwide/cargo-home/bin/cargo" "+beta-2021-10-15" "check" "--frozen" "--all" "--all-targets" "--message-format=json", kill_on_drop: false }`
[INFO] [stderr] WARNING: Your kernel does not support swap limit capabilities or the cgroup is not mounted. Memory limited without swap.
[INFO] [stdout] 13cee3d27a369e909e728a5b119bc851ef11cc66ae4673e7e3bf903f4327b7d3
[INFO] running `Command { std: "docker" "start" "-a" "13cee3d27a369e909e728a5b119bc851ef11cc66ae4673e7e3bf903f4327b7d3", kill_on_drop: false }`
[INFO] [stderr]     Checking arc-swap v0.4.6
[INFO] [stderr]     Checking once_cell v1.3.1
[INFO] [stderr]     Checking copyless v0.1.4
[INFO] [stderr]    Compiling ryu v1.0.4
[INFO] [stderr]    Compiling encoding_rs v0.8.22
[INFO] [stderr]    Compiling serde_json v1.0.56
[INFO] [stderr]     Checking dtoa v0.4.5
[INFO] [stderr]     Checking bytemuck v1.2.0
[INFO] [stderr]     Checking custom_error v1.7.1
[INFO] [stderr]    Compiling memoffset v0.5.4
[INFO] [stderr]    Compiling num-iter v0.1.41
[INFO] [stderr]    Compiling num-rational v0.2.4
[INFO] [stderr]     Checking bytestring v0.1.5
[INFO] [stderr]     Checking unicode-normalization v0.1.12
[INFO] [stderr]     Checking miniz_oxide v0.3.6
[INFO] [stderr]    Compiling libc v0.2.69
[INFO] [stderr]    Compiling proc-macro2 v1.0.18
[INFO] [stderr]     Checking net2 v0.2.34
[INFO] [stderr]     Checking parking_lot_core v0.7.2
[INFO] [stderr]     Checking time v0.1.43
[INFO] [stderr]     Checking socket2 v0.3.12
[INFO] [stderr]     Checking hostname v0.3.1
[INFO] [stderr]     Checking want v0.3.0
[INFO] [stderr]     Checking deflate v0.7.20
[INFO] [stderr]     Checking deflate v0.8.4
[INFO] [stderr]     Checking threadpool v1.8.0
[INFO] [stderr]     Checking futures-task v0.3.5
[INFO] [stderr]     Checking signal-hook-registry v1.2.0
[INFO] [stderr]     Checking clap v2.33.1
[INFO] [stderr]     Checking num-complex v0.3.0
[INFO] [stderr]     Checking crossbeam-queue v0.2.1
[INFO] [stderr]    Compiling mime_guess v2.0.3
[INFO] [stderr]     Checking resolv-conf v0.6.3
[INFO] [stderr]     Checking num-bigint v0.3.0
[INFO] [stderr]     Checking mio v0.6.22
[INFO] [stderr]     Checking parking_lot v0.10.2
[INFO] [stderr]     Checking chrono v0.4.11
[INFO] [stderr]     Checking dns-lookup v1.0.3
[INFO] [stderr]    Compiling jobserver v0.1.21
[INFO] [stderr]     Checking flate2 v1.0.14
[INFO] [stderr]     Checking tiff v0.5.0
[INFO] [stderr]     Checking tiff v0.3.1
[INFO] [stderr]    Compiling quote v1.0.4
[INFO] [stderr]     Checking png v0.15.3
[INFO] [stderr]     Checking png v0.16.5
[INFO] [stderr]     Checking idna v0.2.0
[INFO] [stderr]     Checking crossbeam-epoch v0.8.2
[INFO] [stderr]    Compiling cc v1.0.52
[INFO] [stderr]    Compiling syn v1.0.33
[INFO] [stderr]     Checking mio-uds v0.6.8
[INFO] [stderr]     Checking crossbeam-deque v0.7.3
[INFO] [stderr]     Checking tokio v0.2.20
[INFO] [stderr]     Checking rayon-core v1.7.0
[INFO] [stderr]     Checking url v2.1.1
[INFO] [stderr]     Checking num-rational v0.3.0
[INFO] [stderr]     Checking rayon v1.3.0
[INFO] [stderr]    Compiling backtrace-sys v0.1.37
[INFO] [stderr]    Compiling openssl-sys v0.9.55
[INFO] [stderr]    Compiling brotli-sys v0.3.2
[INFO] [stderr]    Compiling libwebp-sys v0.2.0
[INFO] [stderr]     Checking num v0.3.0
[INFO] [stderr]     Checking backtrace v0.3.46
[INFO] [stderr]    Compiling openssl v0.10.29
[INFO] [stderr]    Compiling native-tls v0.2.4
[INFO] [stderr]     Checking brotli2 v0.3.2
[INFO] [stderr]     Checking jpeg-decoder v0.1.19
[INFO] [stderr]     Checking tokio-util v0.2.0
[INFO] [stderr]     Checking tokio-util v0.3.1
[INFO] [stderr]     Checking actix-codec v0.2.0
[INFO] [stderr]     Checking image v0.22.5
[INFO] [stderr]     Checking image v0.23.6
[INFO] [stderr]     Checking tokio-tls v0.3.0
[INFO] [stderr]    Compiling synstructure v0.12.3
[INFO] [stderr]     Checking webp v0.1.0
[INFO] [stderr]    Compiling pin-project-internal v0.4.9
[INFO] [stderr]    Compiling futures-macro v0.3.5
[INFO] [stderr]    Compiling derive_more v0.99.5
[INFO] [stderr]    Compiling actix-macros v0.1.1
[INFO] [stderr]    Compiling serde_derive v1.0.114
[INFO] [stderr]    Compiling failure_derive v0.1.8
[INFO] [stderr]    Compiling async-trait v0.1.30
[INFO] [stderr]    Compiling enum-as-inner v0.3.2
[INFO] [stderr]    Compiling actix-web-codegen v0.2.1
[INFO] [stderr]     Checking failure v0.1.8
[INFO] [stderr]     Checking pin-project v0.4.9
[INFO] [stderr]     Checking futures-util v0.3.5
[INFO] [stderr]     Checking actix-threadpool v0.3.1
[INFO] [stderr]     Checking futures-executor v0.3.5
[INFO] [stderr]     Checking actix-service v1.0.5
[INFO] [stderr]     Checking actix-rt v1.1.1
[INFO] [stderr]     Checking h2 v0.2.4
[INFO] [stderr]     Checking serde v1.0.114
[INFO] [stderr]     Checking futures v0.3.5
[INFO] [stderr]     Checking trust-dns-proto v0.18.0-alpha.2
[INFO] [stderr]     Checking actix-utils v1.0.6
[INFO] [stderr]     Checking actix-server v1.0.2
[INFO] [stderr]     Checking actix-tls v1.0.0
[INFO] [stderr]     Checking actix-testing v1.0.0
[INFO] [stderr]     Checking hyper v0.13.5
[INFO] [stderr]     Checking trust-dns-resolver v0.18.0-alpha.2
[INFO] [stderr]     Checking actix-connect v1.0.2
[INFO] [stderr]     Checking serde_urlencoded v0.6.1
[INFO] [stderr]     Checking actix-router v0.2.4
[INFO] [stderr]     Checking hyper-tls v0.4.1
[INFO] [stderr]     Checking reqwest v0.10.6
[INFO] [stderr]     Checking actix-http v1.0.1
[INFO] [stderr]     Checking mediaproxy-common v0.2.0
[INFO] [stderr]     Checking awc v1.0.1
[INFO] [stderr]     Checking actix-web v2.0.0
[INFO] [stderr]     Checking mediaproxy-server v0.2.0 (/opt/rustwide/workdir)
[INFO] [stdout] error[E0554]: `#![feature]` may not be used on the beta release channel
[INFO] [stdout]  --> src/main.rs:1:1
[INFO] [stdout]   |
[INFO] [stdout] 1 | #![feature(or_patterns)]
[INFO] [stdout]   | ^^^^^^^^^^^^^^^^^^^^^^^^ help: remove the attribute
[INFO] [stdout]   |
[INFO] [stdout]   = help: the feature `or_patterns` has been stable since 1.53.0 and no longer requires an attribute to enable
[INFO] [stdout] 
[INFO] [stdout] 
[INFO] [stdout] error[E0554]: `#![feature]` may not be used on the beta release channel
[INFO] [stdout]  --> src/main.rs:2:1
[INFO] [stdout]   |
[INFO] [stdout] 2 | #![feature(ip)]
[INFO] [stdout]   | ^^^^^^^^^^^^^^^
[INFO] [stdout] 
[INFO] [stdout] 
[INFO] [stdout] error[E0554]: `#![feature]` may not be used on the beta release channel
[INFO] [stdout]  --> src/main.rs:1:1
[INFO] [stdout]   |
[INFO] [stdout] 1 | #![feature(or_patterns)]
[INFO] [stdout]   | ^^^^^^^^^^^^^^^^^^^^^^^^ help: remove the attribute
[INFO] [stdout]   |
[INFO] [stdout]   = help: the feature `or_patterns` has been stable since 1.53.0 and no longer requires an attribute to enable
[INFO] [stdout] 
[INFO] [stdout] 
[INFO] [stdout] error[E0554]: `#![feature]` may not be used on the beta release channel
[INFO] [stdout]  --> src/main.rs:2:1
[INFO] [stdout]   |
[INFO] [stdout] 2 | #![feature(ip)]
[INFO] [stdout]   | ^^^^^^^^^^^^^^^
[INFO] [stdout] 
[INFO] [stdout] 
[INFO] [stdout] error: aborting due to 2 previous errors
[INFO] [stdout] 
[INFO] [stdout] 
[INFO] [stdout] For more information about this error, try `rustc --explain E0554`.
[INFO] [stdout] 
[INFO] [stderr] error: could not compile `mediaproxy-server` due to 3 previous errors
[INFO] [stderr] warning: build failed, waiting for other jobs to finish...
[INFO] [stdout] error: aborting due to 2 previous errors
[INFO] [stdout] 
[INFO] [stdout] 
[INFO] [stdout] For more information about this error, try `rustc --explain E0554`.
[INFO] [stdout] 
[INFO] [stderr] error: build failed
[INFO] running `Command { std: "docker" "inspect" "13cee3d27a369e909e728a5b119bc851ef11cc66ae4673e7e3bf903f4327b7d3", kill_on_drop: false }`
[INFO] running `Command { std: "docker" "rm" "-f" "13cee3d27a369e909e728a5b119bc851ef11cc66ae4673e7e3bf903f4327b7d3", kill_on_drop: false }`
[INFO] [stdout] 13cee3d27a369e909e728a5b119bc851ef11cc66ae4673e7e3bf903f4327b7d3
