[INFO] cloning repository https://github.com/TheDutchMC/Syncer
[INFO] running `Command { std: "git" "-c" "credential.helper=" "-c" "credential.helper=/workspace/cargo-home/bin/git-credential-null" "clone" "--bare" "https://github.com/TheDutchMC/Syncer" "/workspace/cache/git-repos/https%3A%2F%2Fgithub.com%2FTheDutchMC%2FSyncer", kill_on_drop: false }`
[INFO] [stderr] Cloning into bare repository '/workspace/cache/git-repos/https%3A%2F%2Fgithub.com%2FTheDutchMC%2FSyncer'...
[INFO] running `Command { std: "git" "rev-parse" "HEAD", kill_on_drop: false }`
[INFO] [stdout] 7e80f90672e80e34cca5b4b475296dc57dcc032e
[INFO] checking TheDutchMC/Syncer against 1.55.0 for beta-1.56-3
[INFO] running `Command { std: "git" "clone" "/workspace/cache/git-repos/https%3A%2F%2Fgithub.com%2FTheDutchMC%2FSyncer" "/workspace/builds/worker-14/source", kill_on_drop: false }`
[INFO] [stderr] Cloning into '/workspace/builds/worker-14/source'...
[INFO] [stderr] done.
[INFO] validating manifest of git repo https://github.com/TheDutchMC/Syncer on toolchain 1.55.0
[INFO] running `Command { std: "/workspace/cargo-home/bin/cargo" "+1.55.0" "metadata" "--manifest-path" "Cargo.toml" "--no-deps", kill_on_drop: false }`
[INFO] started tweaking git repo https://github.com/TheDutchMC/Syncer
[INFO] finished tweaking git repo https://github.com/TheDutchMC/Syncer
[INFO] tweaked toml for git repo https://github.com/TheDutchMC/Syncer written to /workspace/builds/worker-14/source/Cargo.toml
[INFO] crate git repo https://github.com/TheDutchMC/Syncer already has a lockfile, it will not be regenerated
[INFO] running `Command { std: "/workspace/cargo-home/bin/cargo" "+1.55.0" "fetch" "--manifest-path" "Cargo.toml", kill_on_drop: false }`
[INFO] [stderr]     Blocking waiting for file lock on package cache
[INFO] [stderr]     Blocking waiting for file lock on package cache
[INFO] running `Command { std: "docker" "create" "-v" "/var/lib/crater-agent-workspace/builds/worker-14/target:/opt/rustwide/target:rw,Z" "-v" "/var/lib/crater-agent-workspace/builds/worker-14/source:/opt/rustwide/workdir:ro,Z" "-v" "/var/lib/crater-agent-workspace/cargo-home:/opt/rustwide/cargo-home:ro,Z" "-v" "/var/lib/crater-agent-workspace/rustup-home:/opt/rustwide/rustup-home:ro,Z" "-e" "SOURCE_DIR=/opt/rustwide/workdir" "-e" "CARGO_TARGET_DIR=/opt/rustwide/target" "-e" "CARGO_HOME=/opt/rustwide/cargo-home" "-e" "RUSTUP_HOME=/opt/rustwide/rustup-home" "-w" "/opt/rustwide/workdir" "-m" "1610612736" "--user" "0:0" "--network" "none" "ghcr.io/rust-lang/crates-build-env/linux@sha256:a89201d6b5b9fd45c15d5952ece0a0129e7e80cb26ec023fd59cf09bc26f1604" "/opt/rustwide/cargo-home/bin/cargo" "+1.55.0" "metadata" "--no-deps" "--format-version=1", kill_on_drop: false }`
[INFO] [stderr] WARNING: Your kernel does not support swap limit capabilities or the cgroup is not mounted. Memory limited without swap.
[INFO] [stdout] 1663e1f586e09ce54f4c4b5173658eeafc5b492d5607b4cbc365b1e6c9ce017b
[INFO] running `Command { std: "docker" "start" "-a" "1663e1f586e09ce54f4c4b5173658eeafc5b492d5607b4cbc365b1e6c9ce017b", kill_on_drop: false }`
[INFO] running `Command { std: "docker" "inspect" "1663e1f586e09ce54f4c4b5173658eeafc5b492d5607b4cbc365b1e6c9ce017b", kill_on_drop: false }`
[INFO] running `Command { std: "docker" "rm" "-f" "1663e1f586e09ce54f4c4b5173658eeafc5b492d5607b4cbc365b1e6c9ce017b", kill_on_drop: false }`
[INFO] [stdout] 1663e1f586e09ce54f4c4b5173658eeafc5b492d5607b4cbc365b1e6c9ce017b
[INFO] running `Command { std: "docker" "create" "-v" "/var/lib/crater-agent-workspace/builds/worker-14/target:/opt/rustwide/target:rw,Z" "-v" "/var/lib/crater-agent-workspace/builds/worker-14/source:/opt/rustwide/workdir:ro,Z" "-v" "/var/lib/crater-agent-workspace/cargo-home:/opt/rustwide/cargo-home:ro,Z" "-v" "/var/lib/crater-agent-workspace/rustup-home:/opt/rustwide/rustup-home:ro,Z" "-e" "SOURCE_DIR=/opt/rustwide/workdir" "-e" "CARGO_TARGET_DIR=/opt/rustwide/target" "-e" "CARGO_INCREMENTAL=0" "-e" "RUST_BACKTRACE=full" "-e" "RUSTFLAGS=--cap-lints=warn" "-e" "CARGO_HOME=/opt/rustwide/cargo-home" "-e" "RUSTUP_HOME=/opt/rustwide/rustup-home" "-w" "/opt/rustwide/workdir" "-m" "1610612736" "--user" "0:0" "--network" "none" "ghcr.io/rust-lang/crates-build-env/linux@sha256:a89201d6b5b9fd45c15d5952ece0a0129e7e80cb26ec023fd59cf09bc26f1604" "/opt/rustwide/cargo-home/bin/cargo" "+1.55.0" "check" "--frozen" "--all" "--all-targets" "--message-format=json", kill_on_drop: false }`
[INFO] [stdout] 6b22a5bb9ed8af16943ddc7ee1c347e9b8499ec6b5f89793f8e0e7b0e7239993
[INFO] [stderr] WARNING: Your kernel does not support swap limit capabilities or the cgroup is not mounted. Memory limited without swap.
[INFO] running `Command { std: "docker" "start" "-a" "6b22a5bb9ed8af16943ddc7ee1c347e9b8499ec6b5f89793f8e0e7b0e7239993", kill_on_drop: false }`
[INFO] [stderr]    Compiling pulldown-cmark v0.8.0
[INFO] [stderr]    Compiling bytecount v0.6.2
[INFO] [stderr]    Compiling anyhow v1.0.43
[INFO] [stderr]     Checking crossbeam v0.3.0
[INFO] [stderr]    Compiling tokio v1.7.1
[INFO] [stderr]    Compiling error-chain v0.12.4
[INFO] [stderr]    Compiling time v0.2.27
[INFO] [stderr]    Compiling brotli-sys v0.3.2
[INFO] [stderr]    Compiling libsqlite3-sys v0.22.2
[INFO] [stderr]    Compiling actix_derive v0.1.1
[INFO] [stderr]     Checking mio v0.7.13
[INFO] [stderr]     Checking socket2 v0.4.0
[INFO] [stderr]    Compiling unicase v2.6.0
[INFO] [stderr]    Compiling rand v0.4.6
[INFO] [stderr]    Compiling openssl v0.10.35
[INFO] [stderr]     Checking openssl-sys v0.9.65
[INFO] [stderr]    Compiling native-tls v0.2.7
[INFO] [stderr]    Compiling syn v1.0.73
[INFO] [stderr]     Checking bytes v0.4.12
[INFO] [stderr]     Checking mio v0.6.23
[INFO] [stderr]     Checking ahash v0.7.4
[INFO] [stderr]     Checking flate2 v1.0.20
[INFO] [stderr]     Checking uuid v0.5.1
[INFO] [stderr]     Checking chrono v0.4.19
[INFO] [stderr]     Checking sha-1 v0.9.6
[INFO] [stderr]     Checking sha2 v0.9.5
[INFO] [stderr]    Compiling mime_guess v2.0.3
[INFO] [stderr]     Checking rand v0.7.3
[INFO] [stderr]     Checking tokio-threadpool v0.1.18
[INFO] [stderr]     Checking tokio-io v0.1.13
[INFO] [stderr]     Checking hashbrown v0.11.2
[INFO] [stderr]    Compiling rand v0.3.23
[INFO] [stderr]     Checking mio-uds v0.6.8
[INFO] [stderr]     Checking tokio v0.2.25
[INFO] [stderr]     Checking tokio-reactor v0.1.12
[INFO] [stderr]     Checking tokio-codec v0.1.2
[INFO] [stderr]     Checking tokio-fs v0.1.7
[INFO] [stderr]     Checking hashlink v0.7.0
[INFO] [stderr]     Checking tokio-tcp v0.1.4
[INFO] [stderr]     Checking tokio-udp v0.1.6
[INFO] [stderr]     Checking tokio-uds v0.2.7
[INFO] [stderr]     Checking tokio v0.1.22
[INFO] [stderr]     Checking tokio-core v0.1.18
[INFO] [stderr]     Checking tokio-signal v0.1.5
[INFO] [stderr]     Checking tokio-util v0.3.1
[INFO] [stderr]     Checking brotli2 v0.3.2
[INFO] [stderr]    Compiling futures-macro v0.3.15
[INFO] [stderr]    Compiling serde_derive v1.0.126
[INFO] [stderr]    Compiling pin-project-internal v0.4.28
[INFO] [stderr]    Compiling derive_more v0.99.14
[INFO] [stderr]    Compiling actix-macros v0.1.3
[INFO] [stderr]    Compiling thiserror-impl v1.0.25
[INFO] [stderr]    Compiling tokio-macros v1.2.0
[INFO] [stderr]    Compiling pin-project-internal v1.0.7
[INFO] [stderr]    Compiling enum-as-inner v0.3.3
[INFO] [stderr]    Compiling async-trait v0.1.50
[INFO] [stderr]    Compiling time-macros-impl v0.1.2
[INFO] [stderr]    Compiling actix-web-codegen v0.4.0
[INFO] [stderr]     Checking time-macros v0.1.1
[INFO] [stderr]     Checking futures-util v0.3.15
[INFO] [stderr]     Checking rusqlite v0.25.3
[INFO] [stderr]     Checking thiserror v1.0.25
[INFO] [stderr]     Checking pin-project v0.4.28
[INFO] [stderr]     Checking pin-project v1.0.7
[INFO] [stderr]     Checking cookie v0.14.4
[INFO] [stderr]     Checking actix-codec v0.3.0
[INFO] [stderr]     Checking tracing-futures v0.2.5
[INFO] [stderr]     Checking actix-threadpool v0.3.3
[INFO] [stderr]     Checking serde v1.0.126
[INFO] [stderr]     Checking actix-service v1.0.6
[INFO] [stderr]     Checking actix-rt v1.1.1
[INFO] [stderr]     Checking futures v0.3.15
[INFO] [stderr]     Checking h2 v0.2.7
[INFO] [stderr]     Checking trust-dns-proto v0.19.7
[INFO] [stderr]     Checking actix-utils v2.0.0
[INFO] [stderr]     Checking tokio-util v0.6.7
[INFO] [stderr]     Checking tokio-native-tls v0.3.0
[INFO] [stderr]     Checking actix-server v1.0.4
[INFO] [stderr]     Checking actix-tls v2.0.0
[INFO] [stderr]     Checking h2 v0.3.3
[INFO] [stderr]     Checking actix-testing v1.0.1
[INFO] [stderr]     Checking trust-dns-resolver v0.19.7
[INFO] [stderr]     Checking actix-connect v2.0.0
[INFO] [stderr]     Checking serde_json v1.0.64
[INFO] [stderr]     Checking serde_urlencoded v0.7.0
[INFO] [stderr]     Checking actix-router v0.2.7
[INFO] [stderr]     Checking serde_qs v0.8.3
[INFO] [stderr]    Compiling cargo-platform v0.1.1
[INFO] [stderr]    Compiling semver v0.11.0
[INFO] [stderr]     Checking actix-http v2.2.0
[INFO] [stderr]    Compiling cargo_metadata v0.12.3
[INFO] [stderr]     Checking hyper v0.14.9
[INFO] [stderr]    Compiling skeptic v0.13.6
[INFO] [stderr]    Compiling actix v0.4.5
[INFO] [stderr]     Checking awc v2.0.3
[INFO] [stderr]     Checking hyper-tls v0.5.0
[INFO] [stderr]     Checking reqwest v0.11.4
[INFO] [stderr]     Checking actix-web v3.3.2
[INFO] [stderr]     Checking gsync v0.1.2 (/opt/rustwide/workdir)
[INFO] [stdout] error[E0432]: unresolved import `crate::sync::pwd`
[INFO] [stdout]    --> src/sync.rs:261:23
[INFO] [stdout]     |
[INFO] [stdout] 261 |     use crate::sync::{pwd, normalize_path};
[INFO] [stdout]     |                       ^^^ no `pwd` in `sync`
[INFO] [stdout] 
[INFO] [stdout] 
[INFO] [stdout] error[E0277]: can't compare `std::string::String` with `std::result::Result<PathBuf, anyhow::Error>`
[INFO] [stdout]    --> src/sync.rs:268:9
[INFO] [stdout]     |
[INFO] [stdout] 268 |         assert_eq!(format!("{}{}", pwd, p), normalize_path(p))
[INFO] [stdout]     |         ^^^^^^^^^^^^^^^^^^^^^^^^^^^^^^^^^^^^^^^^^^^^^^^^^^^^^^ no implementation for `std::string::String == std::result::Result<PathBuf, anyhow::Error>`
[INFO] [stdout]     |
[INFO] [stdout]     = help: the trait `PartialEq<std::result::Result<PathBuf, anyhow::Error>>` is not implemented for `std::string::String`
[INFO] [stdout]     = note: this error originates in the macro `assert_eq` (in Nightly builds, run with -Z macro-backtrace for more info)
[INFO] [stdout] 
[INFO] [stdout] 
[INFO] [stdout] error[E0277]: can't compare `std::string::String` with `std::result::Result<PathBuf, anyhow::Error>`
[INFO] [stdout]    --> src/sync.rs:276:9
[INFO] [stdout]     |
[INFO] [stdout] 276 |         assert_eq!(format!("{}/{}", pwd, p), normalize_path(p))
[INFO] [stdout]     |         ^^^^^^^^^^^^^^^^^^^^^^^^^^^^^^^^^^^^^^^^^^^^^^^^^^^^^^^ no implementation for `std::string::String == std::result::Result<PathBuf, anyhow::Error>`
[INFO] [stdout]     |
[INFO] [stdout]     = help: the trait `PartialEq<std::result::Result<PathBuf, anyhow::Error>>` is not implemented for `std::string::String`
[INFO] [stdout]     = note: this error originates in the macro `assert_eq` (in Nightly builds, run with -Z macro-backtrace for more info)
[INFO] [stdout] 
[INFO] [stdout] 
[INFO] [stdout] error[E0277]: can't compare `&str` with `std::result::Result<PathBuf, anyhow::Error>`
[INFO] [stdout]    --> src/sync.rs:283:9
[INFO] [stdout]     |
[INFO] [stdout] 283 |         assert_eq!(p, normalize_path(p))
[INFO] [stdout]     |         ^^^^^^^^^^^^^^^^^^^^^^^^^^^^^^^^ no implementation for `&str == std::result::Result<PathBuf, anyhow::Error>`
[INFO] [stdout]     |
[INFO] [stdout]     = help: the trait `PartialEq<std::result::Result<PathBuf, anyhow::Error>>` is not implemented for `&str`
[INFO] [stdout]     = note: this error originates in the macro `assert_eq` (in Nightly builds, run with -Z macro-backtrace for more info)
[INFO] [stdout] 
[INFO] [stdout] 
[INFO] [stdout] error: aborting due to 4 previous errors
[INFO] [stdout] 
[INFO] [stdout] 
[INFO] [stdout] Some errors have detailed explanations: E0277, E0432.
[INFO] [stdout] 
[INFO] [stdout] For more information about an error, try `rustc --explain E0277`.
[INFO] [stdout] 
[INFO] [stderr] error: could not compile `gsync` due to 5 previous errors
[INFO] [stderr] warning: build failed, waiting for other jobs to finish...
[INFO] [stderr] error: build failed
[INFO] running `Command { std: "docker" "inspect" "6b22a5bb9ed8af16943ddc7ee1c347e9b8499ec6b5f89793f8e0e7b0e7239993", kill_on_drop: false }`
[INFO] running `Command { std: "docker" "rm" "-f" "6b22a5bb9ed8af16943ddc7ee1c347e9b8499ec6b5f89793f8e0e7b0e7239993", kill_on_drop: false }`
[INFO] [stdout] 6b22a5bb9ed8af16943ddc7ee1c347e9b8499ec6b5f89793f8e0e7b0e7239993
