[INFO] cloning repository https://github.com/The0x539/dtui
[INFO] running `Command { std: "git" "-c" "credential.helper=" "-c" "credential.helper=/workspace/cargo-home/bin/git-credential-null" "clone" "--bare" "https://github.com/The0x539/dtui" "/workspace/cache/git-repos/https%3A%2F%2Fgithub.com%2FThe0x539%2Fdtui", kill_on_drop: false }`
[INFO] [stderr] Cloning into bare repository '/workspace/cache/git-repos/https%3A%2F%2Fgithub.com%2FThe0x539%2Fdtui'...
[INFO] running `Command { std: "git" "rev-parse" "HEAD", kill_on_drop: false }`
[INFO] [stdout] f571e7ad355da0ef377a46dffede75c87af88891
[INFO] checking The0x539/dtui against beta-2021-10-15 for beta-1.56-3
[INFO] running `Command { std: "git" "clone" "/workspace/cache/git-repos/https%3A%2F%2Fgithub.com%2FThe0x539%2Fdtui" "/workspace/builds/worker-2/source", kill_on_drop: false }`
[INFO] [stderr] Cloning into '/workspace/builds/worker-2/source'...
[INFO] [stderr] done.
[INFO] validating manifest of git repo https://github.com/The0x539/dtui on toolchain beta-2021-10-15
[INFO] running `Command { std: "/workspace/cargo-home/bin/cargo" "+beta-2021-10-15" "metadata" "--manifest-path" "Cargo.toml" "--no-deps", kill_on_drop: false }`
[INFO] started tweaking git repo https://github.com/The0x539/dtui
[INFO] finished tweaking git repo https://github.com/The0x539/dtui
[INFO] tweaked toml for git repo https://github.com/The0x539/dtui written to /workspace/builds/worker-2/source/Cargo.toml
[INFO] crate git repo https://github.com/The0x539/dtui already has a lockfile, it will not be regenerated
[INFO] running `Command { std: "/workspace/cargo-home/bin/cargo" "+beta-2021-10-15" "fetch" "--manifest-path" "Cargo.toml", kill_on_drop: false }`
[INFO] [stderr]     Updating git repository `https://github.com/The0x539/deluge-macro.git`
[INFO] [stderr]     Updating git repository `https://github.com/The0x539/rust-rencode.git`
[INFO] [stderr]     Updating git repository `https://github.com/rust-cli/confy.git`
[INFO] [stderr]     Updating git repository `https://github.com/The0x539/rust-deluge-rpc.git`
[INFO] [stderr]     Blocking waiting for file lock on package cache
[INFO] running `Command { std: "docker" "create" "-v" "/var/lib/crater-agent-workspace/builds/worker-2/target:/opt/rustwide/target:rw,Z" "-v" "/var/lib/crater-agent-workspace/builds/worker-2/source:/opt/rustwide/workdir:ro,Z" "-v" "/var/lib/crater-agent-workspace/cargo-home:/opt/rustwide/cargo-home:ro,Z" "-v" "/var/lib/crater-agent-workspace/rustup-home:/opt/rustwide/rustup-home:ro,Z" "-e" "SOURCE_DIR=/opt/rustwide/workdir" "-e" "CARGO_TARGET_DIR=/opt/rustwide/target" "-e" "CARGO_HOME=/opt/rustwide/cargo-home" "-e" "RUSTUP_HOME=/opt/rustwide/rustup-home" "-w" "/opt/rustwide/workdir" "-m" "1610612736" "--user" "0:0" "--network" "none" "ghcr.io/rust-lang/crates-build-env/linux@sha256:a89201d6b5b9fd45c15d5952ece0a0129e7e80cb26ec023fd59cf09bc26f1604" "/opt/rustwide/cargo-home/bin/cargo" "+beta-2021-10-15" "metadata" "--no-deps" "--format-version=1", kill_on_drop: false }`
[INFO] [stdout] 4073b1572949685267c1bba2cbe6a11a84295a0439d3a2b9b45263fe2de78614
[INFO] [stderr] WARNING: Your kernel does not support swap limit capabilities or the cgroup is not mounted. Memory limited without swap.
[INFO] running `Command { std: "docker" "start" "-a" "4073b1572949685267c1bba2cbe6a11a84295a0439d3a2b9b45263fe2de78614", kill_on_drop: false }`
[INFO] running `Command { std: "docker" "inspect" "4073b1572949685267c1bba2cbe6a11a84295a0439d3a2b9b45263fe2de78614", kill_on_drop: false }`
[INFO] running `Command { std: "docker" "rm" "-f" "4073b1572949685267c1bba2cbe6a11a84295a0439d3a2b9b45263fe2de78614", kill_on_drop: false }`
[INFO] [stdout] 4073b1572949685267c1bba2cbe6a11a84295a0439d3a2b9b45263fe2de78614
[INFO] running `Command { std: "docker" "create" "-v" "/var/lib/crater-agent-workspace/builds/worker-2/target:/opt/rustwide/target:rw,Z" "-v" "/var/lib/crater-agent-workspace/builds/worker-2/source:/opt/rustwide/workdir:ro,Z" "-v" "/var/lib/crater-agent-workspace/cargo-home:/opt/rustwide/cargo-home:ro,Z" "-v" "/var/lib/crater-agent-workspace/rustup-home:/opt/rustwide/rustup-home:ro,Z" "-e" "SOURCE_DIR=/opt/rustwide/workdir" "-e" "CARGO_TARGET_DIR=/opt/rustwide/target" "-e" "CARGO_INCREMENTAL=0" "-e" "RUST_BACKTRACE=full" "-e" "RUSTFLAGS=--cap-lints=warn" "-e" "CARGO_HOME=/opt/rustwide/cargo-home" "-e" "RUSTUP_HOME=/opt/rustwide/rustup-home" "-w" "/opt/rustwide/workdir" "-m" "1610612736" "--user" "0:0" "--network" "none" "ghcr.io/rust-lang/crates-build-env/linux@sha256:a89201d6b5b9fd45c15d5952ece0a0129e7e80cb26ec023fd59cf09bc26f1604" "/opt/rustwide/cargo-home/bin/cargo" "+beta-2021-10-15" "check" "--frozen" "--all" "--all-targets" "--message-format=json", kill_on_drop: false }`
[INFO] [stderr] WARNING: Your kernel does not support swap limit capabilities or the cgroup is not mounted. Memory limited without swap.
[INFO] [stdout] 094b56607268b0d6faf36a8528fb8262311309c45d217f3059b8cb62d32c659c
[INFO] running `Command { std: "docker" "start" "-a" "094b56607268b0d6faf36a8528fb8262311309c45d217f3059b8cb62d32c659c", kill_on_drop: false }`
[INFO] [stderr]     Checking cfg-if v1.0.0
[INFO] [stderr]     Checking cfg-if v0.1.10
[INFO] [stderr]     Checking once_cell v1.8.0
[INFO] [stderr]     Checking lazy_static v1.4.0
[INFO] [stderr]    Compiling proc-macro-nested v0.1.5
[INFO] [stderr]     Checking scopeguard v1.1.0
[INFO] [stderr]     Checking smallvec v1.6.1
[INFO] [stderr]     Checking unicode-xid v0.2.0
[INFO] [stderr]     Checking untrusted v0.7.1
[INFO] [stderr]    Compiling ryu_floating_decimal v0.1.0
[INFO] [stderr]     Checking spin v0.5.2
[INFO] [stderr]    Compiling signal-hook v0.3.8
[INFO] [stderr]     Checking futures-core v0.3.5
[INFO] [stderr]     Checking futures-sink v0.3.5
[INFO] [stderr]     Checking array-macro v1.0.5
[INFO] [stderr]     Checking stable_deref_trait v1.1.1
[INFO] [stderr]     Checking unicode-segmentation v1.6.0
[INFO] [stderr]     Checking pin-utils v0.1.0
[INFO] [stderr]     Checking xi-unicode v0.3.0
[INFO] [stderr]     Checking unicode-width v0.1.7
[INFO] [stderr]     Checking futures-io v0.3.5
[INFO] [stderr]     Checking slab v0.4.2
[INFO] [stderr]     Checking pin-project-lite v0.2.7
[INFO] [stderr]     Checking ppv-lite86 v0.2.8
[INFO] [stderr]     Checking bytes v1.0.1
[INFO] [stderr]     Checking linked-hash-map v0.5.3
[INFO] [stderr]     Checking base64 v0.13.0
[INFO] [stderr]     Checking regex-syntax v0.6.18
[INFO] [stderr]     Checking dtoa v0.4.6
[INFO] [stderr]     Checking base64 v0.12.1
[INFO] [stderr]     Checking either v1.5.3
[INFO] [stderr]     Checking fnv v1.0.7
[INFO] [stderr]     Checking static_assertions v1.1.0
[INFO] [stderr]     Checking bytesize v1.0.1
[INFO] [stderr]    Compiling num-traits v0.2.14
[INFO] [stderr]    Compiling num-integer v0.1.44
[INFO] [stderr]    Compiling crossbeam-utils v0.8.3
[INFO] [stderr]    Compiling num-bigint v0.3.2
[INFO] [stderr]    Compiling ring v0.16.14
[INFO] [stderr]    Compiling num-iter v0.1.42
[INFO] [stderr]    Compiling num-rational v0.3.2
[INFO] [stderr]    Compiling memoffset v0.6.3
[INFO] [stderr]    Compiling cloudflare-zlib-sys v0.2.0
[INFO] [stderr]    Compiling tokio v1.9.0
[INFO] [stderr]    Compiling indexmap v1.4.0
[INFO] [stderr]     Checking futures-task v0.3.5
[INFO] [stderr]    Compiling ahash v0.6.3
[INFO] [stderr]     Checking owning_ref v0.4.1
[INFO] [stderr]     Checking instant v0.1.9
[INFO] [stderr]     Checking lock_api v0.4.3
[INFO] [stderr]     Checking thread_local v1.0.1
[INFO] [stderr]     Checking futures-channel v0.3.5
[INFO] [stderr]    Compiling proc-macro2 v1.0.28
[INFO] [stderr]     Checking libc v0.2.93
[INFO] [stderr]     Checking yaml-rust v0.4.4
[INFO] [stderr]     Checking log v0.4.8
[INFO] [stderr]     Checking memchr v2.3.3
[INFO] [stderr]     Checking itertools v0.9.0
[INFO] [stderr]     Checking byteorder v1.3.4
[INFO] [stderr]     Checking bitflags v1.2.1
[INFO] [stderr]     Checking ryu v1.0.5
[INFO] [stderr]     Checking time v0.1.43
[INFO] [stderr]     Checking parking_lot_core v0.8.3
[INFO] [stderr]     Checking getrandom v0.2.2
[INFO] [stderr]     Checking getrandom v0.1.14
[INFO] [stderr]     Checking signal-hook-registry v1.3.0
[INFO] [stderr]     Checking dirs-sys-next v0.1.2
[INFO] [stderr]     Checking mio v0.7.11
[INFO] [stderr]     Checking aho-corasick v0.7.10
[INFO] [stderr]     Checking quote v1.0.7
[INFO] [stderr]     Checking fxhash v0.2.1
[INFO] [stderr]     Checking directories-next v2.0.0
[INFO] [stderr]     Checking parking_lot v0.11.1
[INFO] [stderr]     Checking hashers v1.0.1
[INFO] [stderr]     Checking rand_core v0.5.1
[INFO] [stderr]     Checking num_cpus v1.13.0
[INFO] [stderr]     Checking pretty_dtoa v0.1.0
[INFO] [stderr]     Checking syn v1.0.74
[INFO] [stderr]     Checking signal-hook v0.1.17
[INFO] [stderr]     Checking rand_chacha v0.2.2
[INFO] [stderr]     Checking regex v1.3.9
[INFO] [stderr]     Checking num-complex v0.3.1
[INFO] [stderr]     Checking crossbeam-channel v0.5.1
[INFO] [stderr]     Checking crossbeam-epoch v0.9.3
[INFO] [stderr]     Checking crossbeam-queue v0.3.1
[INFO] [stderr]     Checking crossterm v0.19.0
[INFO] [stderr]     Checking rand v0.7.3
[INFO] [stderr]     Checking cloudflare-zlib v0.2.5
[INFO] [stderr]     Checking chrono v0.4.11
[INFO] [stderr]     Checking crossbeam-deque v0.8.0
[INFO] [stderr]     Checking sct v0.6.0
[INFO] [stderr]     Checking webpki v0.21.3
[INFO] [stderr]     Checking crossbeam v0.8.0
[INFO] [stderr]     Checking epochs v0.2.4
[INFO] [stderr]     Checking rustls v0.19.1
[INFO] [stderr]     Checking num v0.3.1
[INFO] [stderr]    Compiling darling_core v0.10.2
[INFO] [stderr]    Compiling serde_derive v1.0.111
[INFO] [stderr]    Compiling pin-project-internal v0.4.20
[INFO] [stderr]    Compiling enum-map-derive v0.4.3
[INFO] [stderr]    Compiling futures-macro v0.3.5
[INFO] [stderr]    Compiling tokio-macros v1.3.0
[INFO] [stderr]    Compiling derivative v2.1.1
[INFO] [stderr]    Compiling thiserror-impl v1.0.29
[INFO] [stderr]    Compiling enum-kinds v0.5.0
[INFO] [stderr]    Compiling deluge-rpc-macro v0.6.2 (https://github.com/The0x539/deluge-macro.git?branch=trunk#051c14c1)
[INFO] [stderr]    Compiling async-trait v0.1.35
[INFO] [stderr]    Compiling darling_macro v0.10.2
[INFO] [stderr]     Checking enum-map v0.6.2
[INFO] [stderr]    Compiling darling v0.10.2
[INFO] [stderr]     Checking pin-project v0.4.20
[INFO] [stderr]    Compiling wasmer_enumset_derive v0.5.0
[INFO] [stderr]     Checking futures-util v0.3.5
[INFO] [stderr]     Checking thiserror v1.0.29
[INFO] [stderr]     Checking wasmer_enumset v1.0.1
[INFO] [stderr]     Checking cursive_core v0.2.2
[INFO] [stderr]     Checking serde v1.0.111
[INFO] [stderr]     Checking tokio-rustls v0.22.0
[INFO] [stderr]     Checking futures-executor v0.3.5
[INFO] [stderr]     Checking futures v0.3.5
[INFO] [stderr]     Checking cursive_buffered_backend v0.5.0
[INFO] [stderr]     Checking cursive v0.16.3
[INFO] [stderr]     Checking cursive-tabs v0.6.0
[INFO] [stderr]     Checking serde_yaml v0.8.13
[INFO] [stderr]     Checking hex v0.4.2
[INFO] [stderr]     Checking ron v0.6.0
[INFO] [stderr]     Checking rencode v0.2.1 (https://github.com/The0x539/rust-rencode.git?branch=trunk#86c956b9)
[INFO] [stderr]     Checking uuid v0.8.1
[INFO] [stderr]    Compiling toml v0.5.6
[INFO] [stderr]     Checking confy v0.4.0 (https://github.com/rust-cli/confy.git#664992ae)
[INFO] [stderr]    Compiling proc-macro-crate v0.1.4
[INFO] [stderr]    Compiling num_enum_derive v0.5.0
[INFO] [stderr]     Checking num_enum v0.5.0
[INFO] [stderr]     Checking deluge-rpc v0.8.0 (https://github.com/The0x539/rust-deluge-rpc.git?branch=trunk#5a2d9cfe)
[INFO] [stderr]     Checking dtui v0.1.0 (/opt/rustwide/workdir)
[INFO] [stdout] error[E0554]: `#![feature]` may not be used on the beta release channel
[INFO] [stdout]  --> src/main.rs:1:1
[INFO] [stdout]   |
[INFO] [stdout] 1 | #![feature(async_closure)]
[INFO] [stdout]   | ^^^^^^^^^^^^^^^^^^^^^^^^^^
[INFO] [stdout] 
[INFO] [stdout] 
[INFO] [stdout] error[E0554]: `#![feature]` may not be used on the beta release channel
[INFO] [stdout]  --> src/main.rs:2:1
[INFO] [stdout]   |
[INFO] [stdout] 2 | #![feature(drain_filter)]
[INFO] [stdout]   | ^^^^^^^^^^^^^^^^^^^^^^^^^
[INFO] [stdout] 
[INFO] [stdout] 
[INFO] [stdout] error[E0554]: `#![feature]` may not be used on the beta release channel
[INFO] [stdout]  --> src/main.rs:1:1
[INFO] [stdout]   |
[INFO] [stdout] 1 | #![feature(async_closure)]
[INFO] [stdout]   | ^^^^^^^^^^^^^^^^^^^^^^^^^^
[INFO] [stdout] 
[INFO] [stdout] 
[INFO] [stdout] error[E0554]: `#![feature]` may not be used on the beta release channel
[INFO] [stdout]  --> src/main.rs:2:1
[INFO] [stdout]   |
[INFO] [stdout] 2 | #![feature(drain_filter)]
[INFO] [stdout]   | ^^^^^^^^^^^^^^^^^^^^^^^^^
[INFO] [stdout] 
[INFO] [stdout] 
[INFO] [stdout] error: aborting due to 2 previous errors
[INFO] [stdout] 
[INFO] [stdout] 
[INFO] [stdout] For more information about this error, try `rustc --explain E0554`.
[INFO] [stdout] 
[INFO] [stderr] error: could not compile `dtui` due to 3 previous errors
[INFO] [stderr] warning: build failed, waiting for other jobs to finish...
[INFO] [stdout] error: aborting due to 2 previous errors
[INFO] [stdout] 
[INFO] [stdout] 
[INFO] [stdout] For more information about this error, try `rustc --explain E0554`.
[INFO] [stdout] 
[INFO] [stderr] error: build failed
[INFO] running `Command { std: "docker" "inspect" "094b56607268b0d6faf36a8528fb8262311309c45d217f3059b8cb62d32c659c", kill_on_drop: false }`
[INFO] running `Command { std: "docker" "rm" "-f" "094b56607268b0d6faf36a8528fb8262311309c45d217f3059b8cb62d32c659c", kill_on_drop: false }`
[INFO] [stdout] 094b56607268b0d6faf36a8528fb8262311309c45d217f3059b8cb62d32c659c
