[INFO] cloning repository https://github.com/ThatsNoMoon/pulldown-dmark
[INFO] running `Command { std: "git" "-c" "credential.helper=" "-c" "credential.helper=/workspace/cargo-home/bin/git-credential-null" "clone" "--bare" "https://github.com/ThatsNoMoon/pulldown-dmark" "/workspace/cache/git-repos/https%3A%2F%2Fgithub.com%2FThatsNoMoon%2Fpulldown-dmark", kill_on_drop: false }`
[INFO] [stderr] Cloning into bare repository '/workspace/cache/git-repos/https%3A%2F%2Fgithub.com%2FThatsNoMoon%2Fpulldown-dmark'...
[INFO] running `Command { std: "git" "rev-parse" "HEAD", kill_on_drop: false }`
[INFO] [stdout] 41d42a99e1123b30bcfe7aac8cdebc22829b875a
[INFO] checking ThatsNoMoon/pulldown-dmark against 1.55.0 for beta-1.56-3
[INFO] running `Command { std: "git" "clone" "/workspace/cache/git-repos/https%3A%2F%2Fgithub.com%2FThatsNoMoon%2Fpulldown-dmark" "/workspace/builds/worker-8/source", kill_on_drop: false }`
[INFO] [stderr] Cloning into '/workspace/builds/worker-8/source'...
[INFO] [stderr] done.
[INFO] validating manifest of git repo https://github.com/ThatsNoMoon/pulldown-dmark on toolchain 1.55.0
[INFO] running `Command { std: "/workspace/cargo-home/bin/cargo" "+1.55.0" "metadata" "--manifest-path" "Cargo.toml" "--no-deps", kill_on_drop: false }`
[INFO] started tweaking git repo https://github.com/ThatsNoMoon/pulldown-dmark
[INFO] finished tweaking git repo https://github.com/ThatsNoMoon/pulldown-dmark
[INFO] tweaked toml for git repo https://github.com/ThatsNoMoon/pulldown-dmark written to /workspace/builds/worker-8/source/Cargo.toml
[INFO] crate git repo https://github.com/ThatsNoMoon/pulldown-dmark already has a lockfile, it will not be regenerated
[INFO] running `Command { std: "/workspace/cargo-home/bin/cargo" "+1.55.0" "fetch" "--manifest-path" "Cargo.toml", kill_on_drop: false }`
[INFO] running `Command { std: "docker" "create" "-v" "/var/lib/crater-agent-workspace/builds/worker-8/target:/opt/rustwide/target:rw,Z" "-v" "/var/lib/crater-agent-workspace/builds/worker-8/source:/opt/rustwide/workdir:ro,Z" "-v" "/var/lib/crater-agent-workspace/cargo-home:/opt/rustwide/cargo-home:ro,Z" "-v" "/var/lib/crater-agent-workspace/rustup-home:/opt/rustwide/rustup-home:ro,Z" "-e" "SOURCE_DIR=/opt/rustwide/workdir" "-e" "CARGO_TARGET_DIR=/opt/rustwide/target" "-e" "CARGO_HOME=/opt/rustwide/cargo-home" "-e" "RUSTUP_HOME=/opt/rustwide/rustup-home" "-w" "/opt/rustwide/workdir" "-m" "1610612736" "--user" "0:0" "--network" "none" "ghcr.io/rust-lang/crates-build-env/linux@sha256:a89201d6b5b9fd45c15d5952ece0a0129e7e80cb26ec023fd59cf09bc26f1604" "/opt/rustwide/cargo-home/bin/cargo" "+1.55.0" "metadata" "--no-deps" "--format-version=1", kill_on_drop: false }`
[INFO] [stdout] fd691c3fa23cf6006ec9e60d1914fc4ef1780a718427f037680e2a713ef6617f
[INFO] [stderr] WARNING: Your kernel does not support swap limit capabilities or the cgroup is not mounted. Memory limited without swap.
[INFO] running `Command { std: "docker" "start" "-a" "fd691c3fa23cf6006ec9e60d1914fc4ef1780a718427f037680e2a713ef6617f", kill_on_drop: false }`
[INFO] running `Command { std: "docker" "inspect" "fd691c3fa23cf6006ec9e60d1914fc4ef1780a718427f037680e2a713ef6617f", kill_on_drop: false }`
[INFO] running `Command { std: "docker" "rm" "-f" "fd691c3fa23cf6006ec9e60d1914fc4ef1780a718427f037680e2a713ef6617f", kill_on_drop: false }`
[INFO] [stdout] fd691c3fa23cf6006ec9e60d1914fc4ef1780a718427f037680e2a713ef6617f
[INFO] running `Command { std: "docker" "create" "-v" "/var/lib/crater-agent-workspace/builds/worker-8/target:/opt/rustwide/target:rw,Z" "-v" "/var/lib/crater-agent-workspace/builds/worker-8/source:/opt/rustwide/workdir:ro,Z" "-v" "/var/lib/crater-agent-workspace/cargo-home:/opt/rustwide/cargo-home:ro,Z" "-v" "/var/lib/crater-agent-workspace/rustup-home:/opt/rustwide/rustup-home:ro,Z" "-e" "SOURCE_DIR=/opt/rustwide/workdir" "-e" "CARGO_TARGET_DIR=/opt/rustwide/target" "-e" "CARGO_INCREMENTAL=0" "-e" "RUST_BACKTRACE=full" "-e" "RUSTFLAGS=--cap-lints=warn" "-e" "CARGO_HOME=/opt/rustwide/cargo-home" "-e" "RUSTUP_HOME=/opt/rustwide/rustup-home" "-w" "/opt/rustwide/workdir" "-m" "1610612736" "--user" "0:0" "--network" "none" "ghcr.io/rust-lang/crates-build-env/linux@sha256:a89201d6b5b9fd45c15d5952ece0a0129e7e80cb26ec023fd59cf09bc26f1604" "/opt/rustwide/cargo-home/bin/cargo" "+1.55.0" "check" "--frozen" "--all" "--all-targets" "--message-format=json", kill_on_drop: false }`
[INFO] [stderr] WARNING: Your kernel does not support swap limit capabilities or the cgroup is not mounted. Memory limited without swap.
[INFO] [stdout] e0934871c9025a7a261ccf084260489cbede78dd3d94eaa8f731743b64eabc87
[INFO] running `Command { std: "docker" "start" "-a" "e0934871c9025a7a261ccf084260489cbede78dd3d94eaa8f731743b64eabc87", kill_on_drop: false }`
[INFO] [stderr]    Compiling syn v1.0.50
[INFO] [stderr]    Compiling siphasher v0.3.3
[INFO] [stderr]    Compiling pulldown-dmark v0.1.0 (/opt/rustwide/workdir)
[INFO] [stderr]     Checking phf_shared v0.8.0
[INFO] [stderr]    Compiling serde v1.0.117
[INFO] [stderr]     Checking serde_json v1.0.61
[INFO] [stderr]     Checking serde_cbor v0.11.1
[INFO] [stderr]    Compiling rand_core v0.5.1
[INFO] [stderr]     Checking bincode v1.3.1
[INFO] [stderr]     Checking bstr v0.2.14
[INFO] [stderr]     Checking rayon v1.5.0
[INFO] [stderr]     Checking string_cache v0.8.1
[INFO] [stderr]     Checking phf v0.8.0
[INFO] [stderr]    Compiling rand_pcg v0.2.1
[INFO] [stderr]    Compiling rand_chacha v0.2.2
[INFO] [stderr]    Compiling rand v0.7.3
[INFO] [stderr]     Checking csv v1.1.4
[INFO] [stderr]     Checking tinytemplate v1.1.0
[INFO] [stderr]    Compiling phf_generator v0.8.0
[INFO] [stderr]    Compiling string_cache_codegen v0.5.1
[INFO] [stderr]    Compiling phf_codegen v0.8.0
[INFO] [stderr]    Compiling serde_derive v1.0.117
[INFO] [stderr]    Compiling html5ever v0.25.1
[INFO] [stderr]    Compiling markup5ever v0.10.0
[INFO] [stderr]     Checking criterion v0.3.3
[INFO] [stderr]     Checking xml5ever v0.16.1
[INFO] [stderr]     Checking markup5ever_rcdom v0.1.0
[INFO] [stdout] error: couldn't read benches/../third_party/xi-editor/crdt.md: No such file or directory (os error 2)
[INFO] [stdout]  --> benches/html_rendering.rs:5:28
[INFO] [stdout]   |
[INFO] [stdout] 5 | static CRDT_BYTES: &[u8] = include_bytes!("../third_party/xi-editor/crdt.md");
[INFO] [stdout]   |                            ^^^^^^^^^^^^^^^^^^^^^^^^^^^^^^^^^^^^^^^^^^^^^^^^^^
[INFO] [stdout]   |
[INFO] [stdout]   = note: this error originates in the macro `include_bytes` (in Nightly builds, run with -Z macro-backtrace for more info)
[INFO] [stdout] 
[INFO] [stdout] 
[INFO] [stdout] error[E0432]: unresolved import `pulldown_cmark`
[INFO] [stdout]  --> benches/html_rendering.rs:2:5
[INFO] [stdout]   |
[INFO] [stdout] 2 | use pulldown_cmark::{html, Options, Parser};
[INFO] [stdout]   |     ^^^^^^^^^^^^^^ use of undeclared crate or module `pulldown_cmark`
[INFO] [stdout] 
[INFO] [stdout] 
[INFO] [stdout] error: aborting due to 2 previous errors
[INFO] [stdout] 
[INFO] [stdout] 
[INFO] [stdout] For more information about this error, try `rustc --explain E0432`.
[INFO] [stdout] 
[INFO] [stderr] error: could not compile `pulldown-dmark` due to 3 previous errors
[INFO] [stderr] warning: build failed, waiting for other jobs to finish...
[INFO] [stdout] error[E0432]: unresolved import `pulldown_cmark`
[INFO] [stdout]  --> benches/markdown-it.rs:2:5
[INFO] [stdout]   |
[INFO] [stdout] 2 | use pulldown_cmark::{html, Parser};
[INFO] [stdout]   |     ^^^^^^^^^^^^^^ use of undeclared crate or module `pulldown_cmark`
[INFO] [stdout] 
[INFO] [stdout] 
[INFO] [stdout] error[E0432]: unresolved import `pulldown_cmark`
[INFO] [stdout]  --> benches/lib.rs:5:9
[INFO] [stdout]   |
[INFO] [stdout] 5 |     use pulldown_cmark::{html, Options, Parser};
[INFO] [stdout]   |         ^^^^^^^^^^^^^^ use of undeclared crate or module `pulldown_cmark`
[INFO] [stdout] 
[INFO] [stdout] 
[INFO] [stdout] error: aborting due to previous error
[INFO] [stdout] 
[INFO] [stdout] 
[INFO] [stdout] For more information about this error, try `rustc --explain E0432`.
[INFO] [stdout] 
[INFO] [stdout] error: aborting due to previous error
[INFO] [stdout] 
[INFO] [stdout] 
[INFO] [stdout] For more information about this error, try `rustc --explain E0432`.
[INFO] [stdout] 
[INFO] [stderr] error: build failed
[INFO] running `Command { std: "docker" "inspect" "e0934871c9025a7a261ccf084260489cbede78dd3d94eaa8f731743b64eabc87", kill_on_drop: false }`
[INFO] running `Command { std: "docker" "rm" "-f" "e0934871c9025a7a261ccf084260489cbede78dd3d94eaa8f731743b64eabc87", kill_on_drop: false }`
[INFO] [stdout] e0934871c9025a7a261ccf084260489cbede78dd3d94eaa8f731743b64eabc87
