[INFO] cloning repository https://github.com/Tevinthuku/zero2prod
[INFO] running `Command { std: "git" "-c" "credential.helper=" "-c" "credential.helper=/workspace/cargo-home/bin/git-credential-null" "clone" "--bare" "https://github.com/Tevinthuku/zero2prod" "/workspace/cache/git-repos/https%3A%2F%2Fgithub.com%2FTevinthuku%2Fzero2prod", kill_on_drop: false }`
[INFO] [stderr] Cloning into bare repository '/workspace/cache/git-repos/https%3A%2F%2Fgithub.com%2FTevinthuku%2Fzero2prod'...
[INFO] running `Command { std: "git" "rev-parse" "HEAD", kill_on_drop: false }`
[INFO] [stdout] 9c060f05fee9c37efb97c021f9c3e03efffcb5b6
[INFO] checking Tevinthuku/zero2prod against beta-2021-10-15 for beta-1.56-3
[INFO] running `Command { std: "git" "clone" "/workspace/cache/git-repos/https%3A%2F%2Fgithub.com%2FTevinthuku%2Fzero2prod" "/workspace/builds/worker-6/source", kill_on_drop: false }`
[INFO] [stderr] Cloning into '/workspace/builds/worker-6/source'...
[INFO] [stderr] done.
[INFO] validating manifest of git repo https://github.com/Tevinthuku/zero2prod on toolchain beta-2021-10-15
[INFO] running `Command { std: "/workspace/cargo-home/bin/cargo" "+beta-2021-10-15" "metadata" "--manifest-path" "Cargo.toml" "--no-deps", kill_on_drop: false }`
[INFO] started tweaking git repo https://github.com/Tevinthuku/zero2prod
[INFO] finished tweaking git repo https://github.com/Tevinthuku/zero2prod
[INFO] tweaked toml for git repo https://github.com/Tevinthuku/zero2prod written to /workspace/builds/worker-6/source/Cargo.toml
[INFO] crate git repo https://github.com/Tevinthuku/zero2prod already has a lockfile, it will not be regenerated
[INFO] running `Command { std: "/workspace/cargo-home/bin/cargo" "+beta-2021-10-15" "fetch" "--manifest-path" "Cargo.toml", kill_on_drop: false }`
[INFO] [stderr]  Downloading crates ...
[INFO] [stderr]   Downloaded wiremock v0.5.6
[INFO] [stderr]   Downloaded tracing-actix-web v0.4.0-beta.11
[INFO] running `Command { std: "docker" "create" "-v" "/var/lib/crater-agent-workspace/builds/worker-6/target:/opt/rustwide/target:rw,Z" "-v" "/var/lib/crater-agent-workspace/builds/worker-6/source:/opt/rustwide/workdir:ro,Z" "-v" "/var/lib/crater-agent-workspace/cargo-home:/opt/rustwide/cargo-home:ro,Z" "-v" "/var/lib/crater-agent-workspace/rustup-home:/opt/rustwide/rustup-home:ro,Z" "-e" "SOURCE_DIR=/opt/rustwide/workdir" "-e" "CARGO_TARGET_DIR=/opt/rustwide/target" "-e" "CARGO_HOME=/opt/rustwide/cargo-home" "-e" "RUSTUP_HOME=/opt/rustwide/rustup-home" "-w" "/opt/rustwide/workdir" "-m" "1610612736" "--user" "0:0" "--network" "none" "ghcr.io/rust-lang/crates-build-env/linux@sha256:a89201d6b5b9fd45c15d5952ece0a0129e7e80cb26ec023fd59cf09bc26f1604" "/opt/rustwide/cargo-home/bin/cargo" "+beta-2021-10-15" "metadata" "--no-deps" "--format-version=1", kill_on_drop: false }`
[INFO] [stdout] b6decb659fd1d765f3c1fa4e0976ee57d4401273c1f56ab7a16ab1366100e5d7
[INFO] [stderr] WARNING: Your kernel does not support swap limit capabilities or the cgroup is not mounted. Memory limited without swap.
[INFO] running `Command { std: "docker" "start" "-a" "b6decb659fd1d765f3c1fa4e0976ee57d4401273c1f56ab7a16ab1366100e5d7", kill_on_drop: false }`
[INFO] running `Command { std: "docker" "inspect" "b6decb659fd1d765f3c1fa4e0976ee57d4401273c1f56ab7a16ab1366100e5d7", kill_on_drop: false }`
[INFO] running `Command { std: "docker" "rm" "-f" "b6decb659fd1d765f3c1fa4e0976ee57d4401273c1f56ab7a16ab1366100e5d7", kill_on_drop: false }`
[INFO] [stdout] b6decb659fd1d765f3c1fa4e0976ee57d4401273c1f56ab7a16ab1366100e5d7
[INFO] running `Command { std: "docker" "create" "-v" "/var/lib/crater-agent-workspace/builds/worker-6/target:/opt/rustwide/target:rw,Z" "-v" "/var/lib/crater-agent-workspace/builds/worker-6/source:/opt/rustwide/workdir:ro,Z" "-v" "/var/lib/crater-agent-workspace/cargo-home:/opt/rustwide/cargo-home:ro,Z" "-v" "/var/lib/crater-agent-workspace/rustup-home:/opt/rustwide/rustup-home:ro,Z" "-e" "SOURCE_DIR=/opt/rustwide/workdir" "-e" "CARGO_TARGET_DIR=/opt/rustwide/target" "-e" "CARGO_INCREMENTAL=0" "-e" "RUST_BACKTRACE=full" "-e" "RUSTFLAGS=--cap-lints=warn" "-e" "CARGO_HOME=/opt/rustwide/cargo-home" "-e" "RUSTUP_HOME=/opt/rustwide/rustup-home" "-w" "/opt/rustwide/workdir" "-m" "1610612736" "--user" "0:0" "--network" "none" "ghcr.io/rust-lang/crates-build-env/linux@sha256:a89201d6b5b9fd45c15d5952ece0a0129e7e80cb26ec023fd59cf09bc26f1604" "/opt/rustwide/cargo-home/bin/cargo" "+beta-2021-10-15" "check" "--frozen" "--all" "--all-targets" "--message-format=json", kill_on_drop: false }`
[INFO] [stderr] WARNING: Your kernel does not support swap limit capabilities or the cgroup is not mounted. Memory limited without swap.
[INFO] [stdout] 1ad67f1e80af385d40daeea93c97a30e1a5881cb1952066a5bb4794ef10cf417
[INFO] running `Command { std: "docker" "start" "-a" "1ad67f1e80af385d40daeea93c97a30e1a5881cb1952066a5bb4794ef10cf417", kill_on_drop: false }`
[INFO] [stderr]    Compiling serde v1.0.129
[INFO] [stderr]    Compiling serde_json v1.0.66
[INFO] [stderr]    Compiling pin-project-lite v0.2.7
[INFO] [stderr]    Compiling scopeguard v1.1.0
[INFO] [stderr]    Compiling spin v0.5.2
[INFO] [stderr]    Compiling untrusted v0.7.1
[INFO] [stderr]     Checking subtle v2.4.1
[INFO] [stderr]    Compiling futures-sink v0.3.16
[INFO] [stderr]    Compiling whoami v1.1.3
[INFO] [stderr]    Compiling futures-io v0.3.17
[INFO] [stderr]    Compiling slab v0.4.4
[INFO] [stderr]    Compiling unicode-bidi v0.3.6
[INFO] [stderr]    Compiling matches v0.1.9
[INFO] [stderr]    Compiling pin-utils v0.1.0
[INFO] [stderr]    Compiling crc-catalog v1.1.1
[INFO] [stderr]    Compiling cpufeatures v0.2.1
[INFO] [stderr]    Compiling cpufeatures v0.1.5
[INFO] [stderr]    Compiling unicode_categories v0.1.1
[INFO] [stderr]    Compiling byteorder v1.4.3
[INFO] [stderr]    Compiling hex v0.4.3
[INFO] [stderr]    Compiling dotenv v0.15.0
[INFO] [stderr]     Checking base64ct v1.0.1
[INFO] [stderr]    Compiling http-types v2.12.0
[INFO] [stderr]     Checking rust-ini v0.13.0
[INFO] [stderr]     Checking infer v0.2.3
[INFO] [stderr]    Compiling tokio v1.10.1
[INFO] [stderr]    Compiling futures-util v0.3.16
[INFO] [stderr]     Checking tracing-core v0.1.19
[INFO] [stderr]    Compiling instant v0.1.10
[INFO] [stderr]    Compiling nom v5.1.2
[INFO] [stderr]    Compiling claim v0.5.0
[INFO] [stderr]    Compiling tinyvec v1.3.1
[INFO] [stderr]    Compiling form_urlencoded v1.0.1
[INFO] [stderr]    Compiling lock_api v0.4.4
[INFO] [stderr]    Compiling crc v2.0.0
[INFO] [stderr]    Compiling libc v0.2.101
[INFO] [stderr]     Checking proc-macro2 v1.0.28
[INFO] [stderr]    Compiling futures-core v0.3.16
[INFO] [stderr]    Compiling proc-macro-nested v0.1.7
[INFO] [stderr]    Compiling futures-task v0.3.16
[INFO] [stderr]    Compiling crossbeam-utils v0.8.5
[INFO] [stderr]    Compiling minimal-lexical v0.1.2
[INFO] [stderr]     Checking parking_lot_core v0.8.3
[INFO] [stderr]     Checking time v0.1.43
[INFO] [stderr]     Checking getrandom v0.1.16
[INFO] [stderr]     Checking dirs-sys v0.3.6
[INFO] [stderr]     Checking gethostname v0.2.1
[INFO] [stderr]     Checking aho-corasick v0.7.18
[INFO] [stderr]     Checking linkify v0.5.0
[INFO] [stderr]     Checking actix-service v2.0.0
[INFO] [stderr]     Checking futures-lite v1.12.0
[INFO] [stderr]     Checking async-channel v1.6.1
[INFO] [stderr]    Compiling generic-array v0.14.4
[INFO] [stderr]    Compiling num-traits v0.2.14
[INFO] [stderr]     Checking lexical-core v0.7.6
[INFO] [stderr]     Checking stringprep v0.1.2
[INFO] [stderr]     Checking crossbeam-channel v0.5.1
[INFO] [stderr]     Checking tracing-log v0.1.2
[INFO] [stderr]     Checking ahash v0.7.4
[INFO] [stderr]     Checking rand_core v0.6.3
[INFO] [stderr]    Compiling futures-channel v0.3.16
[INFO] [stderr]     Checking crypto-mac v0.10.1
[INFO] [stderr]     Checking crypto-mac v0.8.0
[INFO] [stderr]     Checking dirs v3.0.2
[INFO] [stderr]     Checking rand_core v0.5.1
[INFO] [stderr]     Checking num-integer v0.1.44
[INFO] [stderr]     Checking num-traits v0.1.43
[INFO] [stderr]     Checking atoi v0.4.0
[INFO] [stderr]     Checking flate2 v1.0.20
[INFO] [stderr]    Compiling crossbeam-queue v0.3.2
[INFO] [stderr]     Checking quote v1.0.9
[INFO] [stderr]     Checking parking_lot v0.11.1
[INFO] [stderr]    Compiling jobserver v0.1.24
[INFO] [stderr]    Compiling getrandom v0.2.3
[INFO] [stderr]    Compiling num_cpus v1.13.0
[INFO] [stderr]    Compiling signal-hook-registry v1.4.0
[INFO] [stderr]    Compiling mio v0.7.13
[INFO] [stderr]    Compiling nom v7.0.0
[INFO] [stderr]    Compiling actix-macros v0.2.1
[INFO] [stderr]    Compiling tracing-attributes v0.1.15
[INFO] [stderr]    Compiling thiserror-impl v1.0.28
[INFO] [stderr]    Compiling time-macros-impl v0.1.2
[INFO] [stderr]    Compiling actix-web-codegen v0.5.0-beta.3
[INFO] [stderr]    Compiling quickcheck_macros v0.9.1
[INFO] [stderr]     Checking sha-1 v0.9.7
[INFO] [stderr]     Checking md-5 v0.9.1
[INFO] [stderr]     Checking sha2 v0.9.6
[INFO] [stderr]    Compiling digest v0.9.0
[INFO] [stderr]    Compiling block-buffer v0.9.0
[INFO] [stderr]    Compiling unicode-normalization v0.1.19
[INFO] [stderr]     Checking blake2 v0.9.2
[INFO] [stderr]     Checking hashbrown v0.11.2
[INFO] [stderr]     Checking rand_chacha v0.3.1
[INFO] [stderr]     Checking password-hash v0.3.2
[INFO] [stderr]     Checking hmac v0.10.1
[INFO] [stderr]     Checking regex v1.5.4
[INFO] [stderr]     Checking rand_chacha v0.2.2
[INFO] [stderr]    Compiling uuid v0.8.2
[INFO] [stderr]     Checking syn v1.0.75
[INFO] [stderr]     Checking futures-intrusive v0.4.0
[INFO] [stderr]     Checking chrono v0.4.19
[INFO] [stderr]    Compiling cc v1.0.69
[INFO] [stderr]     Checking argon2 v0.3.1
[INFO] [stderr]     Checking rand v0.8.4
[INFO] [stderr]     Checking rand v0.7.3
[INFO] [stderr]     Checking indexmap v1.7.0
[INFO] [stderr]     Checking hashlink v0.7.0
[INFO] [stderr]    Compiling idna v0.2.3
[INFO] [stderr]     Checking sqlformat v0.1.7
[INFO] [stderr]     Checking serde-hjson v0.9.1
[INFO] [stderr]     Checking env_logger v0.7.1
[INFO] [stderr]     Checking time-macros v0.1.1
[INFO] [stderr]     Checking tracing v0.1.26
[INFO] [stderr]     Checking thiserror v1.0.28
[INFO] [stderr]    Compiling ring v0.16.20
[INFO] [stderr]    Compiling zstd-sys v1.5.0+zstd.1.4.9
[INFO] [stderr]    Compiling brotli-sys v0.3.2
[INFO] [stderr]     Checking time v0.2.27
[INFO] [stderr]     Checking fake v2.3.0
[INFO] [stderr]     Checking quickcheck v0.9.2
[INFO] [stderr]     Checking tracing-futures v0.2.5
[INFO] [stderr]     Checking local-channel v0.1.2
[INFO] [stderr]     Checking futures-executor v0.3.16
[INFO] [stderr]     Checking url v2.2.2
[INFO] [stderr]     Checking serde_urlencoded v0.7.0
[INFO] [stderr]     Checking either v1.6.1
[INFO] [stderr]     Checking actix-router v0.2.7
[INFO] [stderr]     Checking tracing-serde v0.1.2
[INFO] [stderr]     Checking toml v0.5.8
[INFO] [stderr]     Checking serde_qs v0.8.4
[INFO] [stderr]     Checking config v0.10.1
[INFO] [stderr]     Checking validator_types v0.14.0
[INFO] [stderr]     Checking futures v0.3.16
[INFO] [stderr]     Checking cookie v0.15.1
[INFO] [stderr]     Checking tokio-util v0.6.7
[INFO] [stderr]     Checking actix-rt v2.2.0
[INFO] [stderr]     Checking tokio-stream v0.1.7
[INFO] [stderr]     Checking deadpool v0.7.0
[INFO] [stderr]     Checking actix-server v2.0.0-beta.5
[INFO] [stderr]     Checking tracing-subscriber v0.2.20
[INFO] [stderr]     Checking validator v0.14.0
[INFO] [stderr]     Checking serde-aux v2.2.0
[INFO] [stderr]     Checking h2 v0.3.4
[INFO] [stderr]     Checking actix-codec v0.4.0
[INFO] [stderr]     Checking config v0.11.0
[INFO] [stderr]     Checking actix-tls v3.0.0-beta.5
[INFO] [stderr]     Checking tracing-bunyan-formatter v0.2.5
[INFO] [stderr]     Checking webpki v0.21.4
[INFO] [stderr]     Checking sct v0.6.1
[INFO] [stderr]     Checking webpki-roots v0.21.1
[INFO] [stderr]     Checking rustls v0.19.1
[INFO] [stderr]     Checking brotli2 v0.3.2
[INFO] [stderr]     Checking hyper v0.14.12
[INFO] [stderr]     Checking tokio-rustls v0.22.0
[INFO] [stderr]     Checking sqlx-rt v0.5.7
[INFO] [stderr]     Checking sqlx-core v0.5.7
[INFO] [stderr]     Checking hyper-rustls v0.22.1
[INFO] [stderr]     Checking wiremock v0.5.6
[INFO] [stderr]     Checking reqwest v0.11.4
[INFO] [stderr]    Compiling sqlx-macros v0.5.7
[INFO] [stderr]    Compiling zstd-safe v3.1.0+zstd.1.4.9
[INFO] [stderr]     Checking zstd v0.7.0+zstd.1.4.9
[INFO] [stderr]     Checking actix-http v3.0.0-beta.8
[INFO] [stderr]     Checking sqlx v0.5.7
[INFO] [stderr]     Checking actix-web v4.0.0-beta.8
[INFO] [stderr]     Checking tracing-actix-web v0.4.0-beta.11
[INFO] [stderr]     Checking zero2prod v0.1.0 (/opt/rustwide/workdir)
[INFO] [stdout] error: error communicating with the server: Cannot assign requested address (os error 99)
[INFO] [stdout]   --> src/routes/subscriptions.rs:83:5
[INFO] [stdout]    |
[INFO] [stdout] 83 | /     sqlx::query!(
[INFO] [stdout] 84 | |         r#"INSERT INTO subscription_tokens (subscription_token, subscriber_id)
[INFO] [stdout] 85 | |         VALUES ($1, $2)"#,
[INFO] [stdout] 86 | |         subscription_token,
[INFO] [stdout] 87 | |         subscriber_id
[INFO] [stdout] 88 | |     )
[INFO] [stdout]    | |_____^
[INFO] [stdout]    |
[INFO] [stdout]    = note: this error originates in the macro `$crate::sqlx_macros::expand_query` (in Nightly builds, run with -Z macro-backtrace for more info)
[INFO] [stdout] 
[INFO] [stdout] 
[INFO] [stdout] error: error communicating with the server: Cannot assign requested address (os error 99)
[INFO] [stdout]   --> src/routes/subscriptions.rs:83:5
[INFO] [stdout]    |
[INFO] [stdout] 83 | /     sqlx::query!(
[INFO] [stdout] 84 | |         r#"INSERT INTO subscription_tokens (subscription_token, subscriber_id)
[INFO] [stdout] 85 | |         VALUES ($1, $2)"#,
[INFO] [stdout] 86 | |         subscription_token,
[INFO] [stdout] 87 | |         subscriber_id
[INFO] [stdout] 88 | |     )
[INFO] [stdout]    | |_____^
[INFO] [stdout]    |
[INFO] [stdout]    = note: this error originates in the macro `$crate::sqlx_macros::expand_query` (in Nightly builds, run with -Z macro-backtrace for more info)
[INFO] [stdout] 
[INFO] [stdout] 
[INFO] [stdout] error: error communicating with the server: Cannot assign requested address (os error 99)
[INFO] [stdout]    --> src/routes/subscriptions.rs:166:5
[INFO] [stdout]     |
[INFO] [stdout] 166 | /     sqlx::query!(
[INFO] [stdout] 167 | |         r#"
[INFO] [stdout] 168 | |     INSERT INTO subscriptions (id, email, name, subscribed_at, status)
[INFO] [stdout] 169 | |     VALUES ($1, $2, $3, $4, 'pending_confirmation')
[INFO] [stdout] ...   |
[INFO] [stdout] 174 | |         Utc::now()
[INFO] [stdout] 175 | |     )
[INFO] [stdout]     | |_____^
[INFO] [stdout]     |
[INFO] [stdout]     = note: this error originates in the macro `$crate::sqlx_macros::expand_query` (in Nightly builds, run with -Z macro-backtrace for more info)
[INFO] [stdout] 
[INFO] [stdout] 
[INFO] [stdout] error: error communicating with the server: Cannot assign requested address (os error 99)
[INFO] [stdout]    --> src/routes/subscriptions.rs:166:5
[INFO] [stdout]     |
[INFO] [stdout] 166 | /     sqlx::query!(
[INFO] [stdout] 167 | |         r#"
[INFO] [stdout] 168 | |     INSERT INTO subscriptions (id, email, name, subscribed_at, status)
[INFO] [stdout] 169 | |     VALUES ($1, $2, $3, $4, 'pending_confirmation')
[INFO] [stdout] ...   |
[INFO] [stdout] 174 | |         Utc::now()
[INFO] [stdout] 175 | |     )
[INFO] [stdout]     | |_____^
[INFO] [stdout]     |
[INFO] [stdout]     = note: this error originates in the macro `$crate::sqlx_macros::expand_query` (in Nightly builds, run with -Z macro-backtrace for more info)
[INFO] [stdout] 
[INFO] [stdout] 
[INFO] [stdout] error: error communicating with the server: Cannot assign requested address (os error 99)
[INFO] [stdout]   --> src/routes/subscriptions_confirm.rs:58:5
[INFO] [stdout]    |
[INFO] [stdout] 58 | /     sqlx::query!(
[INFO] [stdout] 59 | |         r#"UPDATE subscriptions SET status = 'confirmed' WHERE id = $1"#,
[INFO] [stdout] 60 | |         subscriber_id,
[INFO] [stdout] 61 | |     )
[INFO] [stdout]    | |_____^
[INFO] [stdout]    |
[INFO] [stdout]    = note: this error originates in the macro `$crate::sqlx_macros::expand_query` (in Nightly builds, run with -Z macro-backtrace for more info)
[INFO] [stdout] 
[INFO] [stdout] 
[INFO] [stdout] error: error communicating with the server: Cannot assign requested address (os error 99)
[INFO] [stdout]   --> src/routes/subscriptions_confirm.rs:72:18
[INFO] [stdout]    |
[INFO] [stdout] 72 |       let result = sqlx::query!(
[INFO] [stdout]    |  __________________^
[INFO] [stdout] 73 | |         r#"SELECT subscriber_id FROM subscription_tokens WHERE subscription_token = $1"#,
[INFO] [stdout] 74 | |         subscription_token,
[INFO] [stdout] 75 | |     )
[INFO] [stdout]    | |_____^
[INFO] [stdout]    |
[INFO] [stdout]    = note: this error originates in the macro `$crate::sqlx_macros::expand_query` (in Nightly builds, run with -Z macro-backtrace for more info)
[INFO] [stdout] 
[INFO] [stdout] 
[INFO] [stdout] error: error communicating with the server: Cannot assign requested address (os error 99)
[INFO] [stdout]   --> src/routes/subscriptions_confirm.rs:58:5
[INFO] [stdout]    |
[INFO] [stdout] 58 | /     sqlx::query!(
[INFO] [stdout] 59 | |         r#"UPDATE subscriptions SET status = 'confirmed' WHERE id = $1"#,
[INFO] [stdout] 60 | |         subscriber_id,
[INFO] [stdout] 61 | |     )
[INFO] [stdout]    | |_____^
[INFO] [stdout]    |
[INFO] [stdout]    = note: this error originates in the macro `$crate::sqlx_macros::expand_query` (in Nightly builds, run with -Z macro-backtrace for more info)
[INFO] [stdout] 
[INFO] [stdout] 
[INFO] [stdout] error: error communicating with the server: Cannot assign requested address (os error 99)
[INFO] [stdout]   --> src/routes/subscriptions_confirm.rs:72:18
[INFO] [stdout]    |
[INFO] [stdout] 72 |       let result = sqlx::query!(
[INFO] [stdout]    |  __________________^
[INFO] [stdout] 73 | |         r#"SELECT subscriber_id FROM subscription_tokens WHERE subscription_token = $1"#,
[INFO] [stdout] 74 | |         subscription_token,
[INFO] [stdout] 75 | |     )
[INFO] [stdout]    | |_____^
[INFO] [stdout]    |
[INFO] [stdout]    = note: this error originates in the macro `$crate::sqlx_macros::expand_query` (in Nightly builds, run with -Z macro-backtrace for more info)
[INFO] [stdout] 
[INFO] [stdout] 
[INFO] [stdout] error: error communicating with the server: Cannot assign requested address (os error 99)
[INFO] [stdout]    --> src/routes/newsletters.rs:185:26
[INFO] [stdout]     |
[INFO] [stdout] 185 |       let row: Option<_> = sqlx::query!(
[INFO] [stdout]     |  __________________________^
[INFO] [stdout] 186 | |         r#"
[INFO] [stdout] 187 | |         SELECT user_id, password_hash
[INFO] [stdout] 188 | |         FROM users
[INFO] [stdout] ...   |
[INFO] [stdout] 191 | |         username,
[INFO] [stdout] 192 | |     )
[INFO] [stdout]     | |_____^
[INFO] [stdout]     |
[INFO] [stdout]     = note: this error originates in the macro `$crate::sqlx_macros::expand_query` (in Nightly builds, run with -Z macro-backtrace for more info)
[INFO] [stdout] 
[INFO] [stdout] 
[INFO] [stdout] error: error communicating with the server: Cannot assign requested address (os error 99)
[INFO] [stdout]    --> src/routes/newsletters.rs:185:26
[INFO] [stdout]     |
[INFO] [stdout] 185 |       let row: Option<_> = sqlx::query!(
[INFO] [stdout]     |  __________________________^
[INFO] [stdout] 186 | |         r#"
[INFO] [stdout] 187 | |         SELECT user_id, password_hash
[INFO] [stdout] 188 | |         FROM users
[INFO] [stdout] ...   |
[INFO] [stdout] 191 | |         username,
[INFO] [stdout] 192 | |     )
[INFO] [stdout]     | |_____^
[INFO] [stdout]     |
[INFO] [stdout]     = note: this error originates in the macro `$crate::sqlx_macros::expand_query` (in Nightly builds, run with -Z macro-backtrace for more info)
[INFO] [stdout] 
[INFO] [stdout] 
[INFO] [stdout] error: error communicating with the server: Cannot assign requested address (os error 99)
[INFO] [stdout]    --> src/routes/newsletters.rs:208:16
[INFO] [stdout]     |
[INFO] [stdout] 208 |       let rows = sqlx::query!(
[INFO] [stdout]     |  ________________^
[INFO] [stdout] 209 | |         r#"
[INFO] [stdout] 210 | |         SELECT email
[INFO] [stdout] 211 | |         FROM subscriptions
[INFO] [stdout] 212 | |         WHERE status = 'confirmed'
[INFO] [stdout] 213 | |         "#,
[INFO] [stdout] 214 | |     )
[INFO] [stdout]     | |_____^
[INFO] [stdout]     |
[INFO] [stdout]     = note: this error originates in the macro `$crate::sqlx_macros::expand_query` (in Nightly builds, run with -Z macro-backtrace for more info)
[INFO] [stdout] 
[INFO] [stdout] 
[INFO] [stdout] error: error communicating with the server: Cannot assign requested address (os error 99)
[INFO] [stdout]    --> src/routes/newsletters.rs:208:16
[INFO] [stdout]     |
[INFO] [stdout] 208 |       let rows = sqlx::query!(
[INFO] [stdout]     |  ________________^
[INFO] [stdout] 209 | |         r#"
[INFO] [stdout] 210 | |         SELECT email
[INFO] [stdout] 211 | |         FROM subscriptions
[INFO] [stdout] 212 | |         WHERE status = 'confirmed'
[INFO] [stdout] 213 | |         "#,
[INFO] [stdout] 214 | |     )
[INFO] [stdout]     | |_____^
[INFO] [stdout]     |
[INFO] [stdout]     = note: this error originates in the macro `$crate::sqlx_macros::expand_query` (in Nightly builds, run with -Z macro-backtrace for more info)
[INFO] [stdout] 
[INFO] [stdout] 
[INFO] [stdout] warning: unused import: `chrono::Utc`
[INFO] [stdout]  --> src/routes/subscriptions.rs:9:5
[INFO] [stdout]   |
[INFO] [stdout] 9 | use chrono::Utc;
[INFO] [stdout]   |     ^^^^^^^^^^^
[INFO] [stdout]   |
[INFO] [stdout]   = note: `#[warn(unused_imports)]` on by default
[INFO] [stdout] 
[INFO] [stdout] 
[INFO] [stdout] warning: unused import: `chrono::Utc`
[INFO] [stdout]  --> src/routes/subscriptions.rs:9:5
[INFO] [stdout]   |
[INFO] [stdout] 9 | use chrono::Utc;
[INFO] [stdout]   |     ^^^^^^^^^^^
[INFO] [stdout]   |
[INFO] [stdout]   = note: `#[warn(unused_imports)]` on by default
[INFO] [stdout] 
[INFO] [stdout] 
[INFO] [stdout] error: aborting due to 6 previous errors; 1 warning emitted
[INFO] [stdout] 
[INFO] [stdout] 
[INFO] [stdout] error: aborting due to 6 previous errors; 1 warning emitted
[INFO] [stdout] 
[INFO] [stdout] 
[INFO] [stderr] error: could not compile `zero2prod` due to 7 previous errors; 1 warning emitted
[INFO] [stderr] warning: build failed, waiting for other jobs to finish...
[INFO] [stderr] error: build failed
[INFO] running `Command { std: "docker" "inspect" "1ad67f1e80af385d40daeea93c97a30e1a5881cb1952066a5bb4794ef10cf417", kill_on_drop: false }`
[INFO] running `Command { std: "docker" "rm" "-f" "1ad67f1e80af385d40daeea93c97a30e1a5881cb1952066a5bb4794ef10cf417", kill_on_drop: false }`
[INFO] [stdout] 1ad67f1e80af385d40daeea93c97a30e1a5881cb1952066a5bb4794ef10cf417
