[INFO] cloning repository https://github.com/Tehforsch/swedule
[INFO] running `Command { std: "git" "-c" "credential.helper=" "-c" "credential.helper=/workspace/cargo-home/bin/git-credential-null" "clone" "--bare" "https://github.com/Tehforsch/swedule" "/workspace/cache/git-repos/https%3A%2F%2Fgithub.com%2FTehforsch%2Fswedule", kill_on_drop: false }`
[INFO] [stderr] Cloning into bare repository '/workspace/cache/git-repos/https%3A%2F%2Fgithub.com%2FTehforsch%2Fswedule'...
[INFO] running `Command { std: "git" "rev-parse" "HEAD", kill_on_drop: false }`
[INFO] [stdout] ef1a5b5335894e066738fac2a688bec8dce4b002
[INFO] checking Tehforsch/swedule against 1.55.0 for beta-1.56-3
[INFO] running `Command { std: "git" "clone" "/workspace/cache/git-repos/https%3A%2F%2Fgithub.com%2FTehforsch%2Fswedule" "/workspace/builds/worker-1/source", kill_on_drop: false }`
[INFO] [stderr] Cloning into '/workspace/builds/worker-1/source'...
[INFO] [stderr] done.
[INFO] validating manifest of git repo https://github.com/Tehforsch/swedule on toolchain 1.55.0
[INFO] running `Command { std: "/workspace/cargo-home/bin/cargo" "+1.55.0" "metadata" "--manifest-path" "Cargo.toml" "--no-deps", kill_on_drop: false }`
[INFO] started tweaking git repo https://github.com/Tehforsch/swedule
[INFO] finished tweaking git repo https://github.com/Tehforsch/swedule
[INFO] tweaked toml for git repo https://github.com/Tehforsch/swedule written to /workspace/builds/worker-1/source/Cargo.toml
[INFO] crate git repo https://github.com/Tehforsch/swedule already has a lockfile, it will not be regenerated
[INFO] running `Command { std: "/workspace/cargo-home/bin/cargo" "+1.55.0" "fetch" "--manifest-path" "Cargo.toml", kill_on_drop: false }`
[INFO] running `Command { std: "docker" "create" "-v" "/var/lib/crater-agent-workspace/builds/worker-1/target:/opt/rustwide/target:rw,Z" "-v" "/var/lib/crater-agent-workspace/builds/worker-1/source:/opt/rustwide/workdir:ro,Z" "-v" "/var/lib/crater-agent-workspace/cargo-home:/opt/rustwide/cargo-home:ro,Z" "-v" "/var/lib/crater-agent-workspace/rustup-home:/opt/rustwide/rustup-home:ro,Z" "-e" "SOURCE_DIR=/opt/rustwide/workdir" "-e" "CARGO_TARGET_DIR=/opt/rustwide/target" "-e" "CARGO_HOME=/opt/rustwide/cargo-home" "-e" "RUSTUP_HOME=/opt/rustwide/rustup-home" "-w" "/opt/rustwide/workdir" "-m" "1610612736" "--user" "0:0" "--network" "none" "ghcr.io/rust-lang/crates-build-env/linux@sha256:a89201d6b5b9fd45c15d5952ece0a0129e7e80cb26ec023fd59cf09bc26f1604" "/opt/rustwide/cargo-home/bin/cargo" "+1.55.0" "metadata" "--no-deps" "--format-version=1", kill_on_drop: false }`
[INFO] [stdout] 50173eb62383585118f29946b329c65d451725f3efd8a2a1dddaa086ea89a64f
[INFO] [stderr] WARNING: Your kernel does not support swap limit capabilities or the cgroup is not mounted. Memory limited without swap.
[INFO] running `Command { std: "docker" "start" "-a" "50173eb62383585118f29946b329c65d451725f3efd8a2a1dddaa086ea89a64f", kill_on_drop: false }`
[INFO] running `Command { std: "docker" "inspect" "50173eb62383585118f29946b329c65d451725f3efd8a2a1dddaa086ea89a64f", kill_on_drop: false }`
[INFO] running `Command { std: "docker" "rm" "-f" "50173eb62383585118f29946b329c65d451725f3efd8a2a1dddaa086ea89a64f", kill_on_drop: false }`
[INFO] [stdout] 50173eb62383585118f29946b329c65d451725f3efd8a2a1dddaa086ea89a64f
[INFO] running `Command { std: "docker" "create" "-v" "/var/lib/crater-agent-workspace/builds/worker-1/target:/opt/rustwide/target:rw,Z" "-v" "/var/lib/crater-agent-workspace/builds/worker-1/source:/opt/rustwide/workdir:ro,Z" "-v" "/var/lib/crater-agent-workspace/cargo-home:/opt/rustwide/cargo-home:ro,Z" "-v" "/var/lib/crater-agent-workspace/rustup-home:/opt/rustwide/rustup-home:ro,Z" "-e" "SOURCE_DIR=/opt/rustwide/workdir" "-e" "CARGO_TARGET_DIR=/opt/rustwide/target" "-e" "CARGO_INCREMENTAL=0" "-e" "RUST_BACKTRACE=full" "-e" "RUSTFLAGS=--cap-lints=warn" "-e" "CARGO_HOME=/opt/rustwide/cargo-home" "-e" "RUSTUP_HOME=/opt/rustwide/rustup-home" "-w" "/opt/rustwide/workdir" "-m" "1610612736" "--user" "0:0" "--network" "none" "ghcr.io/rust-lang/crates-build-env/linux@sha256:a89201d6b5b9fd45c15d5952ece0a0129e7e80cb26ec023fd59cf09bc26f1604" "/opt/rustwide/cargo-home/bin/cargo" "+1.55.0" "check" "--frozen" "--all" "--all-targets" "--message-format=json", kill_on_drop: false }`
[INFO] [stdout] 8f130c8aba676420ca32a69e9964c4ad7ba09d3f91524b805e1a7fd20e34a373
[INFO] [stderr] WARNING: Your kernel does not support swap limit capabilities or the cgroup is not mounted. Memory limited without swap.
[INFO] running `Command { std: "docker" "start" "-a" "8f130c8aba676420ca32a69e9964c4ad7ba09d3f91524b805e1a7fd20e34a373", kill_on_drop: false }`
[INFO] [stderr]     Blocking waiting for file lock on package cache
[INFO] [stderr]    Compiling syn v1.0.78
[INFO] [stderr]     Checking os_str_bytes v3.1.0
[INFO] [stderr]    Compiling priority-queue v1.2.0
[INFO] [stderr]     Checking textwrap v0.14.2
[INFO] [stderr]     Checking generational-arena v0.2.8
[INFO] [stderr]     Checking clap v2.33.3
[INFO] [stderr]    Compiling proc-macro-error-attr v1.0.4
[INFO] [stderr]     Checking ordered-float v2.8.0
[INFO] [stderr]     Checking rayon-core v1.9.1
[INFO] [stderr]     Checking rayon v1.5.1
[INFO] [stderr]    Compiling proc-macro-error v1.0.4
[INFO] [stderr]    Compiling serde_derive v1.0.130
[INFO] [stderr]    Compiling clap_derive v3.0.0-beta.4
[INFO] [stderr]     Checking clap v3.0.0-beta.4
[INFO] [stderr]     Checking serde v1.0.130
[INFO] [stderr]     Checking serde_yaml v0.8.21
[INFO] [stderr]     Checking bstr v0.2.17
[INFO] [stderr]     Checking serde_json v1.0.68
[INFO] [stderr]     Checking serde_cbor v0.11.2
[INFO] [stderr]     Checking csv v1.1.6
[INFO] [stderr]     Checking voronoi_swim v0.1.0 (/opt/rustwide/workdir)
[INFO] [stderr]     Checking tinytemplate v1.2.1
[INFO] [stderr]     Checking criterion v0.3.5
[INFO] [stdout] error[E0432]: unresolved import `voronoi_swim::run::run`
[INFO] [stdout]  --> benches/ics_16.rs:8:5
[INFO] [stdout]   |
[INFO] [stdout] 8 | use voronoi_swim::run::run;
[INFO] [stdout]   |     ^^^^^^^^^^^^^^^^^^^^^^ no `run` in `run`
[INFO] [stdout] 
[INFO] [stdout] 
[INFO] [stdout] error[E0560]: struct `CommandLineArgs` has no field named `domain_decomposition`
[INFO] [stdout]   --> benches/ics_16.rs:18:9
[INFO] [stdout]    |
[INFO] [stdout] 18 |         domain_decomposition: Some(num_cores),
[INFO] [stdout]    |         ^^^^^^^^^^^^^^^^^^^^ `CommandLineArgs` does not have this field
[INFO] [stdout]    |
[INFO] [stdout]    = note: available fields are: `param_file`, `grid_files`
[INFO] [stdout] 
[INFO] [stdout] 
[INFO] [stdout] error[E0560]: struct `CommandLineArgs` has no field named `quiet`
[INFO] [stdout]   --> benches/ics_16.rs:19:9
[INFO] [stdout]    |
[INFO] [stdout] 19 |         quiet: true,
[INFO] [stdout]    |         ^^^^^ `CommandLineArgs` does not have this field
[INFO] [stdout]    |
[INFO] [stdout]    = note: available fields are: `param_file`, `grid_files`
[INFO] [stdout] 
[INFO] [stdout] 
[INFO] [stdout] error: aborting due to 3 previous errors
[INFO] [stdout] 
[INFO] [stdout] 
[INFO] [stdout] Some errors have detailed explanations: E0432, E0560.
[INFO] [stdout] 
[INFO] [stdout] For more information about an error, try `rustc --explain E0432`.
[INFO] [stdout] 
[INFO] [stderr] error: could not compile `voronoi_swim` due to 4 previous errors
[INFO] [stderr] warning: build failed, waiting for other jobs to finish...
[INFO] [stdout] error[E0599]: no method named `traverse_depth_first` found for struct `Graph` in the current scope
[INFO] [stdout]   --> src/grid.rs:97:27
[INFO] [stdout]    |
[INFO] [stdout] 97 |         let nodes = graph.traverse_depth_first(&Task {
[INFO] [stdout]    |                           ^^^^^^^^^^^^^^^^^^^^ method not found in `Graph<task::Task<'_>, Dependency>`
[INFO] [stdout]    | 
[INFO] [stdout]   ::: src/graph.rs:10:1
[INFO] [stdout]    |
[INFO] [stdout] 10 | pub struct Graph<N, E> {
[INFO] [stdout]    | ---------------------- method `traverse_depth_first` not found for this
[INFO] [stdout] 
[INFO] [stdout] 
[INFO] [stdout] error: aborting due to previous error
[INFO] [stdout] 
[INFO] [stdout] 
[INFO] [stdout] For more information about this error, try `rustc --explain E0599`.
[INFO] [stdout] 
[INFO] [stderr] error: build failed
[INFO] running `Command { std: "docker" "inspect" "8f130c8aba676420ca32a69e9964c4ad7ba09d3f91524b805e1a7fd20e34a373", kill_on_drop: false }`
[INFO] running `Command { std: "docker" "rm" "-f" "8f130c8aba676420ca32a69e9964c4ad7ba09d3f91524b805e1a7fd20e34a373", kill_on_drop: false }`
[INFO] [stdout] 8f130c8aba676420ca32a69e9964c4ad7ba09d3f91524b805e1a7fd20e34a373
