[INFO] cloning repository https://github.com/Team-Zinc/Hydrogen
[INFO] running `Command { std: "git" "-c" "credential.helper=" "-c" "credential.helper=/workspace/cargo-home/bin/git-credential-null" "clone" "--bare" "https://github.com/Team-Zinc/Hydrogen" "/workspace/cache/git-repos/https%3A%2F%2Fgithub.com%2FTeam-Zinc%2FHydrogen", kill_on_drop: false }`
[INFO] [stderr] Cloning into bare repository '/workspace/cache/git-repos/https%3A%2F%2Fgithub.com%2FTeam-Zinc%2FHydrogen'...
[INFO] running `Command { std: "git" "rev-parse" "HEAD", kill_on_drop: false }`
[INFO] [stdout] 116519374b62c969a0a489d5fc72413a6555059c
[INFO] checking Team-Zinc/Hydrogen against 1.55.0 for beta-1.56-3
[INFO] running `Command { std: "git" "clone" "/workspace/cache/git-repos/https%3A%2F%2Fgithub.com%2FTeam-Zinc%2FHydrogen" "/workspace/builds/worker-9/source", kill_on_drop: false }`
[INFO] [stderr] Cloning into '/workspace/builds/worker-9/source'...
[INFO] [stderr] done.
[INFO] validating manifest of git repo https://github.com/Team-Zinc/Hydrogen on toolchain 1.55.0
[INFO] running `Command { std: "/workspace/cargo-home/bin/cargo" "+1.55.0" "metadata" "--manifest-path" "Cargo.toml" "--no-deps", kill_on_drop: false }`
[INFO] started tweaking git repo https://github.com/Team-Zinc/Hydrogen
[INFO] finished tweaking git repo https://github.com/Team-Zinc/Hydrogen
[INFO] tweaked toml for git repo https://github.com/Team-Zinc/Hydrogen written to /workspace/builds/worker-9/source/Cargo.toml
[INFO] running `Command { std: "/workspace/cargo-home/bin/cargo" "+1.55.0" "generate-lockfile" "--manifest-path" "Cargo.toml" "-Zno-index-update", kill_on_drop: false }`
[INFO] running `Command { std: "/workspace/cargo-home/bin/cargo" "+1.55.0" "fetch" "--manifest-path" "Cargo.toml", kill_on_drop: false }`
[INFO] running `Command { std: "docker" "create" "-v" "/var/lib/crater-agent-workspace/builds/worker-9/target:/opt/rustwide/target:rw,Z" "-v" "/var/lib/crater-agent-workspace/builds/worker-9/source:/opt/rustwide/workdir:ro,Z" "-v" "/var/lib/crater-agent-workspace/cargo-home:/opt/rustwide/cargo-home:ro,Z" "-v" "/var/lib/crater-agent-workspace/rustup-home:/opt/rustwide/rustup-home:ro,Z" "-e" "SOURCE_DIR=/opt/rustwide/workdir" "-e" "CARGO_TARGET_DIR=/opt/rustwide/target" "-e" "CARGO_HOME=/opt/rustwide/cargo-home" "-e" "RUSTUP_HOME=/opt/rustwide/rustup-home" "-w" "/opt/rustwide/workdir" "-m" "1610612736" "--user" "0:0" "--network" "none" "ghcr.io/rust-lang/crates-build-env/linux@sha256:a89201d6b5b9fd45c15d5952ece0a0129e7e80cb26ec023fd59cf09bc26f1604" "/opt/rustwide/cargo-home/bin/cargo" "+1.55.0" "metadata" "--no-deps" "--format-version=1", kill_on_drop: false }`
[INFO] [stderr] WARNING: Your kernel does not support swap limit capabilities or the cgroup is not mounted. Memory limited without swap.
[INFO] [stdout] 1b0b52a19596e0cde6aabf2ebdbea9cc222a6af379d5356bc98680c24e08cd6d
[INFO] running `Command { std: "docker" "start" "-a" "1b0b52a19596e0cde6aabf2ebdbea9cc222a6af379d5356bc98680c24e08cd6d", kill_on_drop: false }`
[INFO] running `Command { std: "docker" "inspect" "1b0b52a19596e0cde6aabf2ebdbea9cc222a6af379d5356bc98680c24e08cd6d", kill_on_drop: false }`
[INFO] running `Command { std: "docker" "rm" "-f" "1b0b52a19596e0cde6aabf2ebdbea9cc222a6af379d5356bc98680c24e08cd6d", kill_on_drop: false }`
[INFO] [stdout] 1b0b52a19596e0cde6aabf2ebdbea9cc222a6af379d5356bc98680c24e08cd6d
[INFO] running `Command { std: "docker" "create" "-v" "/var/lib/crater-agent-workspace/builds/worker-9/target:/opt/rustwide/target:rw,Z" "-v" "/var/lib/crater-agent-workspace/builds/worker-9/source:/opt/rustwide/workdir:ro,Z" "-v" "/var/lib/crater-agent-workspace/cargo-home:/opt/rustwide/cargo-home:ro,Z" "-v" "/var/lib/crater-agent-workspace/rustup-home:/opt/rustwide/rustup-home:ro,Z" "-e" "SOURCE_DIR=/opt/rustwide/workdir" "-e" "CARGO_TARGET_DIR=/opt/rustwide/target" "-e" "CARGO_INCREMENTAL=0" "-e" "RUST_BACKTRACE=full" "-e" "RUSTFLAGS=--cap-lints=warn" "-e" "CARGO_HOME=/opt/rustwide/cargo-home" "-e" "RUSTUP_HOME=/opt/rustwide/rustup-home" "-w" "/opt/rustwide/workdir" "-m" "1610612736" "--user" "0:0" "--network" "none" "ghcr.io/rust-lang/crates-build-env/linux@sha256:a89201d6b5b9fd45c15d5952ece0a0129e7e80cb26ec023fd59cf09bc26f1604" "/opt/rustwide/cargo-home/bin/cargo" "+1.55.0" "check" "--frozen" "--all" "--all-targets" "--message-format=json", kill_on_drop: false }`
[INFO] [stdout] ac62007ad6d71a2fa7a81d4a259348a8ab7a54b5bef779aab4588e5d341ffef6
[INFO] [stderr] WARNING: Your kernel does not support swap limit capabilities or the cgroup is not mounted. Memory limited without swap.
[INFO] running `Command { std: "docker" "start" "-a" "ac62007ad6d71a2fa7a81d4a259348a8ab7a54b5bef779aab4588e5d341ffef6", kill_on_drop: false }`
[INFO] [stderr]    Compiling syn v1.0.80
[INFO] [stderr]     Checking ppv-lite86 v0.2.14
[INFO] [stderr]     Checking inflections v1.1.1
[INFO] [stderr]     Checking path-clean v0.1.0
[INFO] [stderr]     Checking exitcode v1.1.2
[INFO] [stderr]     Checking terminal_size v0.1.17
[INFO] [stderr]     Checking getrandom v0.2.3
[INFO] [stderr]     Checking termios v0.3.3
[INFO] [stderr]     Checking getrandom v0.1.16
[INFO] [stderr]     Checking num_cpus v1.13.0
[INFO] [stderr]     Checking os_pipe v0.9.2
[INFO] [stderr]     Checking thread-id v3.3.0
[INFO] [stderr]     Checking which v4.2.2
[INFO] [stderr]     Checking colored v1.9.3
[INFO] [stderr]     Checking clap v2.33.3
[INFO] [stderr]     Checking command-run v0.13.0
[INFO] [stderr]     Checking rayon-core v1.9.1
[INFO] [stderr]     Checking rand_core v0.6.3
[INFO] [stderr]     Checking console v0.15.0
[INFO] [stderr]     Checking console v0.11.3
[INFO] [stderr]     Checking console v0.12.0
[INFO] [stderr]     Checking rand_core v0.5.1
[INFO] [stderr]     Checking fern v0.5.9
[INFO] [stderr]     Checking rand_chacha v0.3.1
[INFO] [stderr]     Checking rand_chacha v0.2.2
[INFO] [stderr]     Checking indicatif v0.15.0
[INFO] [stderr]     Checking rayon v1.5.1
[INFO] [stderr]     Checking rand v0.7.3
[INFO] [stderr]     Checking rand v0.8.4
[INFO] [stderr]     Checking tempfile v3.2.0
[INFO] [stderr]     Checking dialoguer v0.6.2
[INFO] [stderr]    Compiling proc-macro-error v1.0.4
[INFO] [stderr]    Compiling serde_derive v1.0.130
[INFO] [stderr]    Compiling structopt-derive v0.4.16
[INFO] [stderr]    Compiling snafu-derive v0.6.10
[INFO] [stderr]     Checking structopt v0.3.23
[INFO] [stderr]     Checking snafu v0.6.10
[INFO] [stderr]     Checking serde v1.0.130
[INFO] [stderr]     Checking serde_json v1.0.68
[INFO] [stderr]     Checking serde_yaml v0.8.21
[INFO] [stderr]     Checking flame v0.2.2
[INFO] [stderr]     Checking hy v1.0.0 (/opt/rustwide/workdir)
[INFO] [stdout] error: expected identifier, found `<<`
[INFO] [stdout]  --> src/project/build/configure/binary.rs:1:1
[INFO] [stdout]   |
[INFO] [stdout] 1 | <<<<<<< HEAD
[INFO] [stdout]   | ^^ expected identifier
[INFO] [stdout] 
[INFO] [stdout] 
[INFO] [stdout] error: expected identifier, found `<<`
[INFO] [stdout]  --> src/project/build/configure/compiler.rs:1:1
[INFO] [stdout]   |
[INFO] [stdout] 1 | <<<<<<< HEAD
[INFO] [stdout]   | ^^ expected identifier
[INFO] [stdout] 
[INFO] [stdout] 
[INFO] [stdout] error: this file contains an unclosed delimiter
[INFO] [stdout]    --> src/project/build/configure/library.rs:107:3
[INFO] [stdout]     |
[INFO] [stdout] 26  | impl ConfigurePool {
[INFO] [stdout]     |                    - unclosed delimiter
[INFO] [stdout] ...
[INFO] [stdout] 30  |     pub fn find_library(&mut self, lib: Dependency) -> Result<(), Box<dyn std::error::Error>> {
[INFO] [stdout]     |                                                                                               - unclosed delimiter
[INFO] [stdout] ...
[INFO] [stdout] 44  |         if let Some(ref _external) = lib.external {
[INFO] [stdout]     |                                                   - this delimiter might not be properly closed...
[INFO] [stdout] ...
[INFO] [stdout] 70  |     }
[INFO] [stdout]     |     - ...as it matches this but it has different indentation
[INFO] [stdout] ...
[INFO] [stdout] 107 | }
[INFO] [stdout]     |   ^
[INFO] [stdout] 
[INFO] [stdout] 
[INFO] [stdout] error: expected one of `!`, `(`, `+`, `::`, `<`, `>`, or `as`, found keyword `if`
[INFO] [stdout]   --> src/project/build/configure/library.rs:42:9
[INFO] [stdout]    |
[INFO] [stdout] 41 | <<<<<<< HEAD
[INFO] [stdout]    |             - expected one of 7 possible tokens
[INFO] [stdout] 42 |         if let Some(_external) = lib.external {
[INFO] [stdout]    |         ^^ unexpected token
[INFO] [stdout] 
[INFO] [stdout] 
[INFO] [stdout] error: expected identifier, found `<<`
[INFO] [stdout]  --> src/project/build/language.rs:1:1
[INFO] [stdout]   |
[INFO] [stdout] 1 | <<<<<<< HEAD
[INFO] [stdout]   | ^^ expected identifier
[INFO] [stdout] 
[INFO] [stdout] 
[INFO] [stdout] error: expected identifier, found `<<`
[INFO] [stdout]   --> src/project/build/link/mod.rs:10:1
[INFO] [stdout]    |
[INFO] [stdout] 10 | <<<<<<< HEAD
[INFO] [stdout]    | ^^ expected identifier
[INFO] [stdout] 
[INFO] [stdout] 
[INFO] [stdout] error: expected identifier, found `<<`
[INFO] [stdout]  --> src/project/build/configure/binary.rs:1:1
[INFO] [stdout]   |
[INFO] [stdout] 1 | <<<<<<< HEAD
[INFO] [stdout]   | ^^ expected identifier
[INFO] [stdout] 
[INFO] [stdout] 
[INFO] [stdout] error: expected identifier, found `<<`
[INFO] [stdout]  --> src/project/build/configure/compiler.rs:1:1
[INFO] [stdout]   |
[INFO] [stdout] 1 | <<<<<<< HEAD
[INFO] [stdout]   | ^^ expected identifier
[INFO] [stdout] 
[INFO] [stdout] 
[INFO] [stdout] error: this file contains an unclosed delimiter
[INFO] [stdout]    --> src/project/build/configure/library.rs:107:3
[INFO] [stdout]     |
[INFO] [stdout] 26  | impl ConfigurePool {
[INFO] [stdout]     |                    - unclosed delimiter
[INFO] [stdout] ...
[INFO] [stdout] 30  |     pub fn find_library(&mut self, lib: Dependency) -> Result<(), Box<dyn std::error::Error>> {
[INFO] [stdout]     |                                                                                               - unclosed delimiter
[INFO] [stdout] ...
[INFO] [stdout] 44  |         if let Some(ref _external) = lib.external {
[INFO] [stdout]     |                                                   - this delimiter might not be properly closed...
[INFO] [stdout] ...
[INFO] [stdout] 70  |     }
[INFO] [stdout]     |     - ...as it matches this but it has different indentation
[INFO] [stdout] ...
[INFO] [stdout] 107 | }
[INFO] [stdout]     |   ^
[INFO] [stdout] 
[INFO] [stdout] 
[INFO] [stdout] error: expected one of `!`, `(`, `+`, `::`, `<`, `>`, or `as`, found keyword `if`
[INFO] [stdout]   --> src/project/build/configure/library.rs:42:9
[INFO] [stdout]    |
[INFO] [stdout] 41 | <<<<<<< HEAD
[INFO] [stdout]    |             - expected one of 7 possible tokens
[INFO] [stdout] 42 |         if let Some(_external) = lib.external {
[INFO] [stdout]    |         ^^ unexpected token
[INFO] [stdout] 
[INFO] [stdout] 
[INFO] [stdout] error: expected identifier, found `<<`
[INFO] [stdout]  --> src/project/build/language.rs:1:1
[INFO] [stdout]   |
[INFO] [stdout] 1 | <<<<<<< HEAD
[INFO] [stdout]   | ^^ expected identifier
[INFO] [stdout] 
[INFO] [stdout] 
[INFO] [stdout] error: expected identifier, found `<<`
[INFO] [stdout]   --> src/project/build/link/mod.rs:10:1
[INFO] [stdout]    |
[INFO] [stdout] 10 | <<<<<<< HEAD
[INFO] [stdout]    | ^^ expected identifier
[INFO] [stdout] 
[INFO] [stdout] 
[INFO] [stdout] error[E0432]: unresolved import `crate::project::build::language::Language`
[INFO] [stdout]  --> src/project/build/build.rs:3:5
[INFO] [stdout]   |
[INFO] [stdout] 3 | use crate::project::build::language::Language;
[INFO] [stdout]   |     ^^^^^^^^^^^^^^^^^^^^^^^^^^^^^^^^^^^^^^^^^ no `Language` in `project::build::language`
[INFO] [stdout] 
[INFO] [stdout] 
[INFO] [stdout] error[E0432]: unresolved import `super::language::Language`
[INFO] [stdout]  --> src/project/build/configure/mod.rs:8:5
[INFO] [stdout]   |
[INFO] [stdout] 8 | use super::language::Language;
[INFO] [stdout]   |     ^^^^^^^^^^^^^^^^^^^^^^^^^ no `Language` in `project::build::language`
[INFO] [stdout] 
[INFO] [stdout] 
[INFO] [stdout] error[E0432]: unresolved import `crate::project::build::language::Language`
[INFO] [stdout]  --> src/project/build/langs/c/gcc/mod.rs:4:5
[INFO] [stdout]   |
[INFO] [stdout] 4 | use crate::project::build::language::Language;
[INFO] [stdout]   |     ^^^^^^^^^^^^^^^^^^^^^^^^^^^^^^^^^^^^^^^^^ no `Language` in `project::build::language`
[INFO] [stdout] 
[INFO] [stdout] 
[INFO] [stdout] error[E0432]: unresolved import `crate::project::build::language::Language`
[INFO] [stdout]  --> src/project/build/langs/c/probe.rs:3:5
[INFO] [stdout]   |
[INFO] [stdout] 3 | use crate::project::build::language::Language;
[INFO] [stdout]   |     ^^^^^^^^^^^^^^^^^^^^^^^^^^^^^^^^^^^^^^^^^ no `Language` in `project::build::language`
[INFO] [stdout] 
[INFO] [stdout] 
[INFO] [stdout] error[E0432]: unresolved import `crate::project::build::language::Language`
[INFO] [stdout]  --> src/project/build/langs/cpp/gpp/mod.rs:4:5
[INFO] [stdout]   |
[INFO] [stdout] 4 | use crate::project::build::language::Language;
[INFO] [stdout]   |     ^^^^^^^^^^^^^^^^^^^^^^^^^^^^^^^^^^^^^^^^^ no `Language` in `project::build::language`
[INFO] [stdout] 
[INFO] [stdout] 
[INFO] [stdout] error[E0432]: unresolved import `crate::project::build::language::Language`
[INFO] [stdout]  --> src/project/build/langs/cpp/probe.rs:3:5
[INFO] [stdout]   |
[INFO] [stdout] 3 | use crate::project::build::language::Language;
[INFO] [stdout]   |     ^^^^^^^^^^^^^^^^^^^^^^^^^^^^^^^^^^^^^^^^^ no `Language` in `project::build::language`
[INFO] [stdout] 
[INFO] [stdout] 
[INFO] [stdout] error[E0432]: unresolved import `crate::project::build::language::Language`
[INFO] [stdout]  --> src/project/build/build.rs:3:5
[INFO] [stdout]   |
[INFO] [stdout] 3 | use crate::project::build::language::Language;
[INFO] [stdout]   |     ^^^^^^^^^^^^^^^^^^^^^^^^^^^^^^^^^^^^^^^^^ no `Language` in `project::build::language`
[INFO] [stdout] 
[INFO] [stdout] 
[INFO] [stdout] error[E0432]: unresolved import `super::language::Language`
[INFO] [stdout]  --> src/project/build/configure/mod.rs:8:5
[INFO] [stdout]   |
[INFO] [stdout] 8 | use super::language::Language;
[INFO] [stdout]   |     ^^^^^^^^^^^^^^^^^^^^^^^^^ no `Language` in `project::build::language`
[INFO] [stdout] 
[INFO] [stdout] 
[INFO] [stdout] error[E0432]: unresolved import `crate::project::build::language::Language`
[INFO] [stdout]  --> src/project/build/langs/c/gcc/mod.rs:4:5
[INFO] [stdout]   |
[INFO] [stdout] 4 | use crate::project::build::language::Language;
[INFO] [stdout]   |     ^^^^^^^^^^^^^^^^^^^^^^^^^^^^^^^^^^^^^^^^^ no `Language` in `project::build::language`
[INFO] [stdout] 
[INFO] [stdout] 
[INFO] [stdout] error[E0432]: unresolved import `crate::project::build::language::Language`
[INFO] [stdout]  --> src/project/build/langs/c/probe.rs:3:5
[INFO] [stdout]   |
[INFO] [stdout] 3 | use crate::project::build::language::Language;
[INFO] [stdout]   |     ^^^^^^^^^^^^^^^^^^^^^^^^^^^^^^^^^^^^^^^^^ no `Language` in `project::build::language`
[INFO] [stdout] 
[INFO] [stdout] 
[INFO] [stdout] error[E0432]: unresolved import `crate::project::build::language::Language`
[INFO] [stdout]  --> src/project/build/langs/cpp/gpp/mod.rs:4:5
[INFO] [stdout]   |
[INFO] [stdout] 4 | use crate::project::build::language::Language;
[INFO] [stdout]   |     ^^^^^^^^^^^^^^^^^^^^^^^^^^^^^^^^^^^^^^^^^ no `Language` in `project::build::language`
[INFO] [stdout] 
[INFO] [stdout] 
[INFO] [stdout] error[E0432]: unresolved import `crate::project::build::language::Language`
[INFO] [stdout]  --> src/project/build/langs/cpp/probe.rs:3:5
[INFO] [stdout]   |
[INFO] [stdout] 3 | use crate::project::build::language::Language;
[INFO] [stdout]   |     ^^^^^^^^^^^^^^^^^^^^^^^^^^^^^^^^^^^^^^^^^ no `Language` in `project::build::language`
[INFO] [stdout] 
[INFO] [stdout] 
[INFO] [stdout] error[E0433]: failed to resolve: use of undeclared crate or module `exe`
[INFO] [stdout]   --> src/project/kinds.rs:40:55
[INFO] [stdout]    |
[INFO] [stdout] 40 |             ProjectType::Executable => Some(Box::from(exe::get_link_flags)),
[INFO] [stdout]    |                                                       ^^^ use of undeclared crate or module `exe`
[INFO] [stdout] 
[INFO] [stdout] 
[INFO] [stdout] error[E0433]: failed to resolve: use of undeclared crate or module `stlib`
[INFO] [stdout]   --> src/project/kinds.rs:41:58
[INFO] [stdout]    |
[INFO] [stdout] 41 |             ProjectType::StaticLibrary => Some(Box::from(stlib::get_link_flags)),
[INFO] [stdout]    |                                                          ^^^^^ use of undeclared crate or module `stlib`
[INFO] [stdout] 
[INFO] [stdout] 
[INFO] [stdout] error[E0433]: failed to resolve: use of undeclared crate or module `dylib`
[INFO] [stdout]   --> src/project/kinds.rs:42:59
[INFO] [stdout]    |
[INFO] [stdout] 42 |             ProjectType::DynamicLibrary => Some(Box::from(dylib::get_link_flags)),
[INFO] [stdout]    |                                                           ^^^^^ use of undeclared crate or module `dylib`
[INFO] [stdout] 
[INFO] [stdout] 
[INFO] [stdout] error[E0433]: failed to resolve: use of undeclared crate or module `exe`
[INFO] [stdout]   --> src/project/kinds.rs:49:55
[INFO] [stdout]    |
[INFO] [stdout] 49 |             ProjectType::Executable => Some(Box::from(exe::get_output_file)),
[INFO] [stdout]    |                                                       ^^^ use of undeclared crate or module `exe`
[INFO] [stdout] 
[INFO] [stdout] 
[INFO] [stdout] error[E0433]: failed to resolve: use of undeclared crate or module `stlib`
[INFO] [stdout]   --> src/project/kinds.rs:50:58
[INFO] [stdout]    |
[INFO] [stdout] 50 |             ProjectType::StaticLibrary => Some(Box::from(stlib::get_output_file)),
[INFO] [stdout]    |                                                          ^^^^^ use of undeclared crate or module `stlib`
[INFO] [stdout] 
[INFO] [stdout] 
[INFO] [stdout] error[E0433]: failed to resolve: use of undeclared crate or module `dylib`
[INFO] [stdout]   --> src/project/kinds.rs:51:59
[INFO] [stdout]    |
[INFO] [stdout] 51 |             ProjectType::DynamicLibrary => Some(Box::from(dylib::get_output_file)),
[INFO] [stdout]    |                                                           ^^^^^ use of undeclared crate or module `dylib`
[INFO] [stdout] 
[INFO] [stdout] 
[INFO] [stdout] error[E0433]: failed to resolve: use of undeclared crate or module `exe`
[INFO] [stdout]   --> src/project/kinds.rs:58:55
[INFO] [stdout]    |
[INFO] [stdout] 58 |             ProjectType::Executable => Some(Box::from(exe::get_output_flags)),
[INFO] [stdout]    |                                                       ^^^ use of undeclared crate or module `exe`
[INFO] [stdout] 
[INFO] [stdout] 
[INFO] [stdout] error[E0433]: failed to resolve: use of undeclared crate or module `stlib`
[INFO] [stdout]   --> src/project/kinds.rs:59:58
[INFO] [stdout]    |
[INFO] [stdout] 59 |             ProjectType::StaticLibrary => Some(Box::from(stlib::get_output_flags)),
[INFO] [stdout]    |                                                          ^^^^^ use of undeclared crate or module `stlib`
[INFO] [stdout] 
[INFO] [stdout] 
[INFO] [stdout] error[E0433]: failed to resolve: use of undeclared crate or module `dylib`
[INFO] [stdout]   --> src/project/kinds.rs:60:59
[INFO] [stdout]    |
[INFO] [stdout] 60 |             ProjectType::DynamicLibrary => Some(Box::from(dylib::get_output_flags)),
[INFO] [stdout]    |                                                           ^^^^^ use of undeclared crate or module `dylib`
[INFO] [stdout] 
[INFO] [stdout] 
[INFO] [stdout] error[E0425]: cannot find function `link_objs` in module `link`
[INFO] [stdout]    --> src/project/build/build.rs:114:22
[INFO] [stdout]     |
[INFO] [stdout] 114 |         link = link::link_objs(p, c, &objs);
[INFO] [stdout]     |                      ^^^^^^^^^ not found in `link`
[INFO] [stdout] 
[INFO] [stdout] 
[INFO] [stdout] warning: unused import: `std::process`
[INFO] [stdout]  --> src/project/build/configure/library.rs:2:5
[INFO] [stdout]   |
[INFO] [stdout] 2 | use std::process;
[INFO] [stdout]   |     ^^^^^^^^^^^^
[INFO] [stdout]   |
[INFO] [stdout]   = note: `#[warn(unused_imports)]` on by default
[INFO] [stdout] 
[INFO] [stdout] 
[INFO] [stdout] warning: unused import: `std::str`
[INFO] [stdout]  --> src/project/build/configure/library.rs:3:5
[INFO] [stdout]   |
[INFO] [stdout] 3 | use std::str;
[INFO] [stdout]   |     ^^^^^^^^
[INFO] [stdout] 
[INFO] [stdout] 
[INFO] [stdout] warning: unused import: `crate::project::build::link::*`
[INFO] [stdout]  --> src/project/kinds.rs:1:5
[INFO] [stdout]   |
[INFO] [stdout] 1 | use crate::project::build::link::*;
[INFO] [stdout]   |     ^^^^^^^^^^^^^^^^^^^^^^^^^^^^^^
[INFO] [stdout] 
[INFO] [stdout] 
[INFO] [stdout] error[E0433]: failed to resolve: use of undeclared crate or module `exe`
[INFO] [stdout]   --> src/project/kinds.rs:40:55
[INFO] [stdout]    |
[INFO] [stdout] 40 |             ProjectType::Executable => Some(Box::from(exe::get_link_flags)),
[INFO] [stdout]    |                                                       ^^^ use of undeclared crate or module `exe`
[INFO] [stdout] 
[INFO] [stdout] 
[INFO] [stdout] error[E0433]: failed to resolve: use of undeclared crate or module `stlib`
[INFO] [stdout]   --> src/project/kinds.rs:41:58
[INFO] [stdout]    |
[INFO] [stdout] 41 |             ProjectType::StaticLibrary => Some(Box::from(stlib::get_link_flags)),
[INFO] [stdout]    |                                                          ^^^^^ use of undeclared crate or module `stlib`
[INFO] [stdout] 
[INFO] [stdout] 
[INFO] [stdout] error[E0433]: failed to resolve: use of undeclared crate or module `dylib`
[INFO] [stdout]   --> src/project/kinds.rs:42:59
[INFO] [stdout]    |
[INFO] [stdout] 42 |             ProjectType::DynamicLibrary => Some(Box::from(dylib::get_link_flags)),
[INFO] [stdout]    |                                                           ^^^^^ use of undeclared crate or module `dylib`
[INFO] [stdout] 
[INFO] [stdout] 
[INFO] [stdout] error[E0433]: failed to resolve: use of undeclared crate or module `exe`
[INFO] [stdout]   --> src/project/kinds.rs:49:55
[INFO] [stdout]    |
[INFO] [stdout] 49 |             ProjectType::Executable => Some(Box::from(exe::get_output_file)),
[INFO] [stdout]    |                                                       ^^^ use of undeclared crate or module `exe`
[INFO] [stdout] 
[INFO] [stdout] 
[INFO] [stdout] error[E0433]: failed to resolve: use of undeclared crate or module `stlib`
[INFO] [stdout]   --> src/project/kinds.rs:50:58
[INFO] [stdout]    |
[INFO] [stdout] 50 |             ProjectType::StaticLibrary => Some(Box::from(stlib::get_output_file)),
[INFO] [stdout]    |                                                          ^^^^^ use of undeclared crate or module `stlib`
[INFO] [stdout] 
[INFO] [stdout] 
[INFO] [stdout] error[E0433]: failed to resolve: use of undeclared crate or module `dylib`
[INFO] [stdout]   --> src/project/kinds.rs:51:59
[INFO] [stdout]    |
[INFO] [stdout] 51 |             ProjectType::DynamicLibrary => Some(Box::from(dylib::get_output_file)),
[INFO] [stdout]    |                                                           ^^^^^ use of undeclared crate or module `dylib`
[INFO] [stdout] 
[INFO] [stdout] 
[INFO] [stdout] error[E0433]: failed to resolve: use of undeclared crate or module `exe`
[INFO] [stdout]   --> src/project/kinds.rs:58:55
[INFO] [stdout]    |
[INFO] [stdout] 58 |             ProjectType::Executable => Some(Box::from(exe::get_output_flags)),
[INFO] [stdout]    |                                                       ^^^ use of undeclared crate or module `exe`
[INFO] [stdout] 
[INFO] [stdout] 
[INFO] [stdout] error[E0433]: failed to resolve: use of undeclared crate or module `stlib`
[INFO] [stdout]   --> src/project/kinds.rs:59:58
[INFO] [stdout]    |
[INFO] [stdout] 59 |             ProjectType::StaticLibrary => Some(Box::from(stlib::get_output_flags)),
[INFO] [stdout]    |                                                          ^^^^^ use of undeclared crate or module `stlib`
[INFO] [stdout] 
[INFO] [stdout] 
[INFO] [stdout] error[E0433]: failed to resolve: use of undeclared crate or module `dylib`
[INFO] [stdout]   --> src/project/kinds.rs:60:59
[INFO] [stdout]    |
[INFO] [stdout] 60 |             ProjectType::DynamicLibrary => Some(Box::from(dylib::get_output_flags)),
[INFO] [stdout]    |                                                           ^^^^^ use of undeclared crate or module `dylib`
[INFO] [stdout] 
[INFO] [stdout] 
[INFO] [stdout] error[E0425]: cannot find function `link_objs` in module `link`
[INFO] [stdout]    --> src/project/build/build.rs:114:22
[INFO] [stdout]     |
[INFO] [stdout] 114 |         link = link::link_objs(p, c, &objs);
[INFO] [stdout]     |                      ^^^^^^^^^ not found in `link`
[INFO] [stdout] 
[INFO] [stdout] 
[INFO] [stdout] warning: unused import: `std::process`
[INFO] [stdout]  --> src/project/build/configure/library.rs:2:5
[INFO] [stdout]   |
[INFO] [stdout] 2 | use std::process;
[INFO] [stdout]   |     ^^^^^^^^^^^^
[INFO] [stdout]   |
[INFO] [stdout]   = note: `#[warn(unused_imports)]` on by default
[INFO] [stdout] 
[INFO] [stdout] 
[INFO] [stdout] warning: unused import: `std::str`
[INFO] [stdout]  --> src/project/build/configure/library.rs:3:5
[INFO] [stdout]   |
[INFO] [stdout] 3 | use std::str;
[INFO] [stdout]   |     ^^^^^^^^
[INFO] [stdout] 
[INFO] [stdout] 
[INFO] [stdout] warning: unused import: `crate::project::build::link::*`
[INFO] [stdout]  --> src/project/kinds.rs:1:5
[INFO] [stdout]   |
[INFO] [stdout] 1 | use crate::project::build::link::*;
[INFO] [stdout]   |     ^^^^^^^^^^^^^^^^^^^^^^^^^^^^^^
[INFO] [stdout] 
[INFO] [stdout] 
[INFO] [stdout] error[E0599]: no method named `find_binary` found for struct `ConfigurePool` in the current scope
[INFO] [stdout]   --> src/project/build/build.rs:17:33
[INFO] [stdout]    |
[INFO] [stdout] 17 |             self.configure_pool.find_binary(needed.to_owned())?;
[INFO] [stdout]    |                                 ^^^^^^^^^^^ help: there is an associated function with a similar name: `find_library`
[INFO] [stdout]    | 
[INFO] [stdout]   ::: src/project/build/configure/mod.rs:55:1
[INFO] [stdout]    |
[INFO] [stdout] 55 | pub struct ConfigurePool {
[INFO] [stdout]    | ------------------------ method `find_binary` not found for this
[INFO] [stdout] 
[INFO] [stdout] 
[INFO] [stdout] error[E0282]: type annotations needed
[INFO] [stdout]   --> src/project/build/configure/mod.rs:96:24
[INFO] [stdout]    |
[INFO] [stdout] 96 |             compilers: HashMap::new(),
[INFO] [stdout]    |                        ^^^^^^^^^^^^ cannot infer type for type parameter `K`
[INFO] [stdout] 
[INFO] [stdout] 
[INFO] [stdout] error[E0599]: no method named `find_binary` found for struct `ConfigurePool` in the current scope
[INFO] [stdout]   --> src/project/build/build.rs:17:33
[INFO] [stdout]    |
[INFO] [stdout] 17 |             self.configure_pool.find_binary(needed.to_owned())?;
[INFO] [stdout]    |                                 ^^^^^^^^^^^ help: there is an associated function with a similar name: `find_library`
[INFO] [stdout]    | 
[INFO] [stdout]   ::: src/project/build/configure/mod.rs:55:1
[INFO] [stdout]    |
[INFO] [stdout] 55 | pub struct ConfigurePool {
[INFO] [stdout]    | ------------------------ method `find_binary` not found for this
[INFO] [stdout] 
[INFO] [stdout] 
[INFO] [stdout] error[E0599]: no method named `find_compiler_as` found for mutable reference `&mut ConfigurePool` in the current scope
[INFO] [stdout]   --> src/project/build/langs/c/probe.rs:10:14
[INFO] [stdout]    |
[INFO] [stdout] 10 |         if p.find_compiler_as(compiler.to_string(), Language::C)
[INFO] [stdout]    |              ^^^^^^^^^^^^^^^^ method not found in `&mut ConfigurePool`
[INFO] [stdout] 
[INFO] [stdout] 
[INFO] [stdout] error[E0282]: type annotations needed
[INFO] [stdout]   --> src/project/build/configure/mod.rs:96:24
[INFO] [stdout]    |
[INFO] [stdout] 96 |             compilers: HashMap::new(),
[INFO] [stdout]    |                        ^^^^^^^^^^^^ cannot infer type for type parameter `K`
[INFO] [stdout] 
[INFO] [stdout] 
[INFO] [stdout] error[E0599]: no method named `find_compiler_as` found for mutable reference `&mut ConfigurePool` in the current scope
[INFO] [stdout]   --> src/project/build/langs/cpp/probe.rs:10:14
[INFO] [stdout]    |
[INFO] [stdout] 10 |         if p.find_compiler_as(compiler.to_string(), Language::Cpp)
[INFO] [stdout]    |              ^^^^^^^^^^^^^^^^ method not found in `&mut ConfigurePool`
[INFO] [stdout] 
[INFO] [stdout] 
[INFO] [stdout] error[E0599]: no method named `find_compiler_as` found for mutable reference `&mut ConfigurePool` in the current scope
[INFO] [stdout]   --> src/project/build/langs/c/probe.rs:10:14
[INFO] [stdout]    |
[INFO] [stdout] 10 |         if p.find_compiler_as(compiler.to_string(), Language::C)
[INFO] [stdout]    |              ^^^^^^^^^^^^^^^^ method not found in `&mut ConfigurePool`
[INFO] [stdout] 
[INFO] [stdout] 
[INFO] [stdout] error[E0599]: no method named `find_compiler_as` found for mutable reference `&mut ConfigurePool` in the current scope
[INFO] [stdout]   --> src/project/build/langs/cpp/probe.rs:10:14
[INFO] [stdout]    |
[INFO] [stdout] 10 |         if p.find_compiler_as(compiler.to_string(), Language::Cpp)
[INFO] [stdout]    |              ^^^^^^^^^^^^^^^^ method not found in `&mut ConfigurePool`
[INFO] [stdout] 
[INFO] [stdout] 
[INFO] [stdout] error: aborting due to 26 previous errors; 3 warnings emitted
[INFO] [stdout] 
[INFO] [stdout] 
[INFO] [stdout] Some errors have detailed explanations: E0282, E0425, E0432, E0433, E0599.
[INFO] [stdout] 
[INFO] [stdout] For more information about an error, try `rustc --explain E0282`.
[INFO] [stdout] 
[INFO] [stderr] error: could not compile `hy` due to 27 previous errors; 3 warnings emitted
[INFO] [stderr] warning: build failed, waiting for other jobs to finish...
[INFO] [stdout] error: aborting due to 26 previous errors; 3 warnings emitted
[INFO] [stdout] 
[INFO] [stdout] 
[INFO] [stdout] Some errors have detailed explanations: E0282, E0425, E0432, E0433, E0599.
[INFO] [stdout] 
[INFO] [stdout] For more information about an error, try `rustc --explain E0282`.
[INFO] [stdout] 
[INFO] [stderr] error: build failed
[INFO] running `Command { std: "docker" "inspect" "ac62007ad6d71a2fa7a81d4a259348a8ab7a54b5bef779aab4588e5d341ffef6", kill_on_drop: false }`
[INFO] running `Command { std: "docker" "rm" "-f" "ac62007ad6d71a2fa7a81d4a259348a8ab7a54b5bef779aab4588e5d341ffef6", kill_on_drop: false }`
[INFO] [stdout] ac62007ad6d71a2fa7a81d4a259348a8ab7a54b5bef779aab4588e5d341ffef6
