[INFO] cloning repository https://github.com/TatriX/ggez-specs-example
[INFO] running `Command { std: "git" "-c" "credential.helper=" "-c" "credential.helper=/workspace/cargo-home/bin/git-credential-null" "clone" "--bare" "https://github.com/TatriX/ggez-specs-example" "/workspace/cache/git-repos/https%3A%2F%2Fgithub.com%2FTatriX%2Fggez-specs-example", kill_on_drop: false }`
[INFO] [stderr] Cloning into bare repository '/workspace/cache/git-repos/https%3A%2F%2Fgithub.com%2FTatriX%2Fggez-specs-example'...
[INFO] running `Command { std: "git" "rev-parse" "HEAD", kill_on_drop: false }`
[INFO] [stdout] 7ed6e36282a20d79b33fd308d245c5cb875c0496
[INFO] checking TatriX/ggez-specs-example against beta-2021-10-15 for beta-1.56-3
[INFO] running `Command { std: "git" "clone" "/workspace/cache/git-repos/https%3A%2F%2Fgithub.com%2FTatriX%2Fggez-specs-example" "/workspace/builds/worker-2/source", kill_on_drop: false }`
[INFO] [stderr] Cloning into '/workspace/builds/worker-2/source'...
[INFO] [stderr] done.
[INFO] validating manifest of git repo https://github.com/TatriX/ggez-specs-example on toolchain beta-2021-10-15
[INFO] running `Command { std: "/workspace/cargo-home/bin/cargo" "+beta-2021-10-15" "metadata" "--manifest-path" "Cargo.toml" "--no-deps", kill_on_drop: false }`
[INFO] started tweaking git repo https://github.com/TatriX/ggez-specs-example
[INFO] finished tweaking git repo https://github.com/TatriX/ggez-specs-example
[INFO] tweaked toml for git repo https://github.com/TatriX/ggez-specs-example written to /workspace/builds/worker-2/source/Cargo.toml
[INFO] crate git repo https://github.com/TatriX/ggez-specs-example already has a lockfile, it will not be regenerated
[INFO] running `Command { std: "/workspace/cargo-home/bin/cargo" "+beta-2021-10-15" "fetch" "--manifest-path" "Cargo.toml", kill_on_drop: false }`
[INFO] [stderr]  Downloading crates ...
[INFO] [stderr]   Downloaded arrayvec v0.4.4
[INFO] [stderr]   Downloaded lyon_path_iterator v0.8.0
[INFO] [stderr]   Downloaded lyon_bezier v0.8.4
[INFO] [stderr]   Downloaded lyon_path_builder v0.8.0
[INFO] [stderr]   Downloaded lyon_extra v0.8.1
[INFO] [stderr]   Downloaded lyon_svg v0.8.0
[INFO] [stderr]   Downloaded lyon_tessellation v0.8.4
[INFO] [stderr]   Downloaded euclid v0.15.4
[INFO] [stderr]   Downloaded nodrop v0.1.10
[INFO] [stderr]   Downloaded lyon_path v0.8.0
[INFO] [stderr]   Downloaded lyon v0.8.4
[INFO] [stderr]   Downloaded matrixmultiply v0.1.13
[INFO] running `Command { std: "docker" "create" "-v" "/var/lib/crater-agent-workspace/builds/worker-2/target:/opt/rustwide/target:rw,Z" "-v" "/var/lib/crater-agent-workspace/builds/worker-2/source:/opt/rustwide/workdir:ro,Z" "-v" "/var/lib/crater-agent-workspace/cargo-home:/opt/rustwide/cargo-home:ro,Z" "-v" "/var/lib/crater-agent-workspace/rustup-home:/opt/rustwide/rustup-home:ro,Z" "-e" "SOURCE_DIR=/opt/rustwide/workdir" "-e" "CARGO_TARGET_DIR=/opt/rustwide/target" "-e" "CARGO_HOME=/opt/rustwide/cargo-home" "-e" "RUSTUP_HOME=/opt/rustwide/rustup-home" "-w" "/opt/rustwide/workdir" "-m" "1610612736" "--user" "0:0" "--network" "none" "ghcr.io/rust-lang/crates-build-env/linux@sha256:a89201d6b5b9fd45c15d5952ece0a0129e7e80cb26ec023fd59cf09bc26f1604" "/opt/rustwide/cargo-home/bin/cargo" "+beta-2021-10-15" "metadata" "--no-deps" "--format-version=1", kill_on_drop: false }`
[INFO] [stdout] bac1a3a09be55bcee325e694431a8c0a69ccef16b087083d2643f5ce45600884
[INFO] [stderr] WARNING: Your kernel does not support swap limit capabilities or the cgroup is not mounted. Memory limited without swap.
[INFO] running `Command { std: "docker" "start" "-a" "bac1a3a09be55bcee325e694431a8c0a69ccef16b087083d2643f5ce45600884", kill_on_drop: false }`
[INFO] running `Command { std: "docker" "inspect" "bac1a3a09be55bcee325e694431a8c0a69ccef16b087083d2643f5ce45600884", kill_on_drop: false }`
[INFO] running `Command { std: "docker" "rm" "-f" "bac1a3a09be55bcee325e694431a8c0a69ccef16b087083d2643f5ce45600884", kill_on_drop: false }`
[INFO] [stdout] bac1a3a09be55bcee325e694431a8c0a69ccef16b087083d2643f5ce45600884
[INFO] running `Command { std: "docker" "create" "-v" "/var/lib/crater-agent-workspace/builds/worker-2/target:/opt/rustwide/target:rw,Z" "-v" "/var/lib/crater-agent-workspace/builds/worker-2/source:/opt/rustwide/workdir:ro,Z" "-v" "/var/lib/crater-agent-workspace/cargo-home:/opt/rustwide/cargo-home:ro,Z" "-v" "/var/lib/crater-agent-workspace/rustup-home:/opt/rustwide/rustup-home:ro,Z" "-e" "SOURCE_DIR=/opt/rustwide/workdir" "-e" "CARGO_TARGET_DIR=/opt/rustwide/target" "-e" "CARGO_INCREMENTAL=0" "-e" "RUST_BACKTRACE=full" "-e" "RUSTFLAGS=--cap-lints=warn" "-e" "CARGO_HOME=/opt/rustwide/cargo-home" "-e" "RUSTUP_HOME=/opt/rustwide/rustup-home" "-w" "/opt/rustwide/workdir" "-m" "1610612736" "--user" "0:0" "--network" "none" "ghcr.io/rust-lang/crates-build-env/linux@sha256:a89201d6b5b9fd45c15d5952ece0a0129e7e80cb26ec023fd59cf09bc26f1604" "/opt/rustwide/cargo-home/bin/cargo" "+beta-2021-10-15" "check" "--frozen" "--all" "--all-targets" "--message-format=json", kill_on_drop: false }`
[INFO] [stdout] a9daeb44e72378152ad93a66cd27af4faa18e26530b140c829665fa1e333de47
[INFO] [stderr] WARNING: Your kernel does not support swap limit capabilities or the cgroup is not mounted. Memory limited without swap.
[INFO] running `Command { std: "docker" "start" "-a" "a9daeb44e72378152ad93a66cd27af4faa18e26530b140c829665fa1e333de47", kill_on_drop: false }`
[INFO] [stderr]    Compiling heapsize v0.4.1
[INFO] [stderr]     Checking serde v1.0.15
[INFO] [stderr]    Compiling cc v1.0.1
[INFO] [stderr]     Checking either v1.3.0
[INFO] [stderr]     Checking siphasher v0.2.2
[INFO] [stderr]    Compiling matrixmultiply v0.1.13
[INFO] [stderr]     Checking podio v0.1.5
[INFO] [stderr]     Checking hound v1.1.0
[INFO] [stderr]     Checking time v0.1.38
[INFO] [stderr]     Checking nodrop v0.1.10
[INFO] [stderr]    Compiling xml-rs v0.6.1
[INFO] [stderr]     Checking sid v0.5.0
[INFO] [stderr]     Checking ogg v0.4.1
[INFO] [stderr]    Compiling sdl2-sys v0.30.0
[INFO] [stderr]     Checking num-complex v0.1.40
[INFO] [stderr]     Checking app_dirs v1.1.1
[INFO] [stderr]     Checking cgmath v0.14.1
[INFO] [stderr]     Checking phf_shared v0.7.21
[INFO] [stderr]     Checking png v0.9.0
[INFO] [stderr]     Checking arrayvec v0.3.23
[INFO] [stderr]     Checking arrayvec v0.4.4
[INFO] [stderr]    Compiling serde_derive_internals v0.16.0
[INFO] [stderr]    Compiling shred-derive v0.3.0
[INFO] [stderr]     Checking alsa-sys v0.1.1
[INFO] [stderr]     Checking generic-array v0.8.3
[INFO] [stderr]    Compiling itertools v0.5.10
[INFO] [stderr]     Checking coco v0.1.1
[INFO] [stderr]     Checking lewton v0.5.2
[INFO] [stderr]     Checking phf v0.7.21
[INFO] [stderr]     Checking alga v0.5.2
[INFO] [stderr]     Checking pulse v0.5.3
[INFO] [stderr]     Checking msdos_time v0.1.5
[INFO] [stderr]     Checking cpal v0.4.6
[INFO] [stderr]     Checking sdl2 v0.30.0
[INFO] [stderr]     Checking rusttype v0.2.3
[INFO] [stderr]     Checking rayon-core v1.2.1
[INFO] [stderr]     Checking svgparser v0.4.3
[INFO] [stderr]    Compiling gl_generator v0.5.5
[INFO] [stderr]     Checking rayon v0.8.2
[INFO] [stderr]     Checking nalgebra v0.13.1
[INFO] [stderr]    Compiling bzip2-sys v0.1.6
[INFO] [stderr]    Compiling miniz-sys v0.1.10
[INFO] [stderr]    Compiling serde_derive v1.0.15
[INFO] [stderr]     Checking rodio v0.5.2
[INFO] [stdout] error[E0311]: the parameter type `K` may not live long enough
[INFO] [stdout]   --> /opt/rustwide/cargo-home/registry/src/github.com-1ecc6299db9ec823/rusttype-0.2.3/src/support/bst/map.rs:81:19
[INFO] [stdout]    |
[INFO] [stdout] 81 |             match node.force() {
[INFO] [stdout]    |                   ^^^^
[INFO] [stdout]    |
[INFO] [stdout] note: the parameter type `K` must be valid for the anonymous lifetime defined on the function body at 78:37...
[INFO] [stdout]   --> /opt/rustwide/cargo-home/registry/src/github.com-1ecc6299db9ec823/rusttype-0.2.3/src/support/bst/map.rs:78:37
[INFO] [stdout]    |
[INFO] [stdout] 78 |                 node: node::NodeRef<marker::Immut, K, V, marker::LeafOrInternal>)
[INFO] [stdout]    |                                     ^^^^^^^^^^^^^
[INFO] [stdout] 
[INFO] [stdout] 
[INFO] [stdout] error[E0311]: the parameter type `V` may not live long enough
[INFO] [stdout]   --> /opt/rustwide/cargo-home/registry/src/github.com-1ecc6299db9ec823/rusttype-0.2.3/src/support/bst/map.rs:81:19
[INFO] [stdout]    |
[INFO] [stdout] 81 |             match node.force() {
[INFO] [stdout]    |                   ^^^^
[INFO] [stdout]    |
[INFO] [stdout] note: the parameter type `V` must be valid for the anonymous lifetime defined on the function body at 78:37...
[INFO] [stdout]   --> /opt/rustwide/cargo-home/registry/src/github.com-1ecc6299db9ec823/rusttype-0.2.3/src/support/bst/map.rs:78:37
[INFO] [stdout]    |
[INFO] [stdout] 78 |                 node: node::NodeRef<marker::Immut, K, V, marker::LeafOrInternal>)
[INFO] [stdout]    |                                     ^^^^^^^^^^^^^
[INFO] [stdout] 
[INFO] [stdout] 
[INFO] [stderr]    Compiling derivative v1.0.0
[INFO] [stdout] error: aborting due to 2 previous errors
[INFO] [stdout] 
[INFO] [stdout] 
[INFO] [stderr] error: could not compile `rusttype` due to 3 previous errors
[INFO] [stderr] warning: build failed, waiting for other jobs to finish...
[INFO] [stdout] error[E0119]: conflicting implementations of trait `std::ops::Mul<&_>` for type `geometry::translation::Translation<_, _>`
[INFO] [stdout]    --> /opt/rustwide/cargo-home/registry/src/github.com-1ecc6299db9ec823/nalgebra-0.13.1/src/geometry/isometry_ops.rs:67:9
[INFO] [stdout]     |
[INFO] [stdout] 67  | /         impl<$($lives ,)* N: Real, D: DimName, R> $Op<$Rhs> for $Lhs
[INFO] [stdout] 68  | |             where R: AlgaRotation<Point<N, D>>,
[INFO] [stdout] 69  | |                   DefaultAllocator: Allocator<N, D> {
[INFO] [stdout] 70  | |             type Output = $Output;
[INFO] [stdout] ...   |
[INFO] [stdout] 75  | |             }
[INFO] [stdout] 76  | |         }
[INFO] [stdout]     | |         ^
[INFO] [stdout]     | |         |
[INFO] [stdout]     | |_________first implementation here
[INFO] [stdout]     |           conflicting implementation for `geometry::translation::Translation<_, _>`
[INFO] [stdout] ...
[INFO] [stdout] 281 | / isometry_binop_impl_all!(
[INFO] [stdout] 282 | |     Mul, mul;
[INFO] [stdout] 283 | |     self: Translation<N, D>, right: R, Output = Isometry<N, D, R>;
[INFO] [stdout] 284 | |     [val val] => Isometry::from_parts(self, right);
[INFO] [stdout] ...   |
[INFO] [stdout] 287 | |     [ref ref] => Isometry::from_parts(self.clone(), right.clone());
[INFO] [stdout] 288 | | );
[INFO] [stdout]     | |__- in this macro invocation
[INFO] [stdout]     |
[INFO] [stdout]     = note: downstream crates may implement trait `alga::linear::Rotation<geometry::point::Point<_, _>>` for type `&_`
[INFO] [stdout]     = note: this error originates in the macro `isometry_binop_impl` (in Nightly builds, run with -Z macro-backtrace for more info)
[INFO] [stdout] 
[INFO] [stdout] 
[INFO] [stdout] error[E0119]: conflicting implementations of trait `std::ops::Mul<&_>` for type `&geometry::translation::Translation<_, _>`
[INFO] [stdout]    --> /opt/rustwide/cargo-home/registry/src/github.com-1ecc6299db9ec823/nalgebra-0.13.1/src/geometry/isometry_ops.rs:67:9
[INFO] [stdout]     |
[INFO] [stdout] 67  | /         impl<$($lives ,)* N: Real, D: DimName, R> $Op<$Rhs> for $Lhs
[INFO] [stdout] 68  | |             where R: AlgaRotation<Point<N, D>>,
[INFO] [stdout] 69  | |                   DefaultAllocator: Allocator<N, D> {
[INFO] [stdout] 70  | |             type Output = $Output;
[INFO] [stdout] ...   |
[INFO] [stdout] 75  | |             }
[INFO] [stdout] 76  | |         }
[INFO] [stdout]     | |         ^
[INFO] [stdout]     | |         |
[INFO] [stdout]     | |_________first implementation here
[INFO] [stdout]     |           conflicting implementation for `&geometry::translation::Translation<_, _>`
[INFO] [stdout] ...
[INFO] [stdout] 281 | / isometry_binop_impl_all!(
[INFO] [stdout] 282 | |     Mul, mul;
[INFO] [stdout] 283 | |     self: Translation<N, D>, right: R, Output = Isometry<N, D, R>;
[INFO] [stdout] 284 | |     [val val] => Isometry::from_parts(self, right);
[INFO] [stdout] ...   |
[INFO] [stdout] 287 | |     [ref ref] => Isometry::from_parts(self.clone(), right.clone());
[INFO] [stdout] 288 | | );
[INFO] [stdout]     | |__- in this macro invocation
[INFO] [stdout]     |
[INFO] [stdout]     = note: downstream crates may implement trait `alga::linear::Rotation<geometry::point::Point<_, _>>` for type `&_`
[INFO] [stdout]     = note: this error originates in the macro `isometry_binop_impl` (in Nightly builds, run with -Z macro-backtrace for more info)
[INFO] [stdout] 
[INFO] [stdout] 
[INFO] [stdout] error: aborting due to 2 previous errors
[INFO] [stdout] 
[INFO] [stdout] 
[INFO] [stdout] For more information about this error, try `rustc --explain E0119`.
[INFO] [stdout] 
[INFO] [stderr] error: build failed
[INFO] running `Command { std: "docker" "inspect" "a9daeb44e72378152ad93a66cd27af4faa18e26530b140c829665fa1e333de47", kill_on_drop: false }`
[INFO] running `Command { std: "docker" "rm" "-f" "a9daeb44e72378152ad93a66cd27af4faa18e26530b140c829665fa1e333de47", kill_on_drop: false }`
[INFO] [stdout] a9daeb44e72378152ad93a66cd27af4faa18e26530b140c829665fa1e333de47
