[INFO] cloning repository https://github.com/Tarv3/novec
[INFO] running `Command { std: "git" "-c" "credential.helper=" "-c" "credential.helper=/workspace/cargo-home/bin/git-credential-null" "clone" "--bare" "https://github.com/Tarv3/novec" "/workspace/cache/git-repos/https%3A%2F%2Fgithub.com%2FTarv3%2Fnovec", kill_on_drop: false }`
[INFO] [stderr] Cloning into bare repository '/workspace/cache/git-repos/https%3A%2F%2Fgithub.com%2FTarv3%2Fnovec'...
[INFO] running `Command { std: "git" "rev-parse" "HEAD", kill_on_drop: false }`
[INFO] [stdout] 6bf73948296d1a01d680e9e60a568d2789a83ba0
[INFO] checking Tarv3/novec against beta-2021-10-15 for beta-1.56-3
[INFO] running `Command { std: "git" "clone" "/workspace/cache/git-repos/https%3A%2F%2Fgithub.com%2FTarv3%2Fnovec" "/workspace/builds/worker-2/source", kill_on_drop: false }`
[INFO] [stderr] Cloning into '/workspace/builds/worker-2/source'...
[INFO] [stderr] done.
[INFO] validating manifest of git repo https://github.com/Tarv3/novec on toolchain beta-2021-10-15
[INFO] running `Command { std: "/workspace/cargo-home/bin/cargo" "+beta-2021-10-15" "metadata" "--manifest-path" "Cargo.toml" "--no-deps", kill_on_drop: false }`
[INFO] started tweaking git repo https://github.com/Tarv3/novec
[INFO] finished tweaking git repo https://github.com/Tarv3/novec
[INFO] tweaked toml for git repo https://github.com/Tarv3/novec written to /workspace/builds/worker-2/source/Cargo.toml
[INFO] running `Command { std: "/workspace/cargo-home/bin/cargo" "+beta-2021-10-15" "generate-lockfile" "--manifest-path" "Cargo.toml" "-Zno-index-update", kill_on_drop: false }`
[INFO] running `Command { std: "/workspace/cargo-home/bin/cargo" "+beta-2021-10-15" "fetch" "--manifest-path" "Cargo.toml", kill_on_drop: false }`
[INFO] [stderr]     Blocking waiting for file lock on package cache
[INFO] running `Command { std: "docker" "create" "-v" "/var/lib/crater-agent-workspace/builds/worker-2/target:/opt/rustwide/target:rw,Z" "-v" "/var/lib/crater-agent-workspace/builds/worker-2/source:/opt/rustwide/workdir:ro,Z" "-v" "/var/lib/crater-agent-workspace/cargo-home:/opt/rustwide/cargo-home:ro,Z" "-v" "/var/lib/crater-agent-workspace/rustup-home:/opt/rustwide/rustup-home:ro,Z" "-e" "SOURCE_DIR=/opt/rustwide/workdir" "-e" "CARGO_TARGET_DIR=/opt/rustwide/target" "-e" "CARGO_HOME=/opt/rustwide/cargo-home" "-e" "RUSTUP_HOME=/opt/rustwide/rustup-home" "-w" "/opt/rustwide/workdir" "-m" "1610612736" "--user" "0:0" "--network" "none" "ghcr.io/rust-lang/crates-build-env/linux@sha256:a89201d6b5b9fd45c15d5952ece0a0129e7e80cb26ec023fd59cf09bc26f1604" "/opt/rustwide/cargo-home/bin/cargo" "+beta-2021-10-15" "metadata" "--no-deps" "--format-version=1", kill_on_drop: false }`
[INFO] [stdout] cead44dc5713888a8f5d83c2a2c6e26357c352495e95b7c5b0f8b8934b2474b0
[INFO] [stderr] WARNING: Your kernel does not support swap limit capabilities or the cgroup is not mounted. Memory limited without swap.
[INFO] running `Command { std: "docker" "start" "-a" "cead44dc5713888a8f5d83c2a2c6e26357c352495e95b7c5b0f8b8934b2474b0", kill_on_drop: false }`
[INFO] running `Command { std: "docker" "inspect" "cead44dc5713888a8f5d83c2a2c6e26357c352495e95b7c5b0f8b8934b2474b0", kill_on_drop: false }`
[INFO] running `Command { std: "docker" "rm" "-f" "cead44dc5713888a8f5d83c2a2c6e26357c352495e95b7c5b0f8b8934b2474b0", kill_on_drop: false }`
[INFO] [stdout] cead44dc5713888a8f5d83c2a2c6e26357c352495e95b7c5b0f8b8934b2474b0
[INFO] running `Command { std: "docker" "create" "-v" "/var/lib/crater-agent-workspace/builds/worker-2/target:/opt/rustwide/target:rw,Z" "-v" "/var/lib/crater-agent-workspace/builds/worker-2/source:/opt/rustwide/workdir:ro,Z" "-v" "/var/lib/crater-agent-workspace/cargo-home:/opt/rustwide/cargo-home:ro,Z" "-v" "/var/lib/crater-agent-workspace/rustup-home:/opt/rustwide/rustup-home:ro,Z" "-e" "SOURCE_DIR=/opt/rustwide/workdir" "-e" "CARGO_TARGET_DIR=/opt/rustwide/target" "-e" "CARGO_INCREMENTAL=0" "-e" "RUST_BACKTRACE=full" "-e" "RUSTFLAGS=--cap-lints=warn" "-e" "CARGO_HOME=/opt/rustwide/cargo-home" "-e" "RUSTUP_HOME=/opt/rustwide/rustup-home" "-w" "/opt/rustwide/workdir" "-m" "1610612736" "--user" "0:0" "--network" "none" "ghcr.io/rust-lang/crates-build-env/linux@sha256:a89201d6b5b9fd45c15d5952ece0a0129e7e80cb26ec023fd59cf09bc26f1604" "/opt/rustwide/cargo-home/bin/cargo" "+beta-2021-10-15" "check" "--frozen" "--all" "--all-targets" "--message-format=json", kill_on_drop: false }`
[INFO] [stdout] 9336a9a2d3e2cda7184786b7fbc43c5d4208f65d9fed163e29a444129bf5f3ac
[INFO] [stderr] WARNING: Your kernel does not support swap limit capabilities or the cgroup is not mounted. Memory limited without swap.
[INFO] running `Command { std: "docker" "start" "-a" "9336a9a2d3e2cda7184786b7fbc43c5d4208f65d9fed163e29a444129bf5f3ac", kill_on_drop: false }`
[INFO] [stderr]    Compiling syn v1.0.80
[INFO] [stderr]    Compiling derive_deref v1.1.1
[INFO] [stderr]     Checking storage v0.1.0 (/opt/rustwide/workdir)
[INFO] [stdout] error[E0433]: failed to resolve: use of undeclared type `GenericItem`
[INFO] [stdout]   --> src/test.rs:12:50
[INFO] [stdout]    |
[INFO] [stdout] 12 |                 x if x == TypeId::of::<f32>() => GenericItem::new(101.1_f32),
[INFO] [stdout]    |                                                  ^^^^^^^^^^^ use of undeclared type `GenericItem`
[INFO] [stdout] 
[INFO] [stdout] 
[INFO] [stdout] error[E0433]: failed to resolve: use of undeclared type `GenericItem`
[INFO] [stdout]   --> src/test.rs:13:50
[INFO] [stdout]    |
[INFO] [stdout] 13 |                 x if x == TypeId::of::<u32>() => GenericItem::new(55_u32),
[INFO] [stdout]    |                                                  ^^^^^^^^^^^ use of undeclared type `GenericItem`
[INFO] [stdout] 
[INFO] [stdout] 
[INFO] [stdout] error[E0433]: failed to resolve: use of undeclared type `GenericItem`
[INFO] [stdout]   --> src/test.rs:14:50
[INFO] [stdout]    |
[INFO] [stdout] 14 |                 x if x == TypeId::of::<i32>() => GenericItem::new(-21_i32),
[INFO] [stdout]    |                                                  ^^^^^^^^^^^ use of undeclared type `GenericItem`
[INFO] [stdout] 
[INFO] [stdout] 
[INFO] [stdout] error[E0433]: failed to resolve: use of undeclared type `GenericItem`
[INFO] [stdout]   --> src/test.rs:15:22
[INFO] [stdout]    |
[INFO] [stdout] 15 |                 _ => GenericItem::new(false),
[INFO] [stdout]    |                      ^^^^^^^^^^^ use of undeclared type `GenericItem`
[INFO] [stdout] 
[INFO] [stdout] 
[INFO] [stdout] error[E0599]: no method named `fill_key_idx_get` found for struct `MappedStorage` in the current scope
[INFO] [stdout]    --> src/test.rs:31:13
[INFO] [stdout]     |
[INFO] [stdout] 31  |       storage.fill_key_idx_get(&mut key_idx);
[INFO] [stdout]     |               ^^^^^^^^^^^^^^^^ method not found in `MappedStorage<idvec::IdVec<String>, generation::GenerationStorage<String>>`
[INFO] [stdout]     |
[INFO] [stdout]    ::: src/map.rs:98:1
[INFO] [stdout]     |
[INFO] [stdout] 98  | / pub struct MappedStorage<K, S>
[INFO] [stdout] 99  | | where
[INFO] [stdout] 100 | |     S: ExpandableStorage,
[INFO] [stdout] 101 | |     K: UnorderedStorage,
[INFO] [stdout] ...   |
[INFO] [stdout] 106 | |     storage: S,
[INFO] [stdout] 107 | | }
[INFO] [stdout]     | |_- method `fill_key_idx_get` not found for this
[INFO] [stdout] 
[INFO] [stdout] 
[INFO] [stdout] error[E0599]: no method named `fill_key_idx_get` found for struct `MappedStorage` in the current scope
[INFO] [stdout]    --> src/test.rs:37:13
[INFO] [stdout]     |
[INFO] [stdout] 37  |       storage.fill_key_idx_get(&mut key_idx);
[INFO] [stdout]     |               ^^^^^^^^^^^^^^^^ method not found in `MappedStorage<idvec::IdVec<String>, generation::GenerationStorage<String>>`
[INFO] [stdout]     |
[INFO] [stdout]    ::: src/map.rs:98:1
[INFO] [stdout]     |
[INFO] [stdout] 98  | / pub struct MappedStorage<K, S>
[INFO] [stdout] 99  | | where
[INFO] [stdout] 100 | |     S: ExpandableStorage,
[INFO] [stdout] 101 | |     K: UnorderedStorage,
[INFO] [stdout] ...   |
[INFO] [stdout] 106 | |     storage: S,
[INFO] [stdout] 107 | | }
[INFO] [stdout]     | |_- method `fill_key_idx_get` not found for this
[INFO] [stdout] 
[INFO] [stdout] 
[INFO] [stdout] error[E0593]: closure is expected to take 3 arguments, but it takes 2 arguments
[INFO] [stdout]   --> src/test.rs:90:13
[INFO] [stdout]    |
[INFO] [stdout] 90 |     storage.retain(|_, value| *value != 100);
[INFO] [stdout]    |             ^^^^^^ ---------- takes 2 arguments
[INFO] [stdout]    |             |
[INFO] [stdout]    |             expected closure that takes 3 arguments
[INFO] [stdout] 
[INFO] [stdout] 
[INFO] [stdout] error[E0599]: no method named `unwrap` found for unit type `()` in the current scope
[INFO] [stdout]    --> src/test.rs:112:38
[INFO] [stdout]     |
[INFO] [stdout] 112 |     manager.update_loaded_blocking().unwrap();
[INFO] [stdout]     |                                      ^^^^^^ method not found in `()`
[INFO] [stdout] 
[INFO] [stdout] 
[INFO] [stdout] error[E0599]: no method named `unwrap` found for unit type `()` in the current scope
[INFO] [stdout]    --> src/test.rs:118:38
[INFO] [stdout]     |
[INFO] [stdout] 118 |     manager.update_loaded_blocking().unwrap();
[INFO] [stdout]     |                                      ^^^^^^ method not found in `()`
[INFO] [stdout] 
[INFO] [stdout] 
[INFO] [stdout] error[E0599]: no method named `unwrap` found for unit type `()` in the current scope
[INFO] [stdout]    --> src/test.rs:123:38
[INFO] [stdout]     |
[INFO] [stdout] 123 |     manager.update_loaded_blocking().unwrap();
[INFO] [stdout]     |                                      ^^^^^^ method not found in `()`
[INFO] [stdout] 
[INFO] [stdout] 
[INFO] [stdout] error: aborting due to 10 previous errors
[INFO] [stdout] 
[INFO] [stdout] 
[INFO] [stdout] Some errors have detailed explanations: E0433, E0593, E0599.
[INFO] [stdout] 
[INFO] [stdout] For more information about an error, try `rustc --explain E0433`.
[INFO] [stdout] 
[INFO] [stderr] error: could not compile `storage` due to 11 previous errors
[INFO] [stderr] warning: build failed, waiting for other jobs to finish...
[INFO] [stdout] warning: field is never read: `parent`
[INFO] [stdout]   --> src/loader/file_mapper.rs:89:5
[INFO] [stdout]    |
[INFO] [stdout] 89 |     parent: PathBuf,
[INFO] [stdout]    |     ^^^^^^^^^^^^^^^
[INFO] [stdout]    |
[INFO] [stdout]    = note: `#[warn(dead_code)]` on by default
[INFO] [stdout] 
[INFO] [stdout] 
[INFO] [stdout] warning: 1 warning emitted
[INFO] [stdout] 
[INFO] [stdout] 
[INFO] [stderr] error: build failed
[INFO] running `Command { std: "docker" "inspect" "9336a9a2d3e2cda7184786b7fbc43c5d4208f65d9fed163e29a444129bf5f3ac", kill_on_drop: false }`
[INFO] running `Command { std: "docker" "rm" "-f" "9336a9a2d3e2cda7184786b7fbc43c5d4208f65d9fed163e29a444129bf5f3ac", kill_on_drop: false }`
[INFO] [stdout] 9336a9a2d3e2cda7184786b7fbc43c5d4208f65d9fed163e29a444129bf5f3ac
