[INFO] cloning repository https://github.com/TNkemdilim/murundiri
[INFO] running `Command { std: "git" "-c" "credential.helper=" "-c" "credential.helper=/workspace/cargo-home/bin/git-credential-null" "clone" "--bare" "https://github.com/TNkemdilim/murundiri" "/workspace/cache/git-repos/https%3A%2F%2Fgithub.com%2FTNkemdilim%2Fmurundiri", kill_on_drop: false }`
[INFO] [stderr] Cloning into bare repository '/workspace/cache/git-repos/https%3A%2F%2Fgithub.com%2FTNkemdilim%2Fmurundiri'...
[INFO] running `Command { std: "git" "rev-parse" "HEAD", kill_on_drop: false }`
[INFO] [stdout] 3b0fa25270a7c1e6b62fbcfb870fc49af8c94e9d
[INFO] checking TNkemdilim/murundiri against 1.55.0 for beta-1.56-3
[INFO] running `Command { std: "git" "clone" "/workspace/cache/git-repos/https%3A%2F%2Fgithub.com%2FTNkemdilim%2Fmurundiri" "/workspace/builds/worker-38/source", kill_on_drop: false }`
[INFO] [stderr] Cloning into '/workspace/builds/worker-38/source'...
[INFO] [stderr] done.
[INFO] validating manifest of git repo https://github.com/TNkemdilim/murundiri on toolchain 1.55.0
[INFO] running `Command { std: "/workspace/cargo-home/bin/cargo" "+1.55.0" "metadata" "--manifest-path" "Cargo.toml" "--no-deps", kill_on_drop: false }`
[INFO] started tweaking git repo https://github.com/TNkemdilim/murundiri
[INFO] finished tweaking git repo https://github.com/TNkemdilim/murundiri
[INFO] tweaked toml for git repo https://github.com/TNkemdilim/murundiri written to /workspace/builds/worker-38/source/Cargo.toml
[INFO] crate git repo https://github.com/TNkemdilim/murundiri already has a lockfile, it will not be regenerated
[INFO] running `Command { std: "/workspace/cargo-home/bin/cargo" "+1.55.0" "fetch" "--manifest-path" "Cargo.toml", kill_on_drop: false }`
[INFO] [stderr]     Blocking waiting for file lock on package cache
[INFO] [stderr]     Updating crates.io index
[INFO] [stderr]     Blocking waiting for file lock on package cache
[INFO] running `Command { std: "docker" "create" "-v" "/var/lib/crater-agent-workspace/builds/worker-38/target:/opt/rustwide/target:rw,Z" "-v" "/var/lib/crater-agent-workspace/builds/worker-38/source:/opt/rustwide/workdir:ro,Z" "-v" "/var/lib/crater-agent-workspace/cargo-home:/opt/rustwide/cargo-home:ro,Z" "-v" "/var/lib/crater-agent-workspace/rustup-home:/opt/rustwide/rustup-home:ro,Z" "-e" "SOURCE_DIR=/opt/rustwide/workdir" "-e" "CARGO_TARGET_DIR=/opt/rustwide/target" "-e" "CARGO_HOME=/opt/rustwide/cargo-home" "-e" "RUSTUP_HOME=/opt/rustwide/rustup-home" "-w" "/opt/rustwide/workdir" "-m" "1610612736" "--user" "0:0" "--network" "none" "ghcr.io/rust-lang/crates-build-env/linux@sha256:a89201d6b5b9fd45c15d5952ece0a0129e7e80cb26ec023fd59cf09bc26f1604" "/opt/rustwide/cargo-home/bin/cargo" "+1.55.0" "metadata" "--no-deps" "--format-version=1", kill_on_drop: false }`
[INFO] [stdout] 92d6e9c13e2113331bdb77478da7520f03bb6c74debf47679197a33d87b050bf
[INFO] running `Command { std: "docker" "start" "-a" "92d6e9c13e2113331bdb77478da7520f03bb6c74debf47679197a33d87b050bf", kill_on_drop: false }`
[INFO] running `Command { std: "docker" "inspect" "92d6e9c13e2113331bdb77478da7520f03bb6c74debf47679197a33d87b050bf", kill_on_drop: false }`
[INFO] running `Command { std: "docker" "rm" "-f" "92d6e9c13e2113331bdb77478da7520f03bb6c74debf47679197a33d87b050bf", kill_on_drop: false }`
[INFO] [stdout] 92d6e9c13e2113331bdb77478da7520f03bb6c74debf47679197a33d87b050bf
[INFO] running `Command { std: "docker" "create" "-v" "/var/lib/crater-agent-workspace/builds/worker-38/target:/opt/rustwide/target:rw,Z" "-v" "/var/lib/crater-agent-workspace/builds/worker-38/source:/opt/rustwide/workdir:ro,Z" "-v" "/var/lib/crater-agent-workspace/cargo-home:/opt/rustwide/cargo-home:ro,Z" "-v" "/var/lib/crater-agent-workspace/rustup-home:/opt/rustwide/rustup-home:ro,Z" "-e" "SOURCE_DIR=/opt/rustwide/workdir" "-e" "CARGO_TARGET_DIR=/opt/rustwide/target" "-e" "CARGO_INCREMENTAL=0" "-e" "RUST_BACKTRACE=full" "-e" "RUSTFLAGS=--cap-lints=warn" "-e" "CARGO_HOME=/opt/rustwide/cargo-home" "-e" "RUSTUP_HOME=/opt/rustwide/rustup-home" "-w" "/opt/rustwide/workdir" "-m" "1610612736" "--user" "0:0" "--network" "none" "ghcr.io/rust-lang/crates-build-env/linux@sha256:a89201d6b5b9fd45c15d5952ece0a0129e7e80cb26ec023fd59cf09bc26f1604" "/opt/rustwide/cargo-home/bin/cargo" "+1.55.0" "check" "--frozen" "--all" "--all-targets" "--message-format=json", kill_on_drop: false }`
[INFO] [stdout] 8effcdef82c2007a61d4aceb117de248a9ae18bfbe11f62170aad171de9bb9bb
[INFO] running `Command { std: "docker" "start" "-a" "8effcdef82c2007a61d4aceb117de248a9ae18bfbe11f62170aad171de9bb9bb", kill_on_drop: false }`
[INFO] [stderr]     Blocking waiting for file lock on package cache
[INFO] [stderr]    Compiling libc v0.2.73
[INFO] [stderr]    Compiling proc-macro2 v1.0.30
[INFO] [stderr]    Compiling syn v1.0.80
[INFO] [stderr]    Compiling log v0.4.8
[INFO] [stderr]    Compiling memchr v2.3.3
[INFO] [stderr]     Checking slab v0.4.2
[INFO] [stderr]    Compiling version_check v0.9.1
[INFO] [stderr]     Checking futures-core v0.3.4
[INFO] [stderr]     Checking bytes v0.5.4
[INFO] [stderr]     Checking pin-project-lite v0.1.4
[INFO] [stderr]     Checking arc-swap v0.4.7
[INFO] [stderr]     Checking futures-sink v0.3.4
[INFO] [stderr]     Checking futures-io v0.3.5
[INFO] [stderr]     Checking pin-utils v0.1.0-alpha.4
[INFO] [stderr]     Checking itoa v0.4.5
[INFO] [stderr]    Compiling serde_derive v1.0.114
[INFO] [stderr]    Compiling getrandom v0.1.14
[INFO] [stderr]     Checking ppv-lite86 v0.2.8
[INFO] [stderr]     Checking futures-task v0.3.4
[INFO] [stderr]    Compiling pin-project-internal v0.4.22
[INFO] [stderr]     Checking hashbrown v0.11.2
[INFO] [stderr]     Checking smallvec v1.4.1
[INFO] [stderr]    Compiling serde v1.0.114
[INFO] [stderr]     Checking instant v0.1.6
[INFO] [stderr]    Compiling httparse v1.3.4
[INFO] [stderr]     Checking tinyvec v0.3.3
[INFO] [stderr]    Compiling ryu v1.0.2
[INFO] [stderr]    Compiling crc16 v0.4.0
[INFO] [stderr]     Checking try-lock v0.2.2
[INFO] [stderr]    Compiling unicode-segmentation v1.8.0
[INFO] [stderr]     Checking regex-syntax v0.6.16
[INFO] [stderr]     Checking futures-timer v2.0.2
[INFO] [stderr]    Compiling serde_json v1.0.56
[INFO] [stderr]     Checking once_cell v1.4.0
[INFO] [stderr]     Checking dtoa v0.4.5
[INFO] [stderr]     Checking tower-service v0.3.0
[INFO] [stderr]     Checking sha1 v0.6.0
[INFO] [stderr]     Checking os_str_bytes v3.1.0
[INFO] [stderr]     Checking strsim v0.10.0
[INFO] [stderr]     Checking termcolor v1.1.0
[INFO] [stderr]     Checking dotenv v0.15.0
[INFO] [stderr]    Compiling crossbeam-utils v0.7.2
[INFO] [stderr]    Compiling memoffset v0.5.5
[INFO] [stderr]    Compiling indexmap v1.7.0
[INFO] [stderr]    Compiling crossbeam-epoch v0.8.2
[INFO] [stderr]     Checking lock_api v0.4.1
[INFO] [stderr]     Checking tracing-core v0.1.11
[INFO] [stderr]     Checking thread_local v1.0.1
[INFO] [stderr]     Checking textwrap v0.14.2
[INFO] [stderr]     Checking yaml-rust v0.4.3
[INFO] [stderr]     Checking futures-channel v0.3.4
[INFO] [stderr]     Checking unicode-normalization v0.1.13
[INFO] [stderr]     Checking http v0.2.1
[INFO] [stderr]    Compiling proc-macro-error-attr v1.0.4
[INFO] [stderr]    Compiling proc-macro-error v1.0.4
[INFO] [stderr]    Compiling unicase v2.6.0
[INFO] [stderr]    Compiling heck v0.3.3
[INFO] [stderr]     Checking want v0.3.0
[INFO] [stderr]     Checking tracing v0.1.17
[INFO] [stderr]     Checking kv-log-macro v1.0.7
[INFO] [stderr]     Checking futures-util v0.3.4
[INFO] [stderr]     Checking aho-corasick v0.7.9
[INFO] [stderr]     Checking idna v0.2.0
[INFO] [stderr]     Checking net2 v0.2.33
[INFO] [stderr]     Checking iovec v0.1.4
[INFO] [stderr]     Checking num_cpus v1.12.0
[INFO] [stderr]     Checking signal-hook-registry v1.2.0
[INFO] [stderr]     Checking getrandom v0.2.3
[INFO] [stderr]     Checking parking_lot_core v0.8.0
[INFO] [stderr]     Checking socket2 v0.3.12
[INFO] [stderr]     Checking async-task v1.3.1
[INFO] [stderr]     Checking time v0.1.43
[INFO] [stderr]     Checking atty v0.2.14
[INFO] [stderr]     Checking http-body v0.3.1
[INFO] [stderr]    Compiling quote v1.0.10
[INFO] [stderr]     Checking crossbeam-channel v0.4.3
[INFO] [stderr]     Checking rand_core v0.5.1
[INFO] [stderr]     Checking rand_core v0.6.3
[INFO] [stderr]     Checking mio v0.6.21
[INFO] [stderr]     Checking parking_lot v0.11.0
[INFO] [stderr]     Checking rand_chacha v0.2.2
[INFO] [stderr]     Checking crossbeam-deque v0.7.3
[INFO] [stderr]     Checking rand_chacha v0.3.1
[INFO] [stderr]     Checking regex v1.3.4
[INFO] [stderr]     Checking url v2.1.1
[INFO] [stderr]     Checking scheduled-thread-pool v0.2.5
[INFO] [stderr]     Checking rand v0.8.4
[INFO] [stderr]     Checking rand v0.7.3
[INFO] [stderr]     Checking r2d2 v0.8.9
[INFO] [stderr]     Checking mio-uds v0.6.7
[INFO] [stderr]     Checking async-std v1.5.0
[INFO] [stderr]     Checking portpicker v0.1.1
[INFO] [stderr]    Compiling tokio-macros v0.2.5
[INFO] [stderr]    Compiling clap_derive v3.0.0-beta.4
[INFO] [stderr]    Compiling async-trait v0.1.36
[INFO] [stderr]     Checking tokio v0.2.22
[INFO] [stderr]     Checking pin-project v0.4.22
[INFO] [stderr]     Checking clap v3.0.0-beta.4
[INFO] [stderr]     Checking tokio-util v0.2.0
[INFO] [stderr]     Checking tokio-util v0.3.1
[INFO] [stderr]     Checking combine v4.2.1
[INFO] [stderr]     Checking h2 v0.2.2
[INFO] [stderr]     Checking serde_yaml v0.8.11
[INFO] [stderr]     Checking serde_regex v1.1.0
[INFO] [stderr]     Checking hyper v0.13.7
[INFO] [stderr]     Checking hyper-reverse-proxy v0.5.0 (https://github.com/felipenoris/hyper-reverse-proxy.git#d109fcbd)
[INFO] [stderr]     Checking redis v0.17.0
[INFO] [stderr]     Checking murundiri v0.1.0 (/opt/rustwide/workdir)
[INFO] [stdout] error[E0599]: no function or associated item named `with_name` found for struct `clap::Arg` in the current scope
[INFO] [stdout]   --> src/main.rs:23:18
[INFO] [stdout]    |
[INFO] [stdout] 23 |             Arg::with_name("config")
[INFO] [stdout]    |                  ^^^^^^^^^
[INFO] [stdout]    |                  |
[INFO] [stdout]    |                  function or associated item not found in `clap::Arg<'_>`
[INFO] [stdout]    |                  help: there is an associated function with a similar name: `get_name`
[INFO] [stdout] 
[INFO] [stdout] 
[INFO] [stdout] error[E0599]: no function or associated item named `with_name` found for struct `clap::Arg` in the current scope
[INFO] [stdout]   --> src/main.rs:23:18
[INFO] [stdout]    |
[INFO] [stdout] 23 |             Arg::with_name("config")
[INFO] [stdout]    |                  ^^^^^^^^^
[INFO] [stdout]    |                  |
[INFO] [stdout]    |                  function or associated item not found in `clap::Arg<'_>`
[INFO] [stdout]    |                  help: there is an associated function with a similar name: `get_name`
[INFO] [stdout] 
[INFO] [stdout] 
[INFO] [stderr] error: could not compile `murundiri` due to 4 previous errors
[INFO] [stdout] error[E0599]: no function or associated item named `with_name` found for struct `clap::Arg` in the current scope
[INFO] [stdout]   --> src/main.rs:32:18
[INFO] [stdout]    |
[INFO] [stdout] 32 |             Arg::with_name("ip")
[INFO] [stdout]    |                  ^^^^^^^^^
[INFO] [stdout]    |                  |
[INFO] [stdout]    |                  function or associated item not found in `clap::Arg<'_>`
[INFO] [stdout]    |                  help: there is an associated function with a similar name: `get_name`
[INFO] [stdout] 
[INFO] [stdout] 
[INFO] [stderr] warning: build failed, waiting for other jobs to finish...
[INFO] [stdout] error[E0599]: no function or associated item named `with_name` found for struct `clap::Arg` in the current scope
[INFO] [stdout]   --> src/main.rs:40:18
[INFO] [stdout]    |
[INFO] [stdout] 40 |             Arg::with_name("port")
[INFO] [stdout]    |                  ^^^^^^^^^
[INFO] [stdout]    |                  |
[INFO] [stdout]    |                  function or associated item not found in `clap::Arg<'_>`
[INFO] [stdout]    |                  help: there is an associated function with a similar name: `get_name`
[INFO] [stdout] 
[INFO] [stdout] 
[INFO] [stdout] error: aborting due to 3 previous errors
[INFO] [stdout] 
[INFO] [stdout] 
[INFO] [stdout] For more information about this error, try `rustc --explain E0599`.
[INFO] [stdout] 
[INFO] [stdout] error[E0599]: no function or associated item named `with_name` found for struct `clap::Arg` in the current scope
[INFO] [stdout]   --> src/main.rs:32:18
[INFO] [stdout]    |
[INFO] [stdout] 32 |             Arg::with_name("ip")
[INFO] [stdout]    |                  ^^^^^^^^^
[INFO] [stdout]    |                  |
[INFO] [stdout]    |                  function or associated item not found in `clap::Arg<'_>`
[INFO] [stdout]    |                  help: there is an associated function with a similar name: `get_name`
[INFO] [stdout] 
[INFO] [stdout] 
[INFO] [stdout] error[E0599]: no function or associated item named `with_name` found for struct `clap::Arg` in the current scope
[INFO] [stdout]   --> src/main.rs:40:18
[INFO] [stdout]    |
[INFO] [stdout] 40 |             Arg::with_name("port")
[INFO] [stdout]    |                  ^^^^^^^^^
[INFO] [stdout]    |                  |
[INFO] [stdout]    |                  function or associated item not found in `clap::Arg<'_>`
[INFO] [stdout]    |                  help: there is an associated function with a similar name: `get_name`
[INFO] [stdout] 
[INFO] [stdout] 
[INFO] [stdout] error: aborting due to 3 previous errors
[INFO] [stdout] 
[INFO] [stdout] 
[INFO] [stdout] For more information about this error, try `rustc --explain E0599`.
[INFO] [stdout] 
[INFO] [stderr] error: build failed
[INFO] running `Command { std: "docker" "inspect" "8effcdef82c2007a61d4aceb117de248a9ae18bfbe11f62170aad171de9bb9bb", kill_on_drop: false }`
[INFO] running `Command { std: "docker" "rm" "-f" "8effcdef82c2007a61d4aceb117de248a9ae18bfbe11f62170aad171de9bb9bb", kill_on_drop: false }`
[INFO] [stdout] 8effcdef82c2007a61d4aceb117de248a9ae18bfbe11f62170aad171de9bb9bb
