[INFO] cloning repository https://github.com/Smoss/CelestiaBevy
[INFO] running `Command { std: "git" "-c" "credential.helper=" "-c" "credential.helper=/workspace/cargo-home/bin/git-credential-null" "clone" "--bare" "https://github.com/Smoss/CelestiaBevy" "/workspace/cache/git-repos/https%3A%2F%2Fgithub.com%2FSmoss%2FCelestiaBevy", kill_on_drop: false }`
[INFO] [stderr] Cloning into bare repository '/workspace/cache/git-repos/https%3A%2F%2Fgithub.com%2FSmoss%2FCelestiaBevy'...
[INFO] running `Command { std: "git" "rev-parse" "HEAD", kill_on_drop: false }`
[INFO] [stdout] f5b59e7ef94f15c81bc00f11d0f9342842b5d52d
[INFO] checking Smoss/CelestiaBevy against beta-2021-10-15 for beta-1.56-3
[INFO] running `Command { std: "git" "clone" "/workspace/cache/git-repos/https%3A%2F%2Fgithub.com%2FSmoss%2FCelestiaBevy" "/workspace/builds/worker-7/source", kill_on_drop: false }`
[INFO] [stderr] Cloning into '/workspace/builds/worker-7/source'...
[INFO] [stderr] done.
[INFO] validating manifest of git repo https://github.com/Smoss/CelestiaBevy on toolchain beta-2021-10-15
[INFO] running `Command { std: "/workspace/cargo-home/bin/cargo" "+beta-2021-10-15" "metadata" "--manifest-path" "Cargo.toml" "--no-deps", kill_on_drop: false }`
[INFO] started tweaking git repo https://github.com/Smoss/CelestiaBevy
[INFO] finished tweaking git repo https://github.com/Smoss/CelestiaBevy
[INFO] tweaked toml for git repo https://github.com/Smoss/CelestiaBevy written to /workspace/builds/worker-7/source/Cargo.toml
[INFO] crate git repo https://github.com/Smoss/CelestiaBevy already has a lockfile, it will not be regenerated
[INFO] running `Command { std: "/workspace/cargo-home/bin/cargo" "+beta-2021-10-15" "fetch" "--manifest-path" "Cargo.toml", kill_on_drop: false }`
[INFO] [stderr]     Blocking waiting for file lock on package cache
[INFO] running `Command { std: "docker" "create" "-v" "/var/lib/crater-agent-workspace/builds/worker-7/target:/opt/rustwide/target:rw,Z" "-v" "/var/lib/crater-agent-workspace/builds/worker-7/source:/opt/rustwide/workdir:ro,Z" "-v" "/var/lib/crater-agent-workspace/cargo-home:/opt/rustwide/cargo-home:ro,Z" "-v" "/var/lib/crater-agent-workspace/rustup-home:/opt/rustwide/rustup-home:ro,Z" "-e" "SOURCE_DIR=/opt/rustwide/workdir" "-e" "CARGO_TARGET_DIR=/opt/rustwide/target" "-e" "CARGO_HOME=/opt/rustwide/cargo-home" "-e" "RUSTUP_HOME=/opt/rustwide/rustup-home" "-w" "/opt/rustwide/workdir" "-m" "1610612736" "--user" "0:0" "--network" "none" "ghcr.io/rust-lang/crates-build-env/linux@sha256:a89201d6b5b9fd45c15d5952ece0a0129e7e80cb26ec023fd59cf09bc26f1604" "/opt/rustwide/cargo-home/bin/cargo" "+beta-2021-10-15" "metadata" "--no-deps" "--format-version=1", kill_on_drop: false }`
[INFO] [stdout] cdf0540c969d6faed7f0136a2cd9435ec4cdd646ccde2b9501f36ba65a3bafa0
[INFO] [stderr] WARNING: Your kernel does not support swap limit capabilities or the cgroup is not mounted. Memory limited without swap.
[INFO] running `Command { std: "docker" "start" "-a" "cdf0540c969d6faed7f0136a2cd9435ec4cdd646ccde2b9501f36ba65a3bafa0", kill_on_drop: false }`
[INFO] running `Command { std: "docker" "inspect" "cdf0540c969d6faed7f0136a2cd9435ec4cdd646ccde2b9501f36ba65a3bafa0", kill_on_drop: false }`
[INFO] running `Command { std: "docker" "rm" "-f" "cdf0540c969d6faed7f0136a2cd9435ec4cdd646ccde2b9501f36ba65a3bafa0", kill_on_drop: false }`
[INFO] [stdout] cdf0540c969d6faed7f0136a2cd9435ec4cdd646ccde2b9501f36ba65a3bafa0
[INFO] running `Command { std: "docker" "create" "-v" "/var/lib/crater-agent-workspace/builds/worker-7/target:/opt/rustwide/target:rw,Z" "-v" "/var/lib/crater-agent-workspace/builds/worker-7/source:/opt/rustwide/workdir:ro,Z" "-v" "/var/lib/crater-agent-workspace/cargo-home:/opt/rustwide/cargo-home:ro,Z" "-v" "/var/lib/crater-agent-workspace/rustup-home:/opt/rustwide/rustup-home:ro,Z" "-e" "SOURCE_DIR=/opt/rustwide/workdir" "-e" "CARGO_TARGET_DIR=/opt/rustwide/target" "-e" "CARGO_INCREMENTAL=0" "-e" "RUST_BACKTRACE=full" "-e" "RUSTFLAGS=--cap-lints=warn" "-e" "CARGO_HOME=/opt/rustwide/cargo-home" "-e" "RUSTUP_HOME=/opt/rustwide/rustup-home" "-w" "/opt/rustwide/workdir" "-m" "1610612736" "--user" "0:0" "--network" "none" "ghcr.io/rust-lang/crates-build-env/linux@sha256:a89201d6b5b9fd45c15d5952ece0a0129e7e80cb26ec023fd59cf09bc26f1604" "/opt/rustwide/cargo-home/bin/cargo" "+beta-2021-10-15" "check" "--frozen" "--all" "--all-targets" "--message-format=json", kill_on_drop: false }`
[INFO] [stderr] WARNING: Your kernel does not support swap limit capabilities or the cgroup is not mounted. Memory limited without swap.
[INFO] [stdout] 0675ace6401a3fe6c9f1e8614c698ba6604b25095a68096e65d0d74d80735c9b
[INFO] running `Command { std: "docker" "start" "-a" "0675ace6401a3fe6c9f1e8614c698ba6604b25095a68096e65d0d74d80735c9b", kill_on_drop: false }`
[INFO] [stderr]    Compiling getrandom v0.2.2
[INFO] [stderr]     Checking anymap v0.12.1
[INFO] [stderr]     Checking glam v0.14.0
[INFO] [stderr]    Compiling serde v1.0.125
[INFO] [stderr]    Compiling libm v0.2.1
[INFO] [stderr]    Compiling khronos-egl v3.0.2
[INFO] [stderr]    Compiling num-traits v0.2.14
[INFO] [stderr]    Compiling crossbeam-utils v0.8.4
[INFO] [stderr]    Compiling num-rational v0.3.2
[INFO] [stderr]    Compiling num-iter v0.1.42
[INFO] [stderr]    Compiling ahash v0.7.2
[INFO] [stderr]    Compiling wgpu-core v0.7.1
[INFO] [stderr]     Checking mio v0.7.11
[INFO] [stderr]     Checking iovec v0.1.4
[INFO] [stderr]     Checking net2 v0.2.37
[INFO] [stderr]     Checking wgpu-types v0.7.0
[INFO] [stderr]    Compiling syn v1.0.65
[INFO] [stderr]     Checking inotify v0.9.2
[INFO] [stderr]     Checking bevy_tasks v0.5.0
[INFO] [stderr]    Compiling spirv_cross v0.23.1
[INFO] [stderr]     Checking mio v0.6.23
[INFO] [stderr]     Checking rand_core v0.6.2
[INFO] [stderr]     Checking rand_chacha v0.3.0
[INFO] [stderr]     Checking mio-extras v2.0.6
[INFO] [stderr]     Checking crossbeam-channel v0.5.1
[INFO] [stderr] error: could not compile `syn`
[INFO] [stderr] 
[INFO] [stderr] Caused by:
[INFO] [stderr]   process didn't exit successfully: `rustc --crate-name syn --edition=2018 /opt/rustwide/cargo-home/registry/src/github.com-1ecc6299db9ec823/syn-1.0.65/src/lib.rs --error-format=json --json=diagnostic-rendered-ansi --crate-type lib --emit=dep-info,metadata,link -C embed-bitcode=no -C debuginfo=2 --cfg 'feature="clone-impls"' --cfg 'feature="default"' --cfg 'feature="derive"' --cfg 'feature="extra-traits"' --cfg 'feature="full"' --cfg 'feature="parsing"' --cfg 'feature="printing"' --cfg 'feature="proc-macro"' --cfg 'feature="quote"' --cfg 'feature="visit"' --cfg 'feature="visit-mut"' -C metadata=43e36c842a9d1fb3 -C extra-filename=-43e36c842a9d1fb3 --out-dir /opt/rustwide/target/debug/deps -L dependency=/opt/rustwide/target/debug/deps --extern proc_macro2=/opt/rustwide/target/debug/deps/libproc_macro2-3cdcf79f0c18984f.rmeta --extern quote=/opt/rustwide/target/debug/deps/libquote-369dd377b2e50e13.rmeta --extern unicode_xid=/opt/rustwide/target/debug/deps/libunicode_xid-11d097b41f2e60a4.rmeta --cap-lints allow --cap-lints=warn --cfg syn_disable_nightly_tests` (signal: 9, SIGKILL: kill)
[INFO] [stderr] warning: build failed, waiting for other jobs to finish...
[INFO] [stderr] The following warnings were emitted during compilation:
[INFO] [stderr] 
[INFO] [stderr] warning: src/wrapper.cpp:2: warning: ignoring #pragma warning  [-Wunknown-pragmas]
[INFO] [stderr] warning:     2 | #pragma warning(disable : 4996 4101)
[INFO] [stderr] warning:       | 
[INFO] [stderr] warning: c++: fatal error: Killed signal terminated program cc1plus
[INFO] [stderr] warning: compilation terminated.
[INFO] [stderr] warning: c++: fatal error: Killed signal terminated program cc1plus
[INFO] [stderr] warning: compilation terminated.
[INFO] [stderr] warning: c++: fatal error: Killed signal terminated program cc1plus
[INFO] [stderr] warning: compilation terminated.
[INFO] [stderr] 
[INFO] [stderr] error: build failed
[INFO] running `Command { std: "docker" "inspect" "0675ace6401a3fe6c9f1e8614c698ba6604b25095a68096e65d0d74d80735c9b", kill_on_drop: false }`
[INFO] running `Command { std: "docker" "rm" "-f" "0675ace6401a3fe6c9f1e8614c698ba6604b25095a68096e65d0d74d80735c9b", kill_on_drop: false }`
[INFO] [stdout] 0675ace6401a3fe6c9f1e8614c698ba6604b25095a68096e65d0d74d80735c9b
