[INFO] cloning repository https://github.com/SirMatrix/korg-the-bot
[INFO] running `Command { std: "git" "-c" "credential.helper=" "-c" "credential.helper=/workspace/cargo-home/bin/git-credential-null" "clone" "--bare" "https://github.com/SirMatrix/korg-the-bot" "/workspace/cache/git-repos/https%3A%2F%2Fgithub.com%2FSirMatrix%2Fkorg-the-bot", kill_on_drop: false }`
[INFO] [stderr] Cloning into bare repository '/workspace/cache/git-repos/https%3A%2F%2Fgithub.com%2FSirMatrix%2Fkorg-the-bot'...
[INFO] running `Command { std: "git" "rev-parse" "HEAD", kill_on_drop: false }`
[INFO] [stdout] 89092345797b7fe41fe4e570a48072c13f6c09ee
[INFO] checking SirMatrix/korg-the-bot against 1.55.0 for beta-1.56-3
[INFO] running `Command { std: "git" "clone" "/workspace/cache/git-repos/https%3A%2F%2Fgithub.com%2FSirMatrix%2Fkorg-the-bot" "/workspace/builds/worker-8/source", kill_on_drop: false }`
[INFO] [stderr] Cloning into '/workspace/builds/worker-8/source'...
[INFO] [stderr] done.
[INFO] validating manifest of git repo https://github.com/SirMatrix/korg-the-bot on toolchain 1.55.0
[INFO] running `Command { std: "/workspace/cargo-home/bin/cargo" "+1.55.0" "metadata" "--manifest-path" "Cargo.toml" "--no-deps", kill_on_drop: false }`
[INFO] started tweaking git repo https://github.com/SirMatrix/korg-the-bot
[INFO] finished tweaking git repo https://github.com/SirMatrix/korg-the-bot
[INFO] tweaked toml for git repo https://github.com/SirMatrix/korg-the-bot written to /workspace/builds/worker-8/source/Cargo.toml
[INFO] crate git repo https://github.com/SirMatrix/korg-the-bot already has a lockfile, it will not be regenerated
[INFO] running `Command { std: "/workspace/cargo-home/bin/cargo" "+1.55.0" "fetch" "--manifest-path" "Cargo.toml", kill_on_drop: false }`
[INFO] [stderr]     Blocking waiting for file lock on package cache
[INFO] [stderr]     Updating crates.io index
[INFO] running `Command { std: "docker" "create" "-v" "/var/lib/crater-agent-workspace/builds/worker-8/target:/opt/rustwide/target:rw,Z" "-v" "/var/lib/crater-agent-workspace/builds/worker-8/source:/opt/rustwide/workdir:ro,Z" "-v" "/var/lib/crater-agent-workspace/cargo-home:/opt/rustwide/cargo-home:ro,Z" "-v" "/var/lib/crater-agent-workspace/rustup-home:/opt/rustwide/rustup-home:ro,Z" "-e" "SOURCE_DIR=/opt/rustwide/workdir" "-e" "CARGO_TARGET_DIR=/opt/rustwide/target" "-e" "CARGO_HOME=/opt/rustwide/cargo-home" "-e" "RUSTUP_HOME=/opt/rustwide/rustup-home" "-w" "/opt/rustwide/workdir" "-m" "1610612736" "--user" "0:0" "--network" "none" "ghcr.io/rust-lang/crates-build-env/linux@sha256:a89201d6b5b9fd45c15d5952ece0a0129e7e80cb26ec023fd59cf09bc26f1604" "/opt/rustwide/cargo-home/bin/cargo" "+1.55.0" "metadata" "--no-deps" "--format-version=1", kill_on_drop: false }`
[INFO] [stdout] 2c53be6824a8fd168e94d54f88df4f3ddb3e9f1aff5f3205a66d9f3d1dcf3087
[INFO] [stderr] WARNING: Your kernel does not support swap limit capabilities or the cgroup is not mounted. Memory limited without swap.
[INFO] running `Command { std: "docker" "start" "-a" "2c53be6824a8fd168e94d54f88df4f3ddb3e9f1aff5f3205a66d9f3d1dcf3087", kill_on_drop: false }`
[INFO] running `Command { std: "docker" "inspect" "2c53be6824a8fd168e94d54f88df4f3ddb3e9f1aff5f3205a66d9f3d1dcf3087", kill_on_drop: false }`
[INFO] running `Command { std: "docker" "rm" "-f" "2c53be6824a8fd168e94d54f88df4f3ddb3e9f1aff5f3205a66d9f3d1dcf3087", kill_on_drop: false }`
[INFO] [stdout] 2c53be6824a8fd168e94d54f88df4f3ddb3e9f1aff5f3205a66d9f3d1dcf3087
[INFO] running `Command { std: "docker" "create" "-v" "/var/lib/crater-agent-workspace/builds/worker-8/target:/opt/rustwide/target:rw,Z" "-v" "/var/lib/crater-agent-workspace/builds/worker-8/source:/opt/rustwide/workdir:ro,Z" "-v" "/var/lib/crater-agent-workspace/cargo-home:/opt/rustwide/cargo-home:ro,Z" "-v" "/var/lib/crater-agent-workspace/rustup-home:/opt/rustwide/rustup-home:ro,Z" "-e" "SOURCE_DIR=/opt/rustwide/workdir" "-e" "CARGO_TARGET_DIR=/opt/rustwide/target" "-e" "CARGO_INCREMENTAL=0" "-e" "RUST_BACKTRACE=full" "-e" "RUSTFLAGS=--cap-lints=warn" "-e" "CARGO_HOME=/opt/rustwide/cargo-home" "-e" "RUSTUP_HOME=/opt/rustwide/rustup-home" "-w" "/opt/rustwide/workdir" "-m" "1610612736" "--user" "0:0" "--network" "none" "ghcr.io/rust-lang/crates-build-env/linux@sha256:a89201d6b5b9fd45c15d5952ece0a0129e7e80cb26ec023fd59cf09bc26f1604" "/opt/rustwide/cargo-home/bin/cargo" "+1.55.0" "check" "--frozen" "--all" "--all-targets" "--message-format=json", kill_on_drop: false }`
[INFO] [stderr] WARNING: Your kernel does not support swap limit capabilities or the cgroup is not mounted. Memory limited without swap.
[INFO] [stdout] a6cadfb9d865ef6a90f9443d3e4e6ab4b9bd92389c4380def0a66f0c03074110
[INFO] running `Command { std: "docker" "start" "-a" "a6cadfb9d865ef6a90f9443d3e4e6ab4b9bd92389c4380def0a66f0c03074110", kill_on_drop: false }`
[INFO] [stderr]    Compiling libc v0.2.77
[INFO] [stderr]    Compiling cc v1.0.60
[INFO] [stderr]     Checking hashbrown v0.9.0
[INFO] [stderr]    Compiling serenity v0.9.4
[INFO] [stderr]     Checking uwl v0.6.0
[INFO] [stderr]     Checking tracing-core v0.1.16
[INFO] [stderr]    Compiling miniz_oxide v0.4.2
[INFO] [stderr]    Compiling proc-macro2 v1.0.30
[INFO] [stderr]     Checking indexmap v1.6.0
[INFO] [stderr]    Compiling quote v1.0.7
[INFO] [stderr]    Compiling syn v1.0.80
[INFO] [stderr]    Compiling ring v0.16.15
[INFO] [stderr]     Checking iovec v0.1.4
[INFO] [stderr]     Checking net2 v0.2.35
[INFO] [stderr]     Checking getrandom v0.1.15
[INFO] [stderr]     Checking socket2 v0.3.15
[INFO] [stderr]     Checking time v0.1.44
[INFO] [stderr]     Checking flate2 v1.0.17
[INFO] [stderr]     Checking rand_core v0.5.1
[INFO] [stderr]     Checking mio v0.6.22
[INFO] [stderr]     Checking rand_chacha v0.2.2
[INFO] [stderr]     Checking rand v0.7.3
[INFO] [stderr]     Checking tungstenite v0.11.1
[INFO] [stderr]     Checking webpki v0.21.3
[INFO] [stderr]     Checking sct v0.6.0
[INFO] [stderr]     Checking rustls v0.18.1
[INFO] [stderr]     Checking webpki-roots v0.20.0
[INFO] [stderr]     Checking webpki-roots v0.19.0
[INFO] [stderr]    Compiling pin-project-internal v0.4.23
[INFO] [stderr]    Compiling tokio-macros v0.2.5
[INFO] [stderr]    Compiling futures-macro v0.3.5
[INFO] [stderr]    Compiling tracing-attributes v0.1.18
[INFO] [stderr]    Compiling serde_derive v1.0.116
[INFO] [stderr]    Compiling pin-project-internal v1.0.8
[INFO] [stderr]    Compiling command_attr v0.3.2
[INFO] [stderr]    Compiling async-trait v0.1.40
[INFO] [stderr]     Checking tokio v0.2.22
[INFO] [stderr]     Checking tracing v0.1.19
[INFO] [stderr]     Checking pin-project v1.0.8
[INFO] [stderr]     Checking tracing-futures v0.2.5
[INFO] [stderr]     Checking pin-project v0.4.23
[INFO] [stderr]     Checking futures-util v0.3.5
[INFO] [stderr]     Checking tokio-util v0.3.1
[INFO] [stderr]     Checking tokio-rustls v0.14.1
[INFO] [stderr]     Checking serde v1.0.116
[INFO] [stderr]     Checking h2 v0.2.6
[INFO] [stderr]     Checking futures v0.3.5
[INFO] [stderr]     Checking async-tungstenite v0.9.3
[INFO] [stderr]     Checking serde_json v1.0.57
[INFO] [stderr]     Checking serde_urlencoded v0.6.1
[INFO] [stderr]     Checking chrono v0.4.15
[INFO] [stderr]     Checking hyper v0.13.8
[INFO] [stderr]     Checking hyper-rustls v0.21.0
[INFO] [stderr]     Checking reqwest v0.10.8
[INFO] [stdout] error[E0433]: failed to resolve: could not find `Instrument` in `tracing`
[INFO] [stdout]    --> /opt/rustwide/cargo-home/registry/src/github.com-1ecc6299db9ec823/serenity-0.9.4/src/internal/ws_impl.rs:148:1
[INFO] [stdout]     |
[INFO] [stdout] 148 | #[instrument]
[INFO] [stdout]     | ^^^^^^^^^^^^^ not found in `tracing`
[INFO] [stdout]     |
[INFO] [stdout]     = note: this error originates in the attribute macro `instrument` (in Nightly builds, run with -Z macro-backtrace for more info)
[INFO] [stdout] help: consider importing this trait
[INFO] [stdout]     |
[INFO] [stdout] 1   | use tracing_futures::Instrument;
[INFO] [stdout]     |
[INFO] [stdout] 
[INFO] [stdout] 
[INFO] [stdout] error[E0433]: failed to resolve: could not find `Instrument` in `tracing`
[INFO] [stdout]    --> /opt/rustwide/cargo-home/registry/src/github.com-1ecc6299db9ec823/serenity-0.9.4/src/client/bridge/gateway/shard_manager.rs:200:5
[INFO] [stdout]     |
[INFO] [stdout] 200 |     #[instrument(skip(self))]
[INFO] [stdout]     |     ^^^^^^^^^^^^^^^^^^^^^^^^^ not found in `tracing`
[INFO] [stdout]     |
[INFO] [stdout]     = note: this error originates in the attribute macro `instrument` (in Nightly builds, run with -Z macro-backtrace for more info)
[INFO] [stdout] help: consider importing this trait
[INFO] [stdout]     |
[INFO] [stdout] 1   | use tracing_futures::Instrument;
[INFO] [stdout]     |
[INFO] [stdout] 
[INFO] [stdout] 
[INFO] [stdout] error[E0433]: failed to resolve: could not find `Instrument` in `tracing`
[INFO] [stdout]    --> /opt/rustwide/cargo-home/registry/src/github.com-1ecc6299db9ec823/serenity-0.9.4/src/client/bridge/gateway/shard_manager.rs:245:5
[INFO] [stdout]     |
[INFO] [stdout] 245 |     #[instrument(skip(self))]
[INFO] [stdout]     |     ^^^^^^^^^^^^^^^^^^^^^^^^^ not found in `tracing`
[INFO] [stdout]     |
[INFO] [stdout]     = note: this error originates in the attribute macro `instrument` (in Nightly builds, run with -Z macro-backtrace for more info)
[INFO] [stdout] help: consider importing this trait
[INFO] [stdout]     |
[INFO] [stdout] 1   | use tracing_futures::Instrument;
[INFO] [stdout]     |
[INFO] [stdout] 
[INFO] [stdout] 
[INFO] [stdout] error[E0433]: failed to resolve: could not find `Instrument` in `tracing`
[INFO] [stdout]    --> /opt/rustwide/cargo-home/registry/src/github.com-1ecc6299db9ec823/serenity-0.9.4/src/client/bridge/gateway/shard_manager.rs:260:5
[INFO] [stdout]     |
[INFO] [stdout] 260 |     #[instrument(skip(self))]
[INFO] [stdout]     |     ^^^^^^^^^^^^^^^^^^^^^^^^^ not found in `tracing`
[INFO] [stdout]     |
[INFO] [stdout]     = note: this error originates in the attribute macro `instrument` (in Nightly builds, run with -Z macro-backtrace for more info)
[INFO] [stdout] help: consider importing this trait
[INFO] [stdout]     |
[INFO] [stdout] 1   | use tracing_futures::Instrument;
[INFO] [stdout]     |
[INFO] [stdout] 
[INFO] [stdout] 
[INFO] [stdout] error[E0433]: failed to resolve: could not find `Instrument` in `tracing`
[INFO] [stdout]    --> /opt/rustwide/cargo-home/registry/src/github.com-1ecc6299db9ec823/serenity-0.9.4/src/client/bridge/gateway/shard_manager.rs:275:5
[INFO] [stdout]     |
[INFO] [stdout] 275 |     #[instrument(skip(self))]
[INFO] [stdout]     |     ^^^^^^^^^^^^^^^^^^^^^^^^^ not found in `tracing`
[INFO] [stdout]     |
[INFO] [stdout]     = note: this error originates in the attribute macro `instrument` (in Nightly builds, run with -Z macro-backtrace for more info)
[INFO] [stdout] help: consider importing this trait
[INFO] [stdout]     |
[INFO] [stdout] 1   | use tracing_futures::Instrument;
[INFO] [stdout]     |
[INFO] [stdout] 
[INFO] [stdout] 
[INFO] [stdout] error[E0433]: failed to resolve: could not find `Instrument` in `tracing`
[INFO] [stdout]    --> /opt/rustwide/cargo-home/registry/src/github.com-1ecc6299db9ec823/serenity-0.9.4/src/client/bridge/gateway/shard_manager.rs:308:5
[INFO] [stdout]     |
[INFO] [stdout] 308 |     #[instrument(skip(self))]
[INFO] [stdout]     |     ^^^^^^^^^^^^^^^^^^^^^^^^^ not found in `tracing`
[INFO] [stdout]     |
[INFO] [stdout]     = note: this error originates in the attribute macro `instrument` (in Nightly builds, run with -Z macro-backtrace for more info)
[INFO] [stdout] help: consider importing this trait
[INFO] [stdout]     |
[INFO] [stdout] 1   | use tracing_futures::Instrument;
[INFO] [stdout]     |
[INFO] [stdout] 
[INFO] [stdout] 
[INFO] [stdout] error[E0433]: failed to resolve: could not find `Instrument` in `tracing`
[INFO] [stdout]   --> /opt/rustwide/cargo-home/registry/src/github.com-1ecc6299db9ec823/serenity-0.9.4/src/client/bridge/gateway/shard_manager_monitor.rs:60:5
[INFO] [stdout]    |
[INFO] [stdout] 60 |     #[instrument(skip(self))]
[INFO] [stdout]    |     ^^^^^^^^^^^^^^^^^^^^^^^^^ not found in `tracing`
[INFO] [stdout]    |
[INFO] [stdout]    = note: this error originates in the attribute macro `instrument` (in Nightly builds, run with -Z macro-backtrace for more info)
[INFO] [stdout] help: consider importing this trait
[INFO] [stdout]    |
[INFO] [stdout] 1  | use tracing_futures::Instrument;
[INFO] [stdout]    |
[INFO] [stdout] 
[INFO] [stdout] 
[INFO] [stdout] error[E0433]: failed to resolve: could not find `Instrument` in `tracing`
[INFO] [stdout]    --> /opt/rustwide/cargo-home/registry/src/github.com-1ecc6299db9ec823/serenity-0.9.4/src/client/bridge/gateway/shard_queuer.rs:112:5
[INFO] [stdout]     |
[INFO] [stdout] 112 |     #[instrument(skip(self))]
[INFO] [stdout]     |     ^^^^^^^^^^^^^^^^^^^^^^^^^ not found in `tracing`
[INFO] [stdout]     |
[INFO] [stdout]     = note: this error originates in the attribute macro `instrument` (in Nightly builds, run with -Z macro-backtrace for more info)
[INFO] [stdout] help: consider importing this trait
[INFO] [stdout]     |
[INFO] [stdout] 1   | use tracing_futures::Instrument;
[INFO] [stdout]     |
[INFO] [stdout] 
[INFO] [stdout] 
[INFO] [stdout] error[E0433]: failed to resolve: could not find `Instrument` in `tracing`
[INFO] [stdout]    --> /opt/rustwide/cargo-home/registry/src/github.com-1ecc6299db9ec823/serenity-0.9.4/src/client/bridge/gateway/shard_queuer.rs:145:5
[INFO] [stdout]     |
[INFO] [stdout] 145 |     #[instrument(skip(self))]
[INFO] [stdout]     |     ^^^^^^^^^^^^^^^^^^^^^^^^^ not found in `tracing`
[INFO] [stdout]     |
[INFO] [stdout]     = note: this error originates in the attribute macro `instrument` (in Nightly builds, run with -Z macro-backtrace for more info)
[INFO] [stdout] help: consider importing this trait
[INFO] [stdout]     |
[INFO] [stdout] 1   | use tracing_futures::Instrument;
[INFO] [stdout]     |
[INFO] [stdout] 
[INFO] [stdout] 
[INFO] [stdout] error[E0433]: failed to resolve: could not find `Instrument` in `tracing`
[INFO] [stdout]    --> /opt/rustwide/cargo-home/registry/src/github.com-1ecc6299db9ec823/serenity-0.9.4/src/client/bridge/gateway/shard_queuer.rs:166:5
[INFO] [stdout]     |
[INFO] [stdout] 166 |     #[instrument(skip(self))]
[INFO] [stdout]     |     ^^^^^^^^^^^^^^^^^^^^^^^^^ not found in `tracing`
[INFO] [stdout]     |
[INFO] [stdout]     = note: this error originates in the attribute macro `instrument` (in Nightly builds, run with -Z macro-backtrace for more info)
[INFO] [stdout] help: consider importing this trait
[INFO] [stdout]     |
[INFO] [stdout] 1   | use tracing_futures::Instrument;
[INFO] [stdout]     |
[INFO] [stdout] 
[INFO] [stdout] 
[INFO] [stdout] error[E0433]: failed to resolve: could not find `Instrument` in `tracing`
[INFO] [stdout]    --> /opt/rustwide/cargo-home/registry/src/github.com-1ecc6299db9ec823/serenity-0.9.4/src/client/bridge/gateway/shard_queuer.rs:181:5
[INFO] [stdout]     |
[INFO] [stdout] 181 |     #[instrument(skip(self))]
[INFO] [stdout]     |     ^^^^^^^^^^^^^^^^^^^^^^^^^ not found in `tracing`
[INFO] [stdout]     |
[INFO] [stdout]     = note: this error originates in the attribute macro `instrument` (in Nightly builds, run with -Z macro-backtrace for more info)
[INFO] [stdout] help: consider importing this trait
[INFO] [stdout]     |
[INFO] [stdout] 1   | use tracing_futures::Instrument;
[INFO] [stdout]     |
[INFO] [stdout] 
[INFO] [stdout] 
[INFO] [stdout] error[E0433]: failed to resolve: could not find `Instrument` in `tracing`
[INFO] [stdout]    --> /opt/rustwide/cargo-home/registry/src/github.com-1ecc6299db9ec823/serenity-0.9.4/src/client/bridge/gateway/shard_queuer.rs:222:5
[INFO] [stdout]     |
[INFO] [stdout] 222 |     #[instrument(skip(self))]
[INFO] [stdout]     |     ^^^^^^^^^^^^^^^^^^^^^^^^^ not found in `tracing`
[INFO] [stdout]     |
[INFO] [stdout]     = note: this error originates in the attribute macro `instrument` (in Nightly builds, run with -Z macro-backtrace for more info)
[INFO] [stdout] help: consider importing this trait
[INFO] [stdout]     |
[INFO] [stdout] 1   | use tracing_futures::Instrument;
[INFO] [stdout]     |
[INFO] [stdout] 
[INFO] [stdout] 
[INFO] [stdout] error[E0433]: failed to resolve: could not find `Instrument` in `tracing`
[INFO] [stdout]    --> /opt/rustwide/cargo-home/registry/src/github.com-1ecc6299db9ec823/serenity-0.9.4/src/client/bridge/gateway/shard_queuer.rs:247:5
[INFO] [stdout]     |
[INFO] [stdout] 247 |     #[instrument(skip(self))]
[INFO] [stdout]     |     ^^^^^^^^^^^^^^^^^^^^^^^^^ not found in `tracing`
[INFO] [stdout]     |
[INFO] [stdout]     = note: this error originates in the attribute macro `instrument` (in Nightly builds, run with -Z macro-backtrace for more info)
[INFO] [stdout] help: consider importing this trait
[INFO] [stdout]     |
[INFO] [stdout] 1   | use tracing_futures::Instrument;
[INFO] [stdout]     |
[INFO] [stdout] 
[INFO] [stdout] 
[INFO] [stdout] error[E0433]: failed to resolve: could not find `Instrument` in `tracing`
[INFO] [stdout]    --> /opt/rustwide/cargo-home/registry/src/github.com-1ecc6299db9ec823/serenity-0.9.4/src/client/bridge/gateway/shard_runner.rs:111:5
[INFO] [stdout]     |
[INFO] [stdout] 111 |     #[instrument(skip(self))]
[INFO] [stdout]     |     ^^^^^^^^^^^^^^^^^^^^^^^^^ not found in `tracing`
[INFO] [stdout]     |
[INFO] [stdout]     = note: this error originates in the attribute macro `instrument` (in Nightly builds, run with -Z macro-backtrace for more info)
[INFO] [stdout] help: consider importing this trait
[INFO] [stdout]     |
[INFO] [stdout] 1   | use tracing_futures::Instrument;
[INFO] [stdout]     |
[INFO] [stdout] 
[INFO] [stdout] 
[INFO] [stdout] error[E0433]: failed to resolve: could not find `Instrument` in `tracing`
[INFO] [stdout]    --> /opt/rustwide/cargo-home/registry/src/github.com-1ecc6299db9ec823/serenity-0.9.4/src/client/bridge/gateway/shard_runner.rs:240:5
[INFO] [stdout]     |
[INFO] [stdout] 240 |     #[instrument(skip(self, action))]
[INFO] [stdout]     |     ^^^^^^^^^^^^^^^^^^^^^^^^^^^^^^^^^ not found in `tracing`
[INFO] [stdout]     |
[INFO] [stdout]     = note: this error originates in the attribute macro `instrument` (in Nightly builds, run with -Z macro-backtrace for more info)
[INFO] [stdout] help: consider importing this trait
[INFO] [stdout]     |
[INFO] [stdout] 1   | use tracing_futures::Instrument;
[INFO] [stdout]     |
[INFO] [stdout] 
[INFO] [stdout] 
[INFO] [stdout] error[E0433]: failed to resolve: could not find `Instrument` in `tracing`
[INFO] [stdout]    --> /opt/rustwide/cargo-home/registry/src/github.com-1ecc6299db9ec823/serenity-0.9.4/src/client/bridge/gateway/shard_runner.rs:257:5
[INFO] [stdout]     |
[INFO] [stdout] 257 |     #[instrument(skip(self))]
[INFO] [stdout]     |     ^^^^^^^^^^^^^^^^^^^^^^^^^ not found in `tracing`
[INFO] [stdout]     |
[INFO] [stdout]     = note: this error originates in the attribute macro `instrument` (in Nightly builds, run with -Z macro-backtrace for more info)
[INFO] [stdout] help: consider importing this trait
[INFO] [stdout]     |
[INFO] [stdout] 1   | use tracing_futures::Instrument;
[INFO] [stdout]     |
[INFO] [stdout] 
[INFO] [stdout] 
[INFO] [stdout] error[E0433]: failed to resolve: could not find `Instrument` in `tracing`
[INFO] [stdout]    --> /opt/rustwide/cargo-home/registry/src/github.com-1ecc6299db9ec823/serenity-0.9.4/src/client/bridge/gateway/shard_runner.rs:301:5
[INFO] [stdout]     |
[INFO] [stdout] 301 |     #[instrument(skip(self, event))]
[INFO] [stdout]     |     ^^^^^^^^^^^^^^^^^^^^^^^^^^^^^^^^ not found in `tracing`
[INFO] [stdout]     |
[INFO] [stdout]     = note: this error originates in the attribute macro `instrument` (in Nightly builds, run with -Z macro-backtrace for more info)
[INFO] [stdout] help: consider importing this trait
[INFO] [stdout]     |
[INFO] [stdout] 1   | use tracing_futures::Instrument;
[INFO] [stdout]     |
[INFO] [stdout] 
[INFO] [stdout] 
[INFO] [stdout] error[E0433]: failed to resolve: could not find `Instrument` in `tracing`
[INFO] [stdout]    --> /opt/rustwide/cargo-home/registry/src/github.com-1ecc6299db9ec823/serenity-0.9.4/src/client/bridge/gateway/shard_runner.rs:322:5
[INFO] [stdout]     |
[INFO] [stdout] 322 |     #[instrument(skip(self))]
[INFO] [stdout]     |     ^^^^^^^^^^^^^^^^^^^^^^^^^ not found in `tracing`
[INFO] [stdout]     |
[INFO] [stdout]     = note: this error originates in the attribute macro `instrument` (in Nightly builds, run with -Z macro-backtrace for more info)
[INFO] [stdout] help: consider importing this trait
[INFO] [stdout]     |
[INFO] [stdout] 1   | use tracing_futures::Instrument;
[INFO] [stdout]     |
[INFO] [stdout] 
[INFO] [stdout] 
[INFO] [stdout] error[E0433]: failed to resolve: could not find `Instrument` in `tracing`
[INFO] [stdout]    --> /opt/rustwide/cargo-home/registry/src/github.com-1ecc6299db9ec823/serenity-0.9.4/src/client/bridge/gateway/shard_runner.rs:475:5
[INFO] [stdout]     |
[INFO] [stdout] 475 |     #[instrument(skip(self))]
[INFO] [stdout]     |     ^^^^^^^^^^^^^^^^^^^^^^^^^ not found in `tracing`
[INFO] [stdout]     |
[INFO] [stdout]     = note: this error originates in the attribute macro `instrument` (in Nightly builds, run with -Z macro-backtrace for more info)
[INFO] [stdout] help: consider importing this trait
[INFO] [stdout]     |
[INFO] [stdout] 1   | use tracing_futures::Instrument;
[INFO] [stdout]     |
[INFO] [stdout] 
[INFO] [stdout] 
[INFO] [stdout] error[E0433]: failed to resolve: could not find `Instrument` in `tracing`
[INFO] [stdout]    --> /opt/rustwide/cargo-home/registry/src/github.com-1ecc6299db9ec823/serenity-0.9.4/src/client/bridge/gateway/shard_runner.rs:505:5
[INFO] [stdout]     |
[INFO] [stdout] 505 |     #[instrument(skip(self))]
[INFO] [stdout]     |     ^^^^^^^^^^^^^^^^^^^^^^^^^ not found in `tracing`
[INFO] [stdout]     |
[INFO] [stdout]     = note: this error originates in the attribute macro `instrument` (in Nightly builds, run with -Z macro-backtrace for more info)
[INFO] [stdout] help: consider importing this trait
[INFO] [stdout]     |
[INFO] [stdout] 1   | use tracing_futures::Instrument;
[INFO] [stdout]     |
[INFO] [stdout] 
[INFO] [stdout] 
[INFO] [stdout] error[E0433]: failed to resolve: could not find `Instrument` in `tracing`
[INFO] [stdout]    --> /opt/rustwide/cargo-home/registry/src/github.com-1ecc6299db9ec823/serenity-0.9.4/src/client/bridge/gateway/shard_runner.rs:592:5
[INFO] [stdout]     |
[INFO] [stdout] 592 |     #[instrument(skip(self))]
[INFO] [stdout]     |     ^^^^^^^^^^^^^^^^^^^^^^^^^ not found in `tracing`
[INFO] [stdout]     |
[INFO] [stdout]     = note: this error originates in the attribute macro `instrument` (in Nightly builds, run with -Z macro-backtrace for more info)
[INFO] [stdout] help: consider importing this trait
[INFO] [stdout]     |
[INFO] [stdout] 1   | use tracing_futures::Instrument;
[INFO] [stdout]     |
[INFO] [stdout] 
[INFO] [stdout] 
[INFO] [stdout] error[E0433]: failed to resolve: could not find `Instrument` in `tracing`
[INFO] [stdout]   --> /opt/rustwide/cargo-home/registry/src/github.com-1ecc6299db9ec823/serenity-0.9.4/src/client/dispatch.rs:75:5
[INFO] [stdout]    |
[INFO] [stdout] 75 |     #[instrument(skip(self, cache_and_http))]
[INFO] [stdout]    |     ^^^^^^^^^^^^^^^^^^^^^^^^^^^^^^^^^^^^^^^^^ not found in `tracing`
[INFO] [stdout]    |
[INFO] [stdout]    = note: this error originates in the attribute macro `instrument` (in Nightly builds, run with -Z macro-backtrace for more info)
[INFO] [stdout] help: consider importing this trait
[INFO] [stdout]    |
[INFO] [stdout] 1  | use tracing_futures::Instrument;
[INFO] [stdout]    |
[INFO] [stdout] 
[INFO] [stdout] 
[INFO] [stdout] error[E0433]: failed to resolve: could not find `Instrument` in `tracing`
[INFO] [stdout]    --> /opt/rustwide/cargo-home/registry/src/github.com-1ecc6299db9ec823/serenity-0.9.4/src/client/dispatch.rs:312:1
[INFO] [stdout]     |
[INFO] [stdout] 312 | #[instrument(skip(event, data, event_handler, cache_and_http))]
[INFO] [stdout]     | ^^^^^^^^^^^^^^^^^^^^^^^^^^^^^^^^^^^^^^^^^^^^^^^^^^^^^^^^^^^^^^^ not found in `tracing`
[INFO] [stdout]     |
[INFO] [stdout]     = note: this error originates in the attribute macro `instrument` (in Nightly builds, run with -Z macro-backtrace for more info)
[INFO] [stdout] help: consider importing this trait
[INFO] [stdout]     |
[INFO] [stdout] 1   | use tracing_futures::Instrument;
[INFO] [stdout]     |
[INFO] [stdout] 
[INFO] [stdout] 
[INFO] [stdout] error[E0433]: failed to resolve: could not find `Instrument` in `tracing`
[INFO] [stdout]    --> /opt/rustwide/cargo-home/registry/src/github.com-1ecc6299db9ec823/serenity-0.9.4/src/client/mod.rs:635:5
[INFO] [stdout]     |
[INFO] [stdout] 635 |     #[instrument(skip(self))]
[INFO] [stdout]     |     ^^^^^^^^^^^^^^^^^^^^^^^^^ not found in `tracing`
[INFO] [stdout]     |
[INFO] [stdout]     = note: this error originates in the attribute macro `instrument` (in Nightly builds, run with -Z macro-backtrace for more info)
[INFO] [stdout] help: consider importing this trait
[INFO] [stdout]     |
[INFO] [stdout] 32  | use tracing_futures::Instrument;
[INFO] [stdout]     |
[INFO] [stdout] 
[INFO] [stdout] 
[INFO] [stdout] error[E0433]: failed to resolve: could not find `Instrument` in `tracing`
[INFO] [stdout]    --> /opt/rustwide/cargo-home/registry/src/github.com-1ecc6299db9ec823/serenity-0.9.4/src/client/mod.rs:683:5
[INFO] [stdout]     |
[INFO] [stdout] 683 |     #[instrument(skip(self))]
[INFO] [stdout]     |     ^^^^^^^^^^^^^^^^^^^^^^^^^ not found in `tracing`
[INFO] [stdout]     |
[INFO] [stdout]     = note: this error originates in the attribute macro `instrument` (in Nightly builds, run with -Z macro-backtrace for more info)
[INFO] [stdout] help: consider importing this trait
[INFO] [stdout]     |
[INFO] [stdout] 32  | use tracing_futures::Instrument;
[INFO] [stdout]     |
[INFO] [stdout] 
[INFO] [stdout] 
[INFO] [stdout] error[E0433]: failed to resolve: could not find `Instrument` in `tracing`
[INFO] [stdout]    --> /opt/rustwide/cargo-home/registry/src/github.com-1ecc6299db9ec823/serenity-0.9.4/src/client/mod.rs:762:5
[INFO] [stdout]     |
[INFO] [stdout] 762 |     #[instrument(skip(self))]
[INFO] [stdout]     |     ^^^^^^^^^^^^^^^^^^^^^^^^^ not found in `tracing`
[INFO] [stdout]     |
[INFO] [stdout]     = note: this error originates in the attribute macro `instrument` (in Nightly builds, run with -Z macro-backtrace for more info)
[INFO] [stdout] help: consider importing this trait
[INFO] [stdout]     |
[INFO] [stdout] 32  | use tracing_futures::Instrument;
[INFO] [stdout]     |
[INFO] [stdout] 
[INFO] [stdout] 
[INFO] [stdout] error[E0433]: failed to resolve: could not find `Instrument` in `tracing`
[INFO] [stdout]    --> /opt/rustwide/cargo-home/registry/src/github.com-1ecc6299db9ec823/serenity-0.9.4/src/client/mod.rs:812:5
[INFO] [stdout]     |
[INFO] [stdout] 812 |     #[instrument(skip(self))]
[INFO] [stdout]     |     ^^^^^^^^^^^^^^^^^^^^^^^^^ not found in `tracing`
[INFO] [stdout]     |
[INFO] [stdout]     = note: this error originates in the attribute macro `instrument` (in Nightly builds, run with -Z macro-backtrace for more info)
[INFO] [stdout] help: consider importing this trait
[INFO] [stdout]     |
[INFO] [stdout] 32  | use tracing_futures::Instrument;
[INFO] [stdout]     |
[INFO] [stdout] 
[INFO] [stdout] 
[INFO] [stdout] error[E0433]: failed to resolve: could not find `Instrument` in `tracing`
[INFO] [stdout]    --> /opt/rustwide/cargo-home/registry/src/github.com-1ecc6299db9ec823/serenity-0.9.4/src/client/mod.rs:864:5
[INFO] [stdout]     |
[INFO] [stdout] 864 |     #[instrument(skip(self))]
[INFO] [stdout]     |     ^^^^^^^^^^^^^^^^^^^^^^^^^ not found in `tracing`
[INFO] [stdout]     |
[INFO] [stdout]     = note: this error originates in the attribute macro `instrument` (in Nightly builds, run with -Z macro-backtrace for more info)
[INFO] [stdout] help: consider importing this trait
[INFO] [stdout]     |
[INFO] [stdout] 32  | use tracing_futures::Instrument;
[INFO] [stdout]     |
[INFO] [stdout] 
[INFO] [stdout] 
[INFO] [stdout] error[E0433]: failed to resolve: could not find `Instrument` in `tracing`
[INFO] [stdout]    --> /opt/rustwide/cargo-home/registry/src/github.com-1ecc6299db9ec823/serenity-0.9.4/src/client/mod.rs:882:5
[INFO] [stdout]     |
[INFO] [stdout] 882 |     #[instrument(skip(self))]
[INFO] [stdout]     |     ^^^^^^^^^^^^^^^^^^^^^^^^^ not found in `tracing`
[INFO] [stdout]     |
[INFO] [stdout]     = note: this error originates in the attribute macro `instrument` (in Nightly builds, run with -Z macro-backtrace for more info)
[INFO] [stdout] help: consider importing this trait
[INFO] [stdout]     |
[INFO] [stdout] 32  | use tracing_futures::Instrument;
[INFO] [stdout]     |
[INFO] [stdout] 
[INFO] [stdout] 
[INFO] [stdout] error[E0433]: failed to resolve: could not find `Instrument` in `tracing`
[INFO] [stdout]    --> /opt/rustwide/cargo-home/registry/src/github.com-1ecc6299db9ec823/serenity-0.9.4/src/framework/standard/mod.rs:604:5
[INFO] [stdout]     |
[INFO] [stdout] 604 |     #[instrument(skip(self, ctx))]
[INFO] [stdout]     |     ^^^^^^^^^^^^^^^^^^^^^^^^^^^^^^ not found in `tracing`
[INFO] [stdout]     |
[INFO] [stdout]     = note: this error originates in the attribute macro `instrument` (in Nightly builds, run with -Z macro-backtrace for more info)
[INFO] [stdout] help: consider importing this trait
[INFO] [stdout]     |
[INFO] [stdout] 11  | use tracing_futures::Instrument;
[INFO] [stdout]     |
[INFO] [stdout] 
[INFO] [stdout] 
[INFO] [stdout] error[E0433]: failed to resolve: could not find `Instrument` in `tracing`
[INFO] [stdout]    --> /opt/rustwide/cargo-home/registry/src/github.com-1ecc6299db9ec823/serenity-0.9.4/src/gateway/shard.rs:221:5
[INFO] [stdout]     |
[INFO] [stdout] 221 |     #[instrument(skip(self))]
[INFO] [stdout]     |     ^^^^^^^^^^^^^^^^^^^^^^^^^ not found in `tracing`
[INFO] [stdout]     |
[INFO] [stdout]     = note: this error originates in the attribute macro `instrument` (in Nightly builds, run with -Z macro-backtrace for more info)
[INFO] [stdout] help: consider importing this trait
[INFO] [stdout]     |
[INFO] [stdout] 1   | use tracing_futures::Instrument;
[INFO] [stdout]     |
[INFO] [stdout] 
[INFO] [stdout] 
[INFO] [stdout] error[E0433]: failed to resolve: could not find `Instrument` in `tracing`
[INFO] [stdout]    --> /opt/rustwide/cargo-home/registry/src/github.com-1ecc6299db9ec823/serenity-0.9.4/src/gateway/shard.rs:582:5
[INFO] [stdout]     |
[INFO] [stdout] 582 |     #[instrument(skip(self))]
[INFO] [stdout]     |     ^^^^^^^^^^^^^^^^^^^^^^^^^ not found in `tracing`
[INFO] [stdout]     |
[INFO] [stdout]     = note: this error originates in the attribute macro `instrument` (in Nightly builds, run with -Z macro-backtrace for more info)
[INFO] [stdout] help: consider importing this trait
[INFO] [stdout]     |
[INFO] [stdout] 1   | use tracing_futures::Instrument;
[INFO] [stdout]     |
[INFO] [stdout] 
[INFO] [stdout] 
[INFO] [stdout] error[E0433]: failed to resolve: could not find `Instrument` in `tracing`
[INFO] [stdout]    --> /opt/rustwide/cargo-home/registry/src/github.com-1ecc6299db9ec823/serenity-0.9.4/src/gateway/shard.rs:729:5
[INFO] [stdout]     |
[INFO] [stdout] 729 |     #[instrument(skip(self))]
[INFO] [stdout]     |     ^^^^^^^^^^^^^^^^^^^^^^^^^ not found in `tracing`
[INFO] [stdout]     |
[INFO] [stdout]     = note: this error originates in the attribute macro `instrument` (in Nightly builds, run with -Z macro-backtrace for more info)
[INFO] [stdout] help: consider importing this trait
[INFO] [stdout]     |
[INFO] [stdout] 1   | use tracing_futures::Instrument;
[INFO] [stdout]     |
[INFO] [stdout] 
[INFO] [stdout] 
[INFO] [stdout] error[E0433]: failed to resolve: could not find `Instrument` in `tracing`
[INFO] [stdout]    --> /opt/rustwide/cargo-home/registry/src/github.com-1ecc6299db9ec823/serenity-0.9.4/src/gateway/shard.rs:752:5
[INFO] [stdout]     |
[INFO] [stdout] 752 |     #[instrument(skip(self))]
[INFO] [stdout]     |     ^^^^^^^^^^^^^^^^^^^^^^^^^ not found in `tracing`
[INFO] [stdout]     |
[INFO] [stdout]     = note: this error originates in the attribute macro `instrument` (in Nightly builds, run with -Z macro-backtrace for more info)
[INFO] [stdout] help: consider importing this trait
[INFO] [stdout]     |
[INFO] [stdout] 1   | use tracing_futures::Instrument;
[INFO] [stdout]     |
[INFO] [stdout] 
[INFO] [stdout] 
[INFO] [stdout] error[E0433]: failed to resolve: could not find `Instrument` in `tracing`
[INFO] [stdout]    --> /opt/rustwide/cargo-home/registry/src/github.com-1ecc6299db9ec823/serenity-0.9.4/src/gateway/shard.rs:766:5
[INFO] [stdout]     |
[INFO] [stdout] 766 |     #[instrument(skip(self))]
[INFO] [stdout]     |     ^^^^^^^^^^^^^^^^^^^^^^^^^ not found in `tracing`
[INFO] [stdout]     |
[INFO] [stdout]     = note: this error originates in the attribute macro `instrument` (in Nightly builds, run with -Z macro-backtrace for more info)
[INFO] [stdout] help: consider importing this trait
[INFO] [stdout]     |
[INFO] [stdout] 1   | use tracing_futures::Instrument;
[INFO] [stdout]     |
[INFO] [stdout] 
[INFO] [stdout] 
[INFO] [stdout] error[E0433]: failed to resolve: could not find `Instrument` in `tracing`
[INFO] [stdout]    --> /opt/rustwide/cargo-home/registry/src/github.com-1ecc6299db9ec823/serenity-0.9.4/src/gateway/shard.rs:787:5
[INFO] [stdout]     |
[INFO] [stdout] 787 |     #[instrument(skip(self))]
[INFO] [stdout]     |     ^^^^^^^^^^^^^^^^^^^^^^^^^ not found in `tracing`
[INFO] [stdout]     |
[INFO] [stdout]     = note: this error originates in the attribute macro `instrument` (in Nightly builds, run with -Z macro-backtrace for more info)
[INFO] [stdout] help: consider importing this trait
[INFO] [stdout]     |
[INFO] [stdout] 1   | use tracing_futures::Instrument;
[INFO] [stdout]     |
[INFO] [stdout] 
[INFO] [stdout] 
[INFO] [stdout] error[E0433]: failed to resolve: could not find `Instrument` in `tracing`
[INFO] [stdout]    --> /opt/rustwide/cargo-home/registry/src/github.com-1ecc6299db9ec823/serenity-0.9.4/src/gateway/shard.rs:797:5
[INFO] [stdout]     |
[INFO] [stdout] 797 |     #[instrument(skip(self))]
[INFO] [stdout]     |     ^^^^^^^^^^^^^^^^^^^^^^^^^ not found in `tracing`
[INFO] [stdout]     |
[INFO] [stdout]     = note: this error originates in the attribute macro `instrument` (in Nightly builds, run with -Z macro-backtrace for more info)
[INFO] [stdout] help: consider importing this trait
[INFO] [stdout]     |
[INFO] [stdout] 1   | use tracing_futures::Instrument;
[INFO] [stdout]     |
[INFO] [stdout] 
[INFO] [stdout] 
[INFO] [stdout] error[E0433]: failed to resolve: could not find `Instrument` in `tracing`
[INFO] [stdout]    --> /opt/rustwide/cargo-home/registry/src/github.com-1ecc6299db9ec823/serenity-0.9.4/src/gateway/shard.rs:817:5
[INFO] [stdout]     |
[INFO] [stdout] 817 |     #[instrument(skip(self))]
[INFO] [stdout]     |     ^^^^^^^^^^^^^^^^^^^^^^^^^ not found in `tracing`
[INFO] [stdout]     |
[INFO] [stdout]     = note: this error originates in the attribute macro `instrument` (in Nightly builds, run with -Z macro-backtrace for more info)
[INFO] [stdout] help: consider importing this trait
[INFO] [stdout]     |
[INFO] [stdout] 1   | use tracing_futures::Instrument;
[INFO] [stdout]     |
[INFO] [stdout] 
[INFO] [stdout] 
[INFO] [stdout] error[E0433]: failed to resolve: could not find `Instrument` in `tracing`
[INFO] [stdout]    --> /opt/rustwide/cargo-home/registry/src/github.com-1ecc6299db9ec823/serenity-0.9.4/src/gateway/shard.rs:827:5
[INFO] [stdout]     |
[INFO] [stdout] 827 |     #[instrument(skip(self))]
[INFO] [stdout]     |     ^^^^^^^^^^^^^^^^^^^^^^^^^ not found in `tracing`
[INFO] [stdout]     |
[INFO] [stdout]     = note: this error originates in the attribute macro `instrument` (in Nightly builds, run with -Z macro-backtrace for more info)
[INFO] [stdout] help: consider importing this trait
[INFO] [stdout]     |
[INFO] [stdout] 1   | use tracing_futures::Instrument;
[INFO] [stdout]     |
[INFO] [stdout] 
[INFO] [stdout] 
[INFO] [stdout] error[E0433]: failed to resolve: could not find `Instrument` in `tracing`
[INFO] [stdout]   --> /opt/rustwide/cargo-home/registry/src/github.com-1ecc6299db9ec823/serenity-0.9.4/src/gateway/ws_client_ext.rs:48:5
[INFO] [stdout]    |
[INFO] [stdout] 48 |     #[instrument(skip(self))]
[INFO] [stdout]    |     ^^^^^^^^^^^^^^^^^^^^^^^^^ not found in `tracing`
[INFO] [stdout]    |
[INFO] [stdout]    = note: this error originates in the attribute macro `instrument` (in Nightly builds, run with -Z macro-backtrace for more info)
[INFO] [stdout] help: consider importing this trait
[INFO] [stdout]    |
[INFO] [stdout] 1  | use tracing_futures::Instrument;
[INFO] [stdout]    |
[INFO] [stdout] 
[INFO] [stdout] 
[INFO] [stdout] error[E0433]: failed to resolve: could not find `Instrument` in `tracing`
[INFO] [stdout]   --> /opt/rustwide/cargo-home/registry/src/github.com-1ecc6299db9ec823/serenity-0.9.4/src/gateway/ws_client_ext.rs:80:5
[INFO] [stdout]    |
[INFO] [stdout] 80 |     #[instrument(skip(self))]
[INFO] [stdout]    |     ^^^^^^^^^^^^^^^^^^^^^^^^^ not found in `tracing`
[INFO] [stdout]    |
[INFO] [stdout]    = note: this error originates in the attribute macro `instrument` (in Nightly builds, run with -Z macro-backtrace for more info)
[INFO] [stdout] help: consider importing this trait
[INFO] [stdout]    |
[INFO] [stdout] 1  | use tracing_futures::Instrument;
[INFO] [stdout]    |
[INFO] [stdout] 
[INFO] [stdout] 
[INFO] [stdout] error[E0433]: failed to resolve: could not find `Instrument` in `tracing`
[INFO] [stdout]   --> /opt/rustwide/cargo-home/registry/src/github.com-1ecc6299db9ec823/serenity-0.9.4/src/gateway/ws_client_ext.rs:91:5
[INFO] [stdout]    |
[INFO] [stdout] 91 |     #[instrument(skip(self, token))]
[INFO] [stdout]    |     ^^^^^^^^^^^^^^^^^^^^^^^^^^^^^^^^ not found in `tracing`
[INFO] [stdout]    |
[INFO] [stdout]    = note: this error originates in the attribute macro `instrument` (in Nightly builds, run with -Z macro-backtrace for more info)
[INFO] [stdout] help: consider importing this trait
[INFO] [stdout]    |
[INFO] [stdout] 1  | use tracing_futures::Instrument;
[INFO] [stdout]    |
[INFO] [stdout] 
[INFO] [stdout] 
[INFO] [stdout] error[E0433]: failed to resolve: could not find `Instrument` in `tracing`
[INFO] [stdout]    --> /opt/rustwide/cargo-home/registry/src/github.com-1ecc6299db9ec823/serenity-0.9.4/src/gateway/ws_client_ext.rs:115:5
[INFO] [stdout]     |
[INFO] [stdout] 115 |     #[instrument(skip(self))]
[INFO] [stdout]     |     ^^^^^^^^^^^^^^^^^^^^^^^^^ not found in `tracing`
[INFO] [stdout]     |
[INFO] [stdout]     = note: this error originates in the attribute macro `instrument` (in Nightly builds, run with -Z macro-backtrace for more info)
[INFO] [stdout] help: consider importing this trait
[INFO] [stdout]     |
[INFO] [stdout] 1   | use tracing_futures::Instrument;
[INFO] [stdout]     |
[INFO] [stdout] 
[INFO] [stdout] 
[INFO] [stdout] error[E0433]: failed to resolve: could not find `Instrument` in `tracing`
[INFO] [stdout]    --> /opt/rustwide/cargo-home/registry/src/github.com-1ecc6299db9ec823/serenity-0.9.4/src/gateway/ws_client_ext.rs:141:5
[INFO] [stdout]     |
[INFO] [stdout] 141 |     #[instrument(skip(self))]
[INFO] [stdout]     |     ^^^^^^^^^^^^^^^^^^^^^^^^^ not found in `tracing`
[INFO] [stdout]     |
[INFO] [stdout]     = note: this error originates in the attribute macro `instrument` (in Nightly builds, run with -Z macro-backtrace for more info)
[INFO] [stdout] help: consider importing this trait
[INFO] [stdout]     |
[INFO] [stdout] 1   | use tracing_futures::Instrument;
[INFO] [stdout]     |
[INFO] [stdout] 
[INFO] [stdout] 
[INFO] [stdout] error[E0433]: failed to resolve: could not find `Instrument` in `tracing`
[INFO] [stdout]     --> /opt/rustwide/cargo-home/registry/src/github.com-1ecc6299db9ec823/serenity-0.9.4/src/http/client.rs:1798:5
[INFO] [stdout]      |
[INFO] [stdout] 1798 |     #[instrument]
[INFO] [stdout]      |     ^^^^^^^^^^^^^ not found in `tracing`
[INFO] [stdout]      |
[INFO] [stdout]      = note: this error originates in the attribute macro `instrument` (in Nightly builds, run with -Z macro-backtrace for more info)
[INFO] [stdout] help: consider importing this trait
[INFO] [stdout]      |
[INFO] [stdout] 1    | use tracing_futures::Instrument;
[INFO] [stdout]      |
[INFO] [stdout] 
[INFO] [stdout] 
[INFO] [stdout] error[E0433]: failed to resolve: could not find `Instrument` in `tracing`
[INFO] [stdout]    --> /opt/rustwide/cargo-home/registry/src/github.com-1ecc6299db9ec823/serenity-0.9.4/src/http/ratelimiting.rs:155:5
[INFO] [stdout]     |
[INFO] [stdout] 155 |     #[instrument]
[INFO] [stdout]     |     ^^^^^^^^^^^^^ not found in `tracing`
[INFO] [stdout]     |
[INFO] [stdout]     = note: this error originates in the attribute macro `instrument` (in Nightly builds, run with -Z macro-backtrace for more info)
[INFO] [stdout] help: consider importing this trait
[INFO] [stdout]     |
[INFO] [stdout] 42  | use tracing_futures::Instrument;
[INFO] [stdout]     |
[INFO] [stdout] 
[INFO] [stdout] 
[INFO] [stdout] error[E0433]: failed to resolve: could not find `Instrument` in `tracing`
[INFO] [stdout]    --> /opt/rustwide/cargo-home/registry/src/github.com-1ecc6299db9ec823/serenity-0.9.4/src/http/ratelimiting.rs:270:5
[INFO] [stdout]     |
[INFO] [stdout] 270 |     #[instrument]
[INFO] [stdout]     |     ^^^^^^^^^^^^^ not found in `tracing`
[INFO] [stdout]     |
[INFO] [stdout]     = note: this error originates in the attribute macro `instrument` (in Nightly builds, run with -Z macro-backtrace for more info)
[INFO] [stdout] help: consider importing this trait
[INFO] [stdout]     |
[INFO] [stdout] 42  | use tracing_futures::Instrument;
[INFO] [stdout]     |
[INFO] [stdout] 
[INFO] [stdout] 
[INFO] [stdout] error[E0433]: failed to resolve: could not find `Instrument` in `tracing`
[INFO] [stdout]    --> /opt/rustwide/cargo-home/registry/src/github.com-1ecc6299db9ec823/serenity-0.9.4/src/http/ratelimiting.rs:302:5
[INFO] [stdout]     |
[INFO] [stdout] 302 |     #[instrument]
[INFO] [stdout]     |     ^^^^^^^^^^^^^ not found in `tracing`
[INFO] [stdout]     |
[INFO] [stdout]     = note: this error originates in the attribute macro `instrument` (in Nightly builds, run with -Z macro-backtrace for more info)
[INFO] [stdout] help: consider importing this trait
[INFO] [stdout]     |
[INFO] [stdout] 42  | use tracing_futures::Instrument;
[INFO] [stdout]     |
[INFO] [stdout] 
[INFO] [stdout] 
[INFO] [stdout] error: aborting due to 48 previous errors
[INFO] [stdout] 
[INFO] [stdout] 
[INFO] [stdout] For more information about this error, try `rustc --explain E0433`.
[INFO] [stdout] 
[INFO] [stderr] error: could not compile `serenity` due to 49 previous errors
[INFO] running `Command { std: "docker" "inspect" "a6cadfb9d865ef6a90f9443d3e4e6ab4b9bd92389c4380def0a66f0c03074110", kill_on_drop: false }`
[INFO] running `Command { std: "docker" "rm" "-f" "a6cadfb9d865ef6a90f9443d3e4e6ab4b9bd92389c4380def0a66f0c03074110", kill_on_drop: false }`
[INFO] [stdout] a6cadfb9d865ef6a90f9443d3e4e6ab4b9bd92389c4380def0a66f0c03074110
