[INFO] cloning repository https://github.com/Shybert/sorb-rust
[INFO] running `Command { std: "git" "-c" "credential.helper=" "-c" "credential.helper=/workspace/cargo-home/bin/git-credential-null" "clone" "--bare" "https://github.com/Shybert/sorb-rust" "/workspace/cache/git-repos/https%3A%2F%2Fgithub.com%2FShybert%2Fsorb-rust", kill_on_drop: false }`
[INFO] [stderr] Cloning into bare repository '/workspace/cache/git-repos/https%3A%2F%2Fgithub.com%2FShybert%2Fsorb-rust'...
[INFO] running `Command { std: "git" "rev-parse" "HEAD", kill_on_drop: false }`
[INFO] [stdout] 7b2a1cf58a838847aecdede83977c454a9f98bab
[INFO] checking Shybert/sorb-rust against 1.55.0 for beta-1.56-3
[INFO] running `Command { std: "git" "clone" "/workspace/cache/git-repos/https%3A%2F%2Fgithub.com%2FShybert%2Fsorb-rust" "/workspace/builds/worker-1/source", kill_on_drop: false }`
[INFO] [stderr] Cloning into '/workspace/builds/worker-1/source'...
[INFO] [stderr] done.
[INFO] validating manifest of git repo https://github.com/Shybert/sorb-rust on toolchain 1.55.0
[INFO] running `Command { std: "/workspace/cargo-home/bin/cargo" "+1.55.0" "metadata" "--manifest-path" "Cargo.toml" "--no-deps", kill_on_drop: false }`
[INFO] started tweaking git repo https://github.com/Shybert/sorb-rust
[INFO] finished tweaking git repo https://github.com/Shybert/sorb-rust
[INFO] tweaked toml for git repo https://github.com/Shybert/sorb-rust written to /workspace/builds/worker-1/source/Cargo.toml
[INFO] crate git repo https://github.com/Shybert/sorb-rust already has a lockfile, it will not be regenerated
[INFO] running `Command { std: "/workspace/cargo-home/bin/cargo" "+1.55.0" "fetch" "--manifest-path" "Cargo.toml", kill_on_drop: false }`
[INFO] running `Command { std: "docker" "create" "-v" "/var/lib/crater-agent-workspace/builds/worker-1/target:/opt/rustwide/target:rw,Z" "-v" "/var/lib/crater-agent-workspace/builds/worker-1/source:/opt/rustwide/workdir:ro,Z" "-v" "/var/lib/crater-agent-workspace/cargo-home:/opt/rustwide/cargo-home:ro,Z" "-v" "/var/lib/crater-agent-workspace/rustup-home:/opt/rustwide/rustup-home:ro,Z" "-e" "SOURCE_DIR=/opt/rustwide/workdir" "-e" "CARGO_TARGET_DIR=/opt/rustwide/target" "-e" "CARGO_HOME=/opt/rustwide/cargo-home" "-e" "RUSTUP_HOME=/opt/rustwide/rustup-home" "-w" "/opt/rustwide/workdir" "-m" "1610612736" "--user" "0:0" "--network" "none" "ghcr.io/rust-lang/crates-build-env/linux@sha256:a89201d6b5b9fd45c15d5952ece0a0129e7e80cb26ec023fd59cf09bc26f1604" "/opt/rustwide/cargo-home/bin/cargo" "+1.55.0" "metadata" "--no-deps" "--format-version=1", kill_on_drop: false }`
[INFO] [stdout] 1ae94351fb66a5fabeec8a8418a89e552943d0d54186a6335817967df2e38f75
[INFO] [stderr] WARNING: Your kernel does not support swap limit capabilities or the cgroup is not mounted. Memory limited without swap.
[INFO] running `Command { std: "docker" "start" "-a" "1ae94351fb66a5fabeec8a8418a89e552943d0d54186a6335817967df2e38f75", kill_on_drop: false }`
[INFO] running `Command { std: "docker" "inspect" "1ae94351fb66a5fabeec8a8418a89e552943d0d54186a6335817967df2e38f75", kill_on_drop: false }`
[INFO] running `Command { std: "docker" "rm" "-f" "1ae94351fb66a5fabeec8a8418a89e552943d0d54186a6335817967df2e38f75", kill_on_drop: false }`
[INFO] [stdout] 1ae94351fb66a5fabeec8a8418a89e552943d0d54186a6335817967df2e38f75
[INFO] running `Command { std: "docker" "create" "-v" "/var/lib/crater-agent-workspace/builds/worker-1/target:/opt/rustwide/target:rw,Z" "-v" "/var/lib/crater-agent-workspace/builds/worker-1/source:/opt/rustwide/workdir:ro,Z" "-v" "/var/lib/crater-agent-workspace/cargo-home:/opt/rustwide/cargo-home:ro,Z" "-v" "/var/lib/crater-agent-workspace/rustup-home:/opt/rustwide/rustup-home:ro,Z" "-e" "SOURCE_DIR=/opt/rustwide/workdir" "-e" "CARGO_TARGET_DIR=/opt/rustwide/target" "-e" "CARGO_INCREMENTAL=0" "-e" "RUST_BACKTRACE=full" "-e" "RUSTFLAGS=--cap-lints=warn" "-e" "CARGO_HOME=/opt/rustwide/cargo-home" "-e" "RUSTUP_HOME=/opt/rustwide/rustup-home" "-w" "/opt/rustwide/workdir" "-m" "1610612736" "--user" "0:0" "--network" "none" "ghcr.io/rust-lang/crates-build-env/linux@sha256:a89201d6b5b9fd45c15d5952ece0a0129e7e80cb26ec023fd59cf09bc26f1604" "/opt/rustwide/cargo-home/bin/cargo" "+1.55.0" "check" "--frozen" "--all" "--all-targets" "--message-format=json", kill_on_drop: false }`
[INFO] [stderr] WARNING: Your kernel does not support swap limit capabilities or the cgroup is not mounted. Memory limited without swap.
[INFO] [stdout] b18943b375d59291a368003e8d71db46f5bd0af2efb529941e3d745cea0418d4
[INFO] running `Command { std: "docker" "start" "-a" "b18943b375d59291a368003e8d71db46f5bd0af2efb529941e3d745cea0418d4", kill_on_drop: false }`
[INFO] [stderr]     Checking sorb-rust v0.1.0 (/opt/rustwide/workdir)
[INFO] [stdout] error[E0432]: unresolved import `crate::Color`
[INFO] [stdout]  --> src/geometry/material.rs:3:5
[INFO] [stdout]   |
[INFO] [stdout] 3 | use crate::Color;
[INFO] [stdout]   |     ^^^^^^^-----
[INFO] [stdout]   |     |      |
[INFO] [stdout]   |     |      help: a similar name exists in the module (notice the capitalization): `color`
[INFO] [stdout]   |     no `Color` in the root
[INFO] [stdout] 
[INFO] [stdout] 
[INFO] [stdout] error[E0432]: unresolved import `crate::Color`
[INFO] [stdout]  --> src/render/lighting.rs:2:5
[INFO] [stdout]   |
[INFO] [stdout] 2 | use crate::Color;
[INFO] [stdout]   |     ^^^^^^^-----
[INFO] [stdout]   |     |      |
[INFO] [stdout]   |     |      help: a similar name exists in the module (notice the capitalization): `color`
[INFO] [stdout]   |     no `Color` in the root
[INFO] [stdout] 
[INFO] [stdout] 
[INFO] [stdout] error[E0432]: unresolved import `crate::Color`
[INFO] [stdout]  --> src/render/lights.rs:2:5
[INFO] [stdout]   |
[INFO] [stdout] 2 | use crate::Color;
[INFO] [stdout]   |     ^^^^^^^-----
[INFO] [stdout]   |     |      |
[INFO] [stdout]   |     |      help: a similar name exists in the module (notice the capitalization): `color`
[INFO] [stdout]   |     no `Color` in the root
[INFO] [stdout] 
[INFO] [stdout] 
[INFO] [stdout] error[E0432]: unresolved import `crate::Color`
[INFO] [stdout]  --> src/render/world.rs:4:5
[INFO] [stdout]   |
[INFO] [stdout] 4 | use crate::Color;
[INFO] [stdout]   |     ^^^^^^^-----
[INFO] [stdout]   |     |      |
[INFO] [stdout]   |     |      help: a similar name exists in the module (notice the capitalization): `color`
[INFO] [stdout]   |     no `Color` in the root
[INFO] [stdout] 
[INFO] [stdout] 
[INFO] [stdout] error[E0432]: unresolved import `crate::Color`
[INFO] [stdout]  --> src/shapes.rs:3:5
[INFO] [stdout]   |
[INFO] [stdout] 3 | use crate::Color;
[INFO] [stdout]   |     ^^^^^^^-----
[INFO] [stdout]   |     |      |
[INFO] [stdout]   |     |      help: a similar name exists in the module (notice the capitalization): `color`
[INFO] [stdout]   |     no `Color` in the root
[INFO] [stdout] 
[INFO] [stdout] 
[INFO] [stdout] error[E0432]: unresolved import `crate::Color`
[INFO] [stdout]  --> src/textures.rs:2:5
[INFO] [stdout]   |
[INFO] [stdout] 2 | use crate::Color;
[INFO] [stdout]   |     ^^^^^^^-----
[INFO] [stdout]   |     |      |
[INFO] [stdout]   |     |      help: a similar name exists in the module (notice the capitalization): `color`
[INFO] [stdout]   |     no `Color` in the root
[INFO] [stdout] 
[INFO] [stdout] 
[INFO] [stdout] error[E0432]: unresolved import `crate::Color`
[INFO] [stdout]  --> src/textures/pattern.rs:4:5
[INFO] [stdout]   |
[INFO] [stdout] 4 | use crate::Color;
[INFO] [stdout]   |     ^^^^^^^-----
[INFO] [stdout]   |     |      |
[INFO] [stdout]   |     |      help: a similar name exists in the module (notice the capitalization): `color`
[INFO] [stdout]   |     no `Color` in the root
[INFO] [stdout] 
[INFO] [stdout] 
[INFO] [stdout] error[E0432]: unresolved import `crate::Color`
[INFO] [stdout]  --> src/geometry/material.rs:3:5
[INFO] [stdout]   |
[INFO] [stdout] 3 | use crate::Color;
[INFO] [stdout]   |     ^^^^^^^-----
[INFO] [stdout]   |     |      |
[INFO] [stdout]   |     |      help: a similar name exists in the module (notice the capitalization): `color`
[INFO] [stdout]   |     no `Color` in the root
[INFO] [stdout] 
[INFO] [stdout] 
[INFO] [stdout] error[E0432]: unresolved import `crate::Color`
[INFO] [stdout]  --> src/render/lighting.rs:2:5
[INFO] [stdout]   |
[INFO] [stdout] 2 | use crate::Color;
[INFO] [stdout]   |     ^^^^^^^-----
[INFO] [stdout]   |     |      |
[INFO] [stdout]   |     |      help: a similar name exists in the module (notice the capitalization): `color`
[INFO] [stdout]   |     no `Color` in the root
[INFO] [stdout] 
[INFO] [stdout] 
[INFO] [stdout] error[E0432]: unresolved import `crate::Color`
[INFO] [stdout]  --> src/render/lights.rs:2:5
[INFO] [stdout]   |
[INFO] [stdout] 2 | use crate::Color;
[INFO] [stdout]   |     ^^^^^^^-----
[INFO] [stdout]   |     |      |
[INFO] [stdout]   |     |      help: a similar name exists in the module (notice the capitalization): `color`
[INFO] [stdout]   |     no `Color` in the root
[INFO] [stdout] 
[INFO] [stdout] 
[INFO] [stdout] error[E0432]: unresolved import `crate::Color`
[INFO] [stdout]  --> src/render/world.rs:4:5
[INFO] [stdout]   |
[INFO] [stdout] 4 | use crate::Color;
[INFO] [stdout]   |     ^^^^^^^-----
[INFO] [stdout]   |     |      |
[INFO] [stdout]   |     |      help: a similar name exists in the module (notice the capitalization): `color`
[INFO] [stdout]   |     no `Color` in the root
[INFO] [stdout] 
[INFO] [stdout] 
[INFO] [stdout] error[E0432]: unresolved import `crate::Color`
[INFO] [stdout]   --> src/render/world.rs:81:7
[INFO] [stdout]    |
[INFO] [stdout] 81 |   use crate::Color;
[INFO] [stdout]    |       ^^^^^^^-----
[INFO] [stdout]    |       |      |
[INFO] [stdout]    |       |      help: a similar name exists in the module (notice the capitalization): `color`
[INFO] [stdout]    |       no `Color` in the root
[INFO] [stdout] 
[INFO] [stdout] 
[INFO] [stdout] error[E0432]: unresolved import `crate::Color`
[INFO] [stdout]  --> src/shapes.rs:3:5
[INFO] [stdout]   |
[INFO] [stdout] 3 | use crate::Color;
[INFO] [stdout]   |     ^^^^^^^-----
[INFO] [stdout]   |     |      |
[INFO] [stdout]   |     |      help: a similar name exists in the module (notice the capitalization): `color`
[INFO] [stdout]   |     no `Color` in the root
[INFO] [stdout] 
[INFO] [stdout] 
[INFO] [stdout] error[E0432]: unresolved import `crate::Color`
[INFO] [stdout]   --> src/shapes/sphere.rs:57:7
[INFO] [stdout]    |
[INFO] [stdout] 57 |   use crate::Color;
[INFO] [stdout]    |       ^^^^^^^-----
[INFO] [stdout]    |       |      |
[INFO] [stdout]    |       |      help: a similar name exists in the module (notice the capitalization): `color`
[INFO] [stdout]    |       no `Color` in the root
[INFO] [stdout] 
[INFO] [stdout] 
[INFO] [stdout] error[E0432]: unresolved import `crate::Color`
[INFO] [stdout]   --> src/shapes/plane.rs:49:7
[INFO] [stdout]    |
[INFO] [stdout] 49 |   use crate::Color;
[INFO] [stdout]    |       ^^^^^^^-----
[INFO] [stdout]    |       |      |
[INFO] [stdout]    |       |      help: a similar name exists in the module (notice the capitalization): `color`
[INFO] [stdout]    |       no `Color` in the root
[INFO] [stdout] 
[INFO] [stdout] 
[INFO] [stdout] error[E0432]: unresolved import `crate::Color`
[INFO] [stdout]  --> src/textures.rs:2:5
[INFO] [stdout]   |
[INFO] [stdout] 2 | use crate::Color;
[INFO] [stdout]   |     ^^^^^^^-----
[INFO] [stdout]   |     |      |
[INFO] [stdout]   |     |      help: a similar name exists in the module (notice the capitalization): `color`
[INFO] [stdout]   |     no `Color` in the root
[INFO] [stdout] 
[INFO] [stdout] 
[INFO] [stdout] error[E0432]: unresolved import `crate::Color`
[INFO] [stdout]  --> src/textures/pattern.rs:4:5
[INFO] [stdout]   |
[INFO] [stdout] 4 | use crate::Color;
[INFO] [stdout]   |     ^^^^^^^-----
[INFO] [stdout]   |     |      |
[INFO] [stdout]   |     |      help: a similar name exists in the module (notice the capitalization): `color`
[INFO] [stdout]   |     no `Color` in the root
[INFO] [stdout] 
[INFO] [stdout] 
[INFO] [stdout] error[E0658]: use of unstable library feature 'float_interpolation'
[INFO] [stdout]    --> src/color.rs:136:14
[INFO] [stdout]     |
[INFO] [stdout] 136 |       self.r.lerp(&other.r, t),
[INFO] [stdout]     |              ^^^^
[INFO] [stdout]     |
[INFO] [stdout]     = note: see issue #86269 <https://github.com/rust-lang/rust/issues/86269> for more information
[INFO] [stdout] 
[INFO] [stdout] 
[INFO] [stdout] error[E0308]: mismatched types
[INFO] [stdout]    --> src/color.rs:136:19
[INFO] [stdout]     |
[INFO] [stdout] 136 |       self.r.lerp(&other.r, t),
[INFO] [stdout]     |                   ^^^^^^^^
[INFO] [stdout]     |                   |
[INFO] [stdout]     |                   expected `f64`, found `&f64`
[INFO] [stdout]     |                   help: consider removing the borrow: `other.r`
[INFO] [stdout] 
[INFO] [stdout] 
[INFO] [stdout] error[E0308]: mismatched types
[INFO] [stdout]    --> src/color.rs:136:29
[INFO] [stdout]     |
[INFO] [stdout] 136 |       self.r.lerp(&other.r, t),
[INFO] [stdout]     |                             ^
[INFO] [stdout]     |                             |
[INFO] [stdout]     |                             expected `f64`, found `&f64`
[INFO] [stdout]     |                             help: consider dereferencing the borrow: `*t`
[INFO] [stdout] 
[INFO] [stdout] 
[INFO] [stdout] error[E0658]: use of unstable library feature 'float_interpolation'
[INFO] [stdout]    --> src/color.rs:137:14
[INFO] [stdout]     |
[INFO] [stdout] 137 |       self.g.lerp(&other.g, t),
[INFO] [stdout]     |              ^^^^
[INFO] [stdout]     |
[INFO] [stdout]     = note: see issue #86269 <https://github.com/rust-lang/rust/issues/86269> for more information
[INFO] [stdout] 
[INFO] [stdout] 
[INFO] [stdout] error[E0308]: mismatched types
[INFO] [stdout]    --> src/color.rs:137:19
[INFO] [stdout]     |
[INFO] [stdout] 137 |       self.g.lerp(&other.g, t),
[INFO] [stdout]     |                   ^^^^^^^^
[INFO] [stdout]     |                   |
[INFO] [stdout]     |                   expected `f64`, found `&f64`
[INFO] [stdout]     |                   help: consider removing the borrow: `other.g`
[INFO] [stdout] 
[INFO] [stdout] 
[INFO] [stdout] error[E0308]: mismatched types
[INFO] [stdout]    --> src/color.rs:137:29
[INFO] [stdout]     |
[INFO] [stdout] 137 |       self.g.lerp(&other.g, t),
[INFO] [stdout]     |                             ^
[INFO] [stdout]     |                             |
[INFO] [stdout]     |                             expected `f64`, found `&f64`
[INFO] [stdout]     |                             help: consider dereferencing the borrow: `*t`
[INFO] [stdout] 
[INFO] [stdout] 
[INFO] [stdout] error[E0658]: use of unstable library feature 'float_interpolation'
[INFO] [stdout]    --> src/color.rs:138:14
[INFO] [stdout]     |
[INFO] [stdout] 138 |       self.b.lerp(&other.b, t),
[INFO] [stdout]     |              ^^^^
[INFO] [stdout]     |
[INFO] [stdout]     = note: see issue #86269 <https://github.com/rust-lang/rust/issues/86269> for more information
[INFO] [stdout] 
[INFO] [stdout] 
[INFO] [stdout] error[E0308]: mismatched types
[INFO] [stdout]    --> src/color.rs:138:19
[INFO] [stdout]     |
[INFO] [stdout] 138 |       self.b.lerp(&other.b, t),
[INFO] [stdout]     |                   ^^^^^^^^
[INFO] [stdout]     |                   |
[INFO] [stdout]     |                   expected `f64`, found `&f64`
[INFO] [stdout]     |                   help: consider removing the borrow: `other.b`
[INFO] [stdout] 
[INFO] [stdout] 
[INFO] [stdout] error[E0308]: mismatched types
[INFO] [stdout]    --> src/color.rs:138:29
[INFO] [stdout]     |
[INFO] [stdout] 138 |       self.b.lerp(&other.b, t),
[INFO] [stdout]     |                             ^
[INFO] [stdout]     |                             |
[INFO] [stdout]     |                             expected `f64`, found `&f64`
[INFO] [stdout]     |                             help: consider dereferencing the borrow: `*t`
[INFO] [stdout] 
[INFO] [stdout] 
[INFO] [stdout] error[E0658]: use of unstable library feature 'float_interpolation'
[INFO] [stdout]    --> src/color.rs:136:14
[INFO] [stdout]     |
[INFO] [stdout] 136 |       self.r.lerp(&other.r, t),
[INFO] [stdout]     |              ^^^^
[INFO] [stdout]     |
[INFO] [stdout]     = note: see issue #86269 <https://github.com/rust-lang/rust/issues/86269> for more information
[INFO] [stdout] 
[INFO] [stdout] 
[INFO] [stdout] error[E0308]: mismatched types
[INFO] [stdout]    --> src/color.rs:136:19
[INFO] [stdout]     |
[INFO] [stdout] 136 |       self.r.lerp(&other.r, t),
[INFO] [stdout]     |                   ^^^^^^^^
[INFO] [stdout]     |                   |
[INFO] [stdout]     |                   expected `f64`, found `&f64`
[INFO] [stdout]     |                   help: consider removing the borrow: `other.r`
[INFO] [stdout] 
[INFO] [stdout] 
[INFO] [stdout] error[E0308]: mismatched types
[INFO] [stdout]    --> src/color.rs:136:29
[INFO] [stdout]     |
[INFO] [stdout] 136 |       self.r.lerp(&other.r, t),
[INFO] [stdout]     |                             ^
[INFO] [stdout]     |                             |
[INFO] [stdout]     |                             expected `f64`, found `&f64`
[INFO] [stdout]     |                             help: consider dereferencing the borrow: `*t`
[INFO] [stdout] 
[INFO] [stdout] 
[INFO] [stdout] error[E0658]: use of unstable library feature 'float_interpolation'
[INFO] [stdout]    --> src/color.rs:137:14
[INFO] [stdout]     |
[INFO] [stdout] 137 |       self.g.lerp(&other.g, t),
[INFO] [stdout]     |              ^^^^
[INFO] [stdout]     |
[INFO] [stdout]     = note: see issue #86269 <https://github.com/rust-lang/rust/issues/86269> for more information
[INFO] [stdout] 
[INFO] [stdout] 
[INFO] [stdout] error[E0308]: mismatched types
[INFO] [stdout]    --> src/color.rs:137:19
[INFO] [stdout]     |
[INFO] [stdout] 137 |       self.g.lerp(&other.g, t),
[INFO] [stdout]     |                   ^^^^^^^^
[INFO] [stdout]     |                   |
[INFO] [stdout]     |                   expected `f64`, found `&f64`
[INFO] [stdout]     |                   help: consider removing the borrow: `other.g`
[INFO] [stdout] 
[INFO] [stdout] 
[INFO] [stdout] error[E0308]: mismatched types
[INFO] [stdout]    --> src/color.rs:137:29
[INFO] [stdout]     |
[INFO] [stdout] 137 |       self.g.lerp(&other.g, t),
[INFO] [stdout]     |                             ^
[INFO] [stdout]     |                             |
[INFO] [stdout]     |                             expected `f64`, found `&f64`
[INFO] [stdout]     |                             help: consider dereferencing the borrow: `*t`
[INFO] [stdout] 
[INFO] [stdout] 
[INFO] [stdout] error[E0658]: use of unstable library feature 'float_interpolation'
[INFO] [stdout]    --> src/color.rs:138:14
[INFO] [stdout]     |
[INFO] [stdout] 138 |       self.b.lerp(&other.b, t),
[INFO] [stdout]     |              ^^^^
[INFO] [stdout]     |
[INFO] [stdout]     = note: see issue #86269 <https://github.com/rust-lang/rust/issues/86269> for more information
[INFO] [stdout] 
[INFO] [stdout] 
[INFO] [stdout] error[E0308]: mismatched types
[INFO] [stdout]    --> src/color.rs:138:19
[INFO] [stdout]     |
[INFO] [stdout] 138 |       self.b.lerp(&other.b, t),
[INFO] [stdout]     |                   ^^^^^^^^
[INFO] [stdout]     |                   |
[INFO] [stdout]     |                   expected `f64`, found `&f64`
[INFO] [stdout]     |                   help: consider removing the borrow: `other.b`
[INFO] [stdout] 
[INFO] [stdout] 
[INFO] [stdout] error[E0308]: mismatched types
[INFO] [stdout]    --> src/color.rs:138:29
[INFO] [stdout]     |
[INFO] [stdout] 138 |       self.b.lerp(&other.b, t),
[INFO] [stdout]     |                             ^
[INFO] [stdout]     |                             |
[INFO] [stdout]     |                             expected `f64`, found `&f64`
[INFO] [stdout]     |                             help: consider dereferencing the borrow: `*t`
[INFO] [stdout] 
[INFO] [stdout] 
[INFO] [stdout] warning: unused import: `crate::utils::Lerp`
[INFO] [stdout]  --> src/textures/pattern.rs:3:5
[INFO] [stdout]   |
[INFO] [stdout] 3 | use crate::utils::Lerp;
[INFO] [stdout]   |     ^^^^^^^^^^^^^^^^^^
[INFO] [stdout]   |
[INFO] [stdout]   = note: `#[warn(unused_imports)]` on by default
[INFO] [stdout] 
[INFO] [stdout] 
[INFO] [stdout] error: aborting due to 16 previous errors; 1 warning emitted
[INFO] [stdout] 
[INFO] [stdout] 
[INFO] [stdout] Some errors have detailed explanations: E0308, E0432, E0658.
[INFO] [stdout] 
[INFO] [stdout] For more information about an error, try `rustc --explain E0308`.
[INFO] [stdout] 
[INFO] [stderr] error: could not compile `sorb-rust` due to 17 previous errors; 1 warning emitted
[INFO] [stderr] warning: build failed, waiting for other jobs to finish...
[INFO] [stdout] error[E0658]: use of unstable library feature 'float_interpolation'
[INFO] [stdout]    --> src/utils.rs:131:23
[INFO] [stdout]     |
[INFO] [stdout] 131 |     assert_eq!(20_f64.lerp(&80., &0.), 20.);
[INFO] [stdout]     |                       ^^^^
[INFO] [stdout]     |
[INFO] [stdout]     = note: see issue #86269 <https://github.com/rust-lang/rust/issues/86269> for more information
[INFO] [stdout] 
[INFO] [stdout] 
[INFO] [stdout] error[E0308]: mismatched types
[INFO] [stdout]    --> src/utils.rs:131:28
[INFO] [stdout]     |
[INFO] [stdout] 131 |     assert_eq!(20_f64.lerp(&80., &0.), 20.);
[INFO] [stdout]     |                            ^^^^
[INFO] [stdout]     |                            |
[INFO] [stdout]     |                            expected `f64`, found `&{float}`
[INFO] [stdout]     |                            help: consider removing the borrow: `80.`
[INFO] [stdout] 
[INFO] [stdout] 
[INFO] [stdout] error[E0308]: mismatched types
[INFO] [stdout]    --> src/utils.rs:131:34
[INFO] [stdout]     |
[INFO] [stdout] 131 |     assert_eq!(20_f64.lerp(&80., &0.), 20.);
[INFO] [stdout]     |                                  ^^^
[INFO] [stdout]     |                                  |
[INFO] [stdout]     |                                  expected `f64`, found `&{float}`
[INFO] [stdout]     |                                  help: consider removing the borrow: `0.`
[INFO] [stdout] 
[INFO] [stdout] 
[INFO] [stdout] error[E0658]: use of unstable library feature 'float_interpolation'
[INFO] [stdout]    --> src/utils.rs:132:23
[INFO] [stdout]     |
[INFO] [stdout] 132 |     assert_eq!(20_f64.lerp(&80., &1.), 80.);
[INFO] [stdout]     |                       ^^^^
[INFO] [stdout]     |
[INFO] [stdout]     = note: see issue #86269 <https://github.com/rust-lang/rust/issues/86269> for more information
[INFO] [stdout] 
[INFO] [stdout] 
[INFO] [stdout] error[E0308]: mismatched types
[INFO] [stdout]    --> src/utils.rs:132:28
[INFO] [stdout]     |
[INFO] [stdout] 132 |     assert_eq!(20_f64.lerp(&80., &1.), 80.);
[INFO] [stdout]     |                            ^^^^
[INFO] [stdout]     |                            |
[INFO] [stdout]     |                            expected `f64`, found `&{float}`
[INFO] [stdout]     |                            help: consider removing the borrow: `80.`
[INFO] [stdout] 
[INFO] [stdout] 
[INFO] [stdout] error[E0308]: mismatched types
[INFO] [stdout]    --> src/utils.rs:132:34
[INFO] [stdout]     |
[INFO] [stdout] 132 |     assert_eq!(20_f64.lerp(&80., &1.), 80.);
[INFO] [stdout]     |                                  ^^^
[INFO] [stdout]     |                                  |
[INFO] [stdout]     |                                  expected `f64`, found `&{float}`
[INFO] [stdout]     |                                  help: consider removing the borrow: `1.`
[INFO] [stdout] 
[INFO] [stdout] 
[INFO] [stdout] error[E0658]: use of unstable library feature 'float_interpolation'
[INFO] [stdout]    --> src/utils.rs:133:23
[INFO] [stdout]     |
[INFO] [stdout] 133 |     assert_eq!(20_f64.lerp(&80., &0.5), 50.);
[INFO] [stdout]     |                       ^^^^
[INFO] [stdout]     |
[INFO] [stdout]     = note: see issue #86269 <https://github.com/rust-lang/rust/issues/86269> for more information
[INFO] [stdout] 
[INFO] [stdout] 
[INFO] [stdout] error[E0308]: mismatched types
[INFO] [stdout]    --> src/utils.rs:133:28
[INFO] [stdout]     |
[INFO] [stdout] 133 |     assert_eq!(20_f64.lerp(&80., &0.5), 50.);
[INFO] [stdout]     |                            ^^^^
[INFO] [stdout]     |                            |
[INFO] [stdout]     |                            expected `f64`, found `&{float}`
[INFO] [stdout]     |                            help: consider removing the borrow: `80.`
[INFO] [stdout] 
[INFO] [stdout] 
[INFO] [stdout] error[E0308]: mismatched types
[INFO] [stdout]    --> src/utils.rs:133:34
[INFO] [stdout]     |
[INFO] [stdout] 133 |     assert_eq!(20_f64.lerp(&80., &0.5), 50.);
[INFO] [stdout]     |                                  ^^^^
[INFO] [stdout]     |                                  |
[INFO] [stdout]     |                                  expected `f64`, found `&{float}`
[INFO] [stdout]     |                                  help: consider removing the borrow: `0.5`
[INFO] [stdout] 
[INFO] [stdout] 
[INFO] [stdout] error[E0658]: use of unstable library feature 'float_interpolation'
[INFO] [stdout]    --> src/utils.rs:134:23
[INFO] [stdout]     |
[INFO] [stdout] 134 |     assert_eq!(80_f64.lerp(&20., &0.75), 35.);
[INFO] [stdout]     |                       ^^^^
[INFO] [stdout]     |
[INFO] [stdout]     = note: see issue #86269 <https://github.com/rust-lang/rust/issues/86269> for more information
[INFO] [stdout] 
[INFO] [stdout] 
[INFO] [stdout] error[E0308]: mismatched types
[INFO] [stdout]    --> src/utils.rs:134:28
[INFO] [stdout]     |
[INFO] [stdout] 134 |     assert_eq!(80_f64.lerp(&20., &0.75), 35.);
[INFO] [stdout]     |                            ^^^^
[INFO] [stdout]     |                            |
[INFO] [stdout]     |                            expected `f64`, found `&{float}`
[INFO] [stdout]     |                            help: consider removing the borrow: `20.`
[INFO] [stdout] 
[INFO] [stdout] 
[INFO] [stdout] error[E0308]: mismatched types
[INFO] [stdout]    --> src/utils.rs:134:34
[INFO] [stdout]     |
[INFO] [stdout] 134 |     assert_eq!(80_f64.lerp(&20., &0.75), 35.);
[INFO] [stdout]     |                                  ^^^^^
[INFO] [stdout]     |                                  |
[INFO] [stdout]     |                                  expected `f64`, found `&{float}`
[INFO] [stdout]     |                                  help: consider removing the borrow: `0.75`
[INFO] [stdout] 
[INFO] [stdout] 
[INFO] [stdout] error[E0658]: use of unstable library feature 'float_interpolation'
[INFO] [stdout]    --> src/utils.rs:135:25
[INFO] [stdout]     |
[INFO] [stdout] 135 |     assert_eq!((-1_f64).lerp(&1., &0.25), -0.5);
[INFO] [stdout]     |                         ^^^^
[INFO] [stdout]     |
[INFO] [stdout]     = note: see issue #86269 <https://github.com/rust-lang/rust/issues/86269> for more information
[INFO] [stdout] 
[INFO] [stdout] 
[INFO] [stdout] error[E0308]: mismatched types
[INFO] [stdout]    --> src/utils.rs:135:30
[INFO] [stdout]     |
[INFO] [stdout] 135 |     assert_eq!((-1_f64).lerp(&1., &0.25), -0.5);
[INFO] [stdout]     |                              ^^^
[INFO] [stdout]     |                              |
[INFO] [stdout]     |                              expected `f64`, found `&{float}`
[INFO] [stdout]     |                              help: consider removing the borrow: `1.`
[INFO] [stdout] 
[INFO] [stdout] 
[INFO] [stdout] error[E0308]: mismatched types
[INFO] [stdout]    --> src/utils.rs:135:35
[INFO] [stdout]     |
[INFO] [stdout] 135 |     assert_eq!((-1_f64).lerp(&1., &0.25), -0.5);
[INFO] [stdout]     |                                   ^^^^^
[INFO] [stdout]     |                                   |
[INFO] [stdout]     |                                   expected `f64`, found `&{float}`
[INFO] [stdout]     |                                   help: consider removing the borrow: `0.25`
[INFO] [stdout] 
[INFO] [stdout] 
[INFO] [stdout] error[E0658]: use of unstable library feature 'float_interpolation'
[INFO] [stdout]    --> src/utils.rs:136:25
[INFO] [stdout]     |
[INFO] [stdout] 136 |     assert_eq!((-1_f64).lerp(&1., &0.5), 0.);
[INFO] [stdout]     |                         ^^^^
[INFO] [stdout]     |
[INFO] [stdout]     = note: see issue #86269 <https://github.com/rust-lang/rust/issues/86269> for more information
[INFO] [stdout] 
[INFO] [stdout] 
[INFO] [stdout] error[E0308]: mismatched types
[INFO] [stdout]    --> src/utils.rs:136:30
[INFO] [stdout]     |
[INFO] [stdout] 136 |     assert_eq!((-1_f64).lerp(&1., &0.5), 0.);
[INFO] [stdout]     |                              ^^^
[INFO] [stdout]     |                              |
[INFO] [stdout]     |                              expected `f64`, found `&{float}`
[INFO] [stdout]     |                              help: consider removing the borrow: `1.`
[INFO] [stdout] 
[INFO] [stdout] 
[INFO] [stdout] error[E0308]: mismatched types
[INFO] [stdout]    --> src/utils.rs:136:35
[INFO] [stdout]     |
[INFO] [stdout] 136 |     assert_eq!((-1_f64).lerp(&1., &0.5), 0.);
[INFO] [stdout]     |                                   ^^^^
[INFO] [stdout]     |                                   |
[INFO] [stdout]     |                                   expected `f64`, found `&{float}`
[INFO] [stdout]     |                                   help: consider removing the borrow: `0.5`
[INFO] [stdout] 
[INFO] [stdout] 
[INFO] [stdout] error[E0658]: use of unstable library feature 'float_interpolation'
[INFO] [stdout]    --> src/utils.rs:137:25
[INFO] [stdout]     |
[INFO] [stdout] 137 |     assert_eq!((-1_f64).lerp(&1., &0.75), 0.5);
[INFO] [stdout]     |                         ^^^^
[INFO] [stdout]     |
[INFO] [stdout]     = note: see issue #86269 <https://github.com/rust-lang/rust/issues/86269> for more information
[INFO] [stdout] 
[INFO] [stdout] 
[INFO] [stdout] error[E0308]: mismatched types
[INFO] [stdout]    --> src/utils.rs:137:30
[INFO] [stdout]     |
[INFO] [stdout] 137 |     assert_eq!((-1_f64).lerp(&1., &0.75), 0.5);
[INFO] [stdout]     |                              ^^^
[INFO] [stdout]     |                              |
[INFO] [stdout]     |                              expected `f64`, found `&{float}`
[INFO] [stdout]     |                              help: consider removing the borrow: `1.`
[INFO] [stdout] 
[INFO] [stdout] 
[INFO] [stdout] error[E0308]: mismatched types
[INFO] [stdout]    --> src/utils.rs:137:35
[INFO] [stdout]     |
[INFO] [stdout] 137 |     assert_eq!((-1_f64).lerp(&1., &0.75), 0.5);
[INFO] [stdout]     |                                   ^^^^^
[INFO] [stdout]     |                                   |
[INFO] [stdout]     |                                   expected `f64`, found `&{float}`
[INFO] [stdout]     |                                   help: consider removing the borrow: `0.75`
[INFO] [stdout] 
[INFO] [stdout] 
[INFO] [stdout] warning: unused import: `crate::utils::Lerp`
[INFO] [stdout]  --> src/textures/pattern.rs:3:5
[INFO] [stdout]   |
[INFO] [stdout] 3 | use crate::utils::Lerp;
[INFO] [stdout]   |     ^^^^^^^^^^^^^^^^^^
[INFO] [stdout]   |
[INFO] [stdout]   = note: `#[warn(unused_imports)]` on by default
[INFO] [stdout] 
[INFO] [stdout] 
[INFO] [stdout] error: aborting due to 40 previous errors; 1 warning emitted
[INFO] [stdout] 
[INFO] [stdout] 
[INFO] [stdout] Some errors have detailed explanations: E0308, E0432, E0658.
[INFO] [stdout] 
[INFO] [stdout] For more information about an error, try `rustc --explain E0308`.
[INFO] [stdout] 
[INFO] [stderr] error: build failed
[INFO] running `Command { std: "docker" "inspect" "b18943b375d59291a368003e8d71db46f5bd0af2efb529941e3d745cea0418d4", kill_on_drop: false }`
[INFO] running `Command { std: "docker" "rm" "-f" "b18943b375d59291a368003e8d71db46f5bd0af2efb529941e3d745cea0418d4", kill_on_drop: false }`
[INFO] [stdout] b18943b375d59291a368003e8d71db46f5bd0af2efb529941e3d745cea0418d4
