[INFO] cloning repository https://github.com/Shrekie/cqfile
[INFO] running `Command { std: "git" "-c" "credential.helper=" "-c" "credential.helper=/workspace/cargo-home/bin/git-credential-null" "clone" "--bare" "https://github.com/Shrekie/cqfile" "/workspace/cache/git-repos/https%3A%2F%2Fgithub.com%2FShrekie%2Fcqfile", kill_on_drop: false }`
[INFO] [stderr] Cloning into bare repository '/workspace/cache/git-repos/https%3A%2F%2Fgithub.com%2FShrekie%2Fcqfile'...
[INFO] running `Command { std: "git" "rev-parse" "HEAD", kill_on_drop: false }`
[INFO] [stdout] 19615d4ac31bfd93f00a57856f5950f2b4bf9dce
[INFO] checking Shrekie/cqfile against beta-2021-10-15 for beta-1.56-3
[INFO] running `Command { std: "git" "clone" "/workspace/cache/git-repos/https%3A%2F%2Fgithub.com%2FShrekie%2Fcqfile" "/workspace/builds/worker-14/source", kill_on_drop: false }`
[INFO] [stderr] Cloning into '/workspace/builds/worker-14/source'...
[INFO] [stderr] done.
[INFO] validating manifest of git repo https://github.com/Shrekie/cqfile on toolchain beta-2021-10-15
[INFO] running `Command { std: "/workspace/cargo-home/bin/cargo" "+beta-2021-10-15" "metadata" "--manifest-path" "Cargo.toml" "--no-deps", kill_on_drop: false }`
[INFO] started tweaking git repo https://github.com/Shrekie/cqfile
[INFO] finished tweaking git repo https://github.com/Shrekie/cqfile
[INFO] tweaked toml for git repo https://github.com/Shrekie/cqfile written to /workspace/builds/worker-14/source/Cargo.toml
[INFO] crate git repo https://github.com/Shrekie/cqfile already has a lockfile, it will not be regenerated
[INFO] running `Command { std: "/workspace/cargo-home/bin/cargo" "+beta-2021-10-15" "fetch" "--manifest-path" "Cargo.toml", kill_on_drop: false }`
[INFO] running `Command { std: "docker" "create" "-v" "/var/lib/crater-agent-workspace/builds/worker-14/target:/opt/rustwide/target:rw,Z" "-v" "/var/lib/crater-agent-workspace/builds/worker-14/source:/opt/rustwide/workdir:ro,Z" "-v" "/var/lib/crater-agent-workspace/cargo-home:/opt/rustwide/cargo-home:ro,Z" "-v" "/var/lib/crater-agent-workspace/rustup-home:/opt/rustwide/rustup-home:ro,Z" "-e" "SOURCE_DIR=/opt/rustwide/workdir" "-e" "CARGO_TARGET_DIR=/opt/rustwide/target" "-e" "CARGO_HOME=/opt/rustwide/cargo-home" "-e" "RUSTUP_HOME=/opt/rustwide/rustup-home" "-w" "/opt/rustwide/workdir" "-m" "1610612736" "--user" "0:0" "--network" "none" "ghcr.io/rust-lang/crates-build-env/linux@sha256:a89201d6b5b9fd45c15d5952ece0a0129e7e80cb26ec023fd59cf09bc26f1604" "/opt/rustwide/cargo-home/bin/cargo" "+beta-2021-10-15" "metadata" "--no-deps" "--format-version=1", kill_on_drop: false }`
[INFO] [stdout] ff1a86325de502af2f2944d5762d3ff8b5075fc577f1555a9477c14a5699ab3f
[INFO] [stderr] WARNING: Your kernel does not support swap limit capabilities or the cgroup is not mounted. Memory limited without swap.
[INFO] running `Command { std: "docker" "start" "-a" "ff1a86325de502af2f2944d5762d3ff8b5075fc577f1555a9477c14a5699ab3f", kill_on_drop: false }`
[INFO] running `Command { std: "docker" "inspect" "ff1a86325de502af2f2944d5762d3ff8b5075fc577f1555a9477c14a5699ab3f", kill_on_drop: false }`
[INFO] running `Command { std: "docker" "rm" "-f" "ff1a86325de502af2f2944d5762d3ff8b5075fc577f1555a9477c14a5699ab3f", kill_on_drop: false }`
[INFO] [stdout] ff1a86325de502af2f2944d5762d3ff8b5075fc577f1555a9477c14a5699ab3f
[INFO] running `Command { std: "docker" "create" "-v" "/var/lib/crater-agent-workspace/builds/worker-14/target:/opt/rustwide/target:rw,Z" "-v" "/var/lib/crater-agent-workspace/builds/worker-14/source:/opt/rustwide/workdir:ro,Z" "-v" "/var/lib/crater-agent-workspace/cargo-home:/opt/rustwide/cargo-home:ro,Z" "-v" "/var/lib/crater-agent-workspace/rustup-home:/opt/rustwide/rustup-home:ro,Z" "-e" "SOURCE_DIR=/opt/rustwide/workdir" "-e" "CARGO_TARGET_DIR=/opt/rustwide/target" "-e" "CARGO_INCREMENTAL=0" "-e" "RUST_BACKTRACE=full" "-e" "RUSTFLAGS=--cap-lints=warn" "-e" "CARGO_HOME=/opt/rustwide/cargo-home" "-e" "RUSTUP_HOME=/opt/rustwide/rustup-home" "-w" "/opt/rustwide/workdir" "-m" "1610612736" "--user" "0:0" "--network" "none" "ghcr.io/rust-lang/crates-build-env/linux@sha256:a89201d6b5b9fd45c15d5952ece0a0129e7e80cb26ec023fd59cf09bc26f1604" "/opt/rustwide/cargo-home/bin/cargo" "+beta-2021-10-15" "check" "--frozen" "--all" "--all-targets" "--message-format=json", kill_on_drop: false }`
[INFO] [stdout] 01b24804e45c968be1d517a11184702ad9e1c263b9876662c8c06ab422f4d400
[INFO] [stderr] WARNING: Your kernel does not support swap limit capabilities or the cgroup is not mounted. Memory limited without swap.
[INFO] running `Command { std: "docker" "start" "-a" "01b24804e45c968be1d517a11184702ad9e1c263b9876662c8c06ab422f4d400", kill_on_drop: false }`
[INFO] [stderr]     Checking cqfile v0.1.0 (/opt/rustwide/workdir)
[INFO] [stdout] warning: unused import: `terminal::expression::Count`
[INFO] [stdout]  --> src/lib.rs:4:5
[INFO] [stdout]   |
[INFO] [stdout] 4 | use terminal::expression::Count;
[INFO] [stdout]   |     ^^^^^^^^^^^^^^^^^^^^^^^^^^^
[INFO] [stdout]   |
[INFO] [stdout]   = note: `#[warn(unused_imports)]` on by default
[INFO] [stdout] 
[INFO] [stdout] 
[INFO] [stdout] warning: unused import: `terminal::expression::Line`
[INFO] [stdout]  --> src/lib.rs:6:5
[INFO] [stdout]   |
[INFO] [stdout] 6 | use terminal::expression::Line;
[INFO] [stdout]   |     ^^^^^^^^^^^^^^^^^^^^^^^^^^
[INFO] [stdout] 
[INFO] [stdout] 
[INFO] [stdout] warning: unused import: `terminal::Query`
[INFO] [stdout]  --> src/lib.rs:9:5
[INFO] [stdout]   |
[INFO] [stdout] 9 | use terminal::Query;
[INFO] [stdout]   |     ^^^^^^^^^^^^^^^
[INFO] [stdout] 
[INFO] [stdout] 
[INFO] [stdout] warning: unused import: `terminal::expression::Command`
[INFO] [stdout]  --> src/lib.rs:2:5
[INFO] [stdout]   |
[INFO] [stdout] 2 | use terminal::expression::Command;
[INFO] [stdout]   |     ^^^^^^^^^^^^^^^^^^^^^^^^^^^^^
[INFO] [stdout]   |
[INFO] [stdout]   = note: `#[warn(unused_imports)]` on by default
[INFO] [stdout] 
[INFO] [stdout] 
[INFO] [stdout] warning: unused import: `terminal::expression::CommandResult`
[INFO] [stdout]  --> src/lib.rs:3:5
[INFO] [stdout]   |
[INFO] [stdout] 3 | use terminal::expression::CommandResult;
[INFO] [stdout]   |     ^^^^^^^^^^^^^^^^^^^^^^^^^^^^^^^^^^^
[INFO] [stdout] 
[INFO] [stdout] 
[INFO] [stdout] warning: unused import: `terminal::expression::Count`
[INFO] [stdout]  --> src/lib.rs:4:5
[INFO] [stdout]   |
[INFO] [stdout] 4 | use terminal::expression::Count;
[INFO] [stdout]   |     ^^^^^^^^^^^^^^^^^^^^^^^^^^^
[INFO] [stdout] 
[INFO] [stdout] 
[INFO] [stdout] warning: unused import: `terminal::expression::Search`
[INFO] [stdout]  --> src/lib.rs:5:5
[INFO] [stdout]   |
[INFO] [stdout] 5 | use terminal::expression::Search;
[INFO] [stdout]   |     ^^^^^^^^^^^^^^^^^^^^^^^^^^^^
[INFO] [stdout] 
[INFO] [stdout] 
[INFO] [stdout] warning: unused import: `terminal::expression::Line`
[INFO] [stdout]  --> src/lib.rs:6:5
[INFO] [stdout]   |
[INFO] [stdout] 6 | use terminal::expression::Line;
[INFO] [stdout]   |     ^^^^^^^^^^^^^^^^^^^^^^^^^^
[INFO] [stdout] 
[INFO] [stdout] 
[INFO] [stdout] warning: unused import: `terminal::scanner`
[INFO] [stdout]  --> src/lib.rs:7:5
[INFO] [stdout]   |
[INFO] [stdout] 7 | use terminal::scanner;
[INFO] [stdout]   |     ^^^^^^^^^^^^^^^^^
[INFO] [stdout] 
[INFO] [stdout] 
[INFO] [stdout] warning: unused import: `terminal::Invoker`
[INFO] [stdout]  --> src/lib.rs:8:5
[INFO] [stdout]   |
[INFO] [stdout] 8 | use terminal::Invoker;
[INFO] [stdout]   |     ^^^^^^^^^^^^^^^^^
[INFO] [stdout] 
[INFO] [stdout] 
[INFO] [stdout] warning: unused import: `terminal::Query`
[INFO] [stdout]  --> src/lib.rs:9:5
[INFO] [stdout]   |
[INFO] [stdout] 9 | use terminal::Query;
[INFO] [stdout]   |     ^^^^^^^^^^^^^^^
[INFO] [stdout] 
[INFO] [stdout] 
[INFO] [stdout] warning: associated function is never used: `parts`
[INFO] [stdout]   --> src/terminal.rs:51:6
[INFO] [stdout]    |
[INFO] [stdout] 51 |   fn parts(&self) -> (&String, &String, &String) {
[INFO] [stdout]    |      ^^^^^
[INFO] [stdout]    |
[INFO] [stdout]    = note: `#[warn(dead_code)]` on by default
[INFO] [stdout] 
[INFO] [stdout] 
[INFO] [stdout] warning: 9 warnings emitted
[INFO] [stdout] 
[INFO] [stdout] 
[INFO] [stdout] error[E0277]: can't compare `{integer}` with `terminal::expression::Sum`
[INFO] [stdout]    --> src/terminal/expression.rs:161:16
[INFO] [stdout]     |
[INFO] [stdout] 161 |       Ok(s) => assert_eq!(2, *s),
[INFO] [stdout]     |                ^^^^^^^^^^^^^^^^^ no implementation for `{integer} == terminal::expression::Sum`
[INFO] [stdout]     |
[INFO] [stdout]     = help: the trait `PartialEq<terminal::expression::Sum>` is not implemented for `{integer}`
[INFO] [stdout]     = note: this error originates in the macro `assert_eq` (in Nightly builds, run with -Z macro-backtrace for more info)
[INFO] [stdout] 
[INFO] [stdout] 
[INFO] [stdout] error[E0277]: `terminal::expression::Sum` doesn't implement `Debug`
[INFO] [stdout]    --> src/terminal/expression.rs:161:16
[INFO] [stdout]     |
[INFO] [stdout] 161 |       Ok(s) => assert_eq!(2, *s),
[INFO] [stdout]     |                ^^^^^^^^^^^^^^^^^ `terminal::expression::Sum` cannot be formatted using `{:?}`
[INFO] [stdout]     |
[INFO] [stdout]     = help: the trait `Debug` is not implemented for `terminal::expression::Sum`
[INFO] [stdout]     = note: add `#[derive(Debug)]` to `terminal::expression::Sum` or manually `impl Debug for terminal::expression::Sum`
[INFO] [stdout]     = note: this error originates in the macro `assert_eq` (in Nightly builds, run with -Z macro-backtrace for more info)
[INFO] [stdout] 
[INFO] [stdout] 
[INFO] [stdout] error: aborting due to 2 previous errors; 3 warnings emitted
[INFO] [stdout] 
[INFO] [stdout] 
[INFO] [stdout] For more information about this error, try `rustc --explain E0277`.
[INFO] [stdout] 
[INFO] [stderr] error: could not compile `cqfile` due to 3 previous errors; 3 warnings emitted
[INFO] [stderr] warning: build failed, waiting for other jobs to finish...
[INFO] [stdout] error[E0433]: failed to resolve: use of undeclared crate or module `terminal`
[INFO] [stdout]  --> src/main.rs:5:5
[INFO] [stdout]   |
[INFO] [stdout] 5 | use terminal::expression::Command;
[INFO] [stdout]   |     ^^^^^^^^ use of undeclared crate or module `terminal`
[INFO] [stdout] 
[INFO] [stdout] 
[INFO] [stdout] error[E0433]: failed to resolve: use of undeclared crate or module `terminal`
[INFO] [stdout]  --> src/main.rs:5:5
[INFO] [stdout]   |
[INFO] [stdout] 5 | use terminal::expression::Command;
[INFO] [stdout]   |     ^^^^^^^^ use of undeclared crate or module `terminal`
[INFO] [stdout] 
[INFO] [stdout] 
[INFO] [stdout] error[E0308]: mismatched types
[INFO] [stdout]   --> src/main.rs:18:27
[INFO] [stdout]    |
[INFO] [stdout] 18 |   invoker.enable("count", &counts);
[INFO] [stdout]    |                           ^^^^^^^ expected struct `Search`, found struct `cqfile::terminal::expression::Count`
[INFO] [stdout]    |
[INFO] [stdout]    = note: expected reference `&Search`
[INFO] [stdout]               found reference `&cqfile::terminal::expression::Count`
[INFO] [stdout] 
[INFO] [stdout] 
[INFO] [stdout] error[E0599]: no method named `operate` found for reference `&Search` in the current scope
[INFO] [stdout]   --> src/main.rs:21:24
[INFO] [stdout]    |
[INFO] [stdout] 21 |   let result = command.operate(&query.argument, &file_contents);
[INFO] [stdout]    |                        ^^^^^^^ method not found in `&Search`
[INFO] [stdout]    |
[INFO] [stdout]    = help: items from traits can only be used if the trait is in scope
[INFO] [stdout] help: the following trait is implemented but not in scope; perhaps add a `use` for it:
[INFO] [stdout]    |
[INFO] [stdout] 1  | use cqfile::terminal::expression::Command;
[INFO] [stdout]    |
[INFO] [stdout] 
[INFO] [stdout] 
[INFO] [stdout] error: aborting due to 3 previous errors
[INFO] [stdout] 
[INFO] [stdout] 
[INFO] [stdout] Some errors have detailed explanations: E0308, E0433, E0599.
[INFO] [stdout] 
[INFO] [stdout] For more information about an error, try `rustc --explain E0308`.
[INFO] [stdout] 
[INFO] [stdout] error[E0308]: mismatched types
[INFO] [stdout]   --> src/main.rs:18:27
[INFO] [stdout]    |
[INFO] [stdout] 18 |   invoker.enable("count", &counts);
[INFO] [stdout]    |                           ^^^^^^^ expected struct `Search`, found struct `cqfile::terminal::expression::Count`
[INFO] [stdout]    |
[INFO] [stdout]    = note: expected reference `&Search`
[INFO] [stdout]               found reference `&cqfile::terminal::expression::Count`
[INFO] [stdout] 
[INFO] [stdout] 
[INFO] [stdout] error[E0599]: no method named `operate` found for reference `&Search` in the current scope
[INFO] [stdout]   --> src/main.rs:21:24
[INFO] [stdout]    |
[INFO] [stdout] 21 |   let result = command.operate(&query.argument, &file_contents);
[INFO] [stdout]    |                        ^^^^^^^ method not found in `&Search`
[INFO] [stdout]    |
[INFO] [stdout]    = help: items from traits can only be used if the trait is in scope
[INFO] [stdout] help: the following trait is implemented but not in scope; perhaps add a `use` for it:
[INFO] [stdout]    |
[INFO] [stdout] 1  | use cqfile::terminal::expression::Command;
[INFO] [stdout]    |
[INFO] [stdout] 
[INFO] [stdout] 
[INFO] [stdout] error: aborting due to 3 previous errors
[INFO] [stdout] 
[INFO] [stdout] 
[INFO] [stdout] Some errors have detailed explanations: E0308, E0433, E0599.
[INFO] [stdout] 
[INFO] [stdout] For more information about an error, try `rustc --explain E0308`.
[INFO] [stdout] 
[INFO] [stderr] error: build failed
[INFO] running `Command { std: "docker" "inspect" "01b24804e45c968be1d517a11184702ad9e1c263b9876662c8c06ab422f4d400", kill_on_drop: false }`
[INFO] running `Command { std: "docker" "rm" "-f" "01b24804e45c968be1d517a11184702ad9e1c263b9876662c8c06ab422f4d400", kill_on_drop: false }`
[INFO] [stdout] 01b24804e45c968be1d517a11184702ad9e1c263b9876662c8c06ab422f4d400
