[INFO] cloning repository https://github.com/SharkyRawr/rust-reddit-saved-exporter
[INFO] running `Command { std: "git" "-c" "credential.helper=" "-c" "credential.helper=/workspace/cargo-home/bin/git-credential-null" "clone" "--bare" "https://github.com/SharkyRawr/rust-reddit-saved-exporter" "/workspace/cache/git-repos/https%3A%2F%2Fgithub.com%2FSharkyRawr%2Frust-reddit-saved-exporter", kill_on_drop: false }`
[INFO] [stderr] Cloning into bare repository '/workspace/cache/git-repos/https%3A%2F%2Fgithub.com%2FSharkyRawr%2Frust-reddit-saved-exporter'...
[INFO] running `Command { std: "git" "rev-parse" "HEAD", kill_on_drop: false }`
[INFO] [stdout] 463ba3be84c22c9941076d1d9f2d9938243dc301
[INFO] checking SharkyRawr/rust-reddit-saved-exporter against 1.55.0 for beta-1.56-3
[INFO] running `Command { std: "git" "clone" "/workspace/cache/git-repos/https%3A%2F%2Fgithub.com%2FSharkyRawr%2Frust-reddit-saved-exporter" "/workspace/builds/worker-11/source", kill_on_drop: false }`
[INFO] [stderr] Cloning into '/workspace/builds/worker-11/source'...
[INFO] [stderr] done.
[INFO] validating manifest of git repo https://github.com/SharkyRawr/rust-reddit-saved-exporter on toolchain 1.55.0
[INFO] running `Command { std: "/workspace/cargo-home/bin/cargo" "+1.55.0" "metadata" "--manifest-path" "Cargo.toml" "--no-deps", kill_on_drop: false }`
[INFO] started tweaking git repo https://github.com/SharkyRawr/rust-reddit-saved-exporter
[INFO] finished tweaking git repo https://github.com/SharkyRawr/rust-reddit-saved-exporter
[INFO] tweaked toml for git repo https://github.com/SharkyRawr/rust-reddit-saved-exporter written to /workspace/builds/worker-11/source/Cargo.toml
[INFO] crate git repo https://github.com/SharkyRawr/rust-reddit-saved-exporter already has a lockfile, it will not be regenerated
[INFO] running `Command { std: "/workspace/cargo-home/bin/cargo" "+1.55.0" "fetch" "--manifest-path" "Cargo.toml", kill_on_drop: false }`
[INFO] running `Command { std: "docker" "create" "-v" "/var/lib/crater-agent-workspace/builds/worker-11/target:/opt/rustwide/target:rw,Z" "-v" "/var/lib/crater-agent-workspace/builds/worker-11/source:/opt/rustwide/workdir:ro,Z" "-v" "/var/lib/crater-agent-workspace/cargo-home:/opt/rustwide/cargo-home:ro,Z" "-v" "/var/lib/crater-agent-workspace/rustup-home:/opt/rustwide/rustup-home:ro,Z" "-e" "SOURCE_DIR=/opt/rustwide/workdir" "-e" "CARGO_TARGET_DIR=/opt/rustwide/target" "-e" "CARGO_HOME=/opt/rustwide/cargo-home" "-e" "RUSTUP_HOME=/opt/rustwide/rustup-home" "-w" "/opt/rustwide/workdir" "-m" "1610612736" "--user" "0:0" "--network" "none" "ghcr.io/rust-lang/crates-build-env/linux@sha256:a89201d6b5b9fd45c15d5952ece0a0129e7e80cb26ec023fd59cf09bc26f1604" "/opt/rustwide/cargo-home/bin/cargo" "+1.55.0" "metadata" "--no-deps" "--format-version=1", kill_on_drop: false }`
[INFO] [stdout] b5b852ecb6ca83d510478a18da8ac3d369f485aa8d380fc42e9f7969bc1cfbc0
[INFO] [stderr] WARNING: Your kernel does not support swap limit capabilities or the cgroup is not mounted. Memory limited without swap.
[INFO] running `Command { std: "docker" "start" "-a" "b5b852ecb6ca83d510478a18da8ac3d369f485aa8d380fc42e9f7969bc1cfbc0", kill_on_drop: false }`
[INFO] running `Command { std: "docker" "inspect" "b5b852ecb6ca83d510478a18da8ac3d369f485aa8d380fc42e9f7969bc1cfbc0", kill_on_drop: false }`
[INFO] running `Command { std: "docker" "rm" "-f" "b5b852ecb6ca83d510478a18da8ac3d369f485aa8d380fc42e9f7969bc1cfbc0", kill_on_drop: false }`
[INFO] [stdout] b5b852ecb6ca83d510478a18da8ac3d369f485aa8d380fc42e9f7969bc1cfbc0
[INFO] running `Command { std: "docker" "create" "-v" "/var/lib/crater-agent-workspace/builds/worker-11/target:/opt/rustwide/target:rw,Z" "-v" "/var/lib/crater-agent-workspace/builds/worker-11/source:/opt/rustwide/workdir:ro,Z" "-v" "/var/lib/crater-agent-workspace/cargo-home:/opt/rustwide/cargo-home:ro,Z" "-v" "/var/lib/crater-agent-workspace/rustup-home:/opt/rustwide/rustup-home:ro,Z" "-e" "SOURCE_DIR=/opt/rustwide/workdir" "-e" "CARGO_TARGET_DIR=/opt/rustwide/target" "-e" "CARGO_INCREMENTAL=0" "-e" "RUST_BACKTRACE=full" "-e" "RUSTFLAGS=--cap-lints=warn" "-e" "CARGO_HOME=/opt/rustwide/cargo-home" "-e" "RUSTUP_HOME=/opt/rustwide/rustup-home" "-w" "/opt/rustwide/workdir" "-m" "1610612736" "--user" "0:0" "--network" "none" "ghcr.io/rust-lang/crates-build-env/linux@sha256:a89201d6b5b9fd45c15d5952ece0a0129e7e80cb26ec023fd59cf09bc26f1604" "/opt/rustwide/cargo-home/bin/cargo" "+1.55.0" "check" "--frozen" "--all" "--all-targets" "--message-format=json", kill_on_drop: false }`
[INFO] [stdout] d02adba1b9fe150098fa6213550bc19f1cf6af5c32d0bdd5b31aa2579b02a343
[INFO] [stderr] WARNING: Your kernel does not support swap limit capabilities or the cgroup is not mounted. Memory limited without swap.
[INFO] running `Command { std: "docker" "start" "-a" "d02adba1b9fe150098fa6213550bc19f1cf6af5c32d0bdd5b31aa2579b02a343", kill_on_drop: false }`
[INFO] [stderr]     Blocking waiting for file lock on package cache
[INFO] [stderr]    Compiling proc-macro2 v1.0.18
[INFO] [stderr]    Compiling syn v1.0.32
[INFO] [stderr]     Checking base64 v0.12.2
[INFO] [stderr]     Checking http-body v0.3.1
[INFO] [stderr]     Checking num_cpus v1.13.0
[INFO] [stderr]     Checking openssl-sys v0.9.58
[INFO] [stderr]     Checking socket2 v0.3.12
[INFO] [stderr]     Checking url v2.1.1
[INFO] [stderr]     Checking openssl v0.10.29
[INFO] [stderr]    Compiling quote v1.0.7
[INFO] [stderr]     Checking native-tls v0.2.4
[INFO] [stderr]    Compiling tokio-macros v0.2.5
[INFO] [stderr]    Compiling pin-project-internal v0.4.22
[INFO] [stderr]    Compiling serde_derive v1.0.113
[INFO] [stderr]     Checking tokio v0.2.21
[INFO] [stderr]     Checking pin-project v0.4.22
[INFO] [stderr]     Checking futures-util v0.3.5
[INFO] [stderr]     Checking tokio-util v0.3.1
[INFO] [stderr]     Checking tokio-tls v0.3.1
[INFO] [stderr]     Checking h2 v0.2.5
[INFO] [stderr]     Checking serde v1.0.113
[INFO] [stderr]     Checking hyper v0.13.6
[INFO] [stderr]     Checking serde_json v1.0.55
[INFO] [stderr]     Checking serde_urlencoded v0.6.1
[INFO] [stderr]     Checking hyper-tls v0.4.1
[INFO] [stderr]     Checking reqwest v0.10.6
[INFO] [stderr]     Checking rust-reddit-saved-exporter v0.1.0 (/opt/rustwide/workdir)
[INFO] [stdout] error[E0583]: file not found for module `config`
[INFO] [stdout]  --> src/main.rs:3:1
[INFO] [stdout]   |
[INFO] [stdout] 3 | mod config;
[INFO] [stdout]   | ^^^^^^^^^^^
[INFO] [stdout]   |
[INFO] [stdout]   = help: to create the module `config`, create file "src/config.rs" or "src/config/mod.rs"
[INFO] [stdout] 
[INFO] [stdout] 
[INFO] [stdout] error[E0583]: file not found for module `config`
[INFO] [stdout]  --> src/main.rs:3:1
[INFO] [stdout]   |
[INFO] [stdout] 3 | mod config;
[INFO] [stdout]   | ^^^^^^^^^^^
[INFO] [stdout]   |
[INFO] [stdout]   = help: to create the module `config`, create file "src/config.rs" or "src/config/mod.rs"
[INFO] [stdout] 
[INFO] [stdout] 
[INFO] [stdout] error[E0425]: cannot find value `REDDIT_USERNAME` in module `config`
[INFO] [stdout]  --> src/main.rs:9:17
[INFO] [stdout]   |
[INFO] [stdout] 9 |         config::REDDIT_USERNAME,
[INFO] [stdout]   |                 ^^^^^^^^^^^^^^^ not found in `config`
[INFO] [stdout] 
[INFO] [stdout] 
[INFO] [stdout] error[E0425]: cannot find value `REDDIT_PASSWORD` in module `config`
[INFO] [stdout]   --> src/main.rs:10:17
[INFO] [stdout]    |
[INFO] [stdout] 10 |         config::REDDIT_PASSWORD,
[INFO] [stdout]    |                 ^^^^^^^^^^^^^^^ not found in `config`
[INFO] [stdout] 
[INFO] [stdout] 
[INFO] [stdout] error[E0425]: cannot find value `REDDIT_APPID` in module `config`
[INFO] [stdout]   --> src/main.rs:11:17
[INFO] [stdout]    |
[INFO] [stdout] 11 |         config::REDDIT_APPID,
[INFO] [stdout]    |                 ^^^^^^^^^^^^ not found in `config`
[INFO] [stdout] 
[INFO] [stdout] 
[INFO] [stdout] error[E0425]: cannot find value `REDDIT_SECRET` in module `config`
[INFO] [stdout]   --> src/main.rs:12:17
[INFO] [stdout]    |
[INFO] [stdout] 12 |         config::REDDIT_SECRET,
[INFO] [stdout]    |                 ^^^^^^^^^^^^^ not found in `config`
[INFO] [stdout] 
[INFO] [stdout] 
[INFO] [stdout] error[E0425]: cannot find value `REDDIT_USERNAME` in module `config`
[INFO] [stdout]  --> src/main.rs:9:17
[INFO] [stdout]   |
[INFO] [stdout] 9 |         config::REDDIT_USERNAME,
[INFO] [stdout]   |                 ^^^^^^^^^^^^^^^ not found in `config`
[INFO] [stdout] 
[INFO] [stdout] 
[INFO] [stdout] error[E0425]: cannot find value `REDDIT_PASSWORD` in module `config`
[INFO] [stdout]   --> src/main.rs:10:17
[INFO] [stdout]    |
[INFO] [stdout] 10 |         config::REDDIT_PASSWORD,
[INFO] [stdout]    |                 ^^^^^^^^^^^^^^^ not found in `config`
[INFO] [stdout] 
[INFO] [stdout] 
[INFO] [stdout] error[E0425]: cannot find value `REDDIT_APPID` in module `config`
[INFO] [stdout]   --> src/main.rs:11:17
[INFO] [stdout]    |
[INFO] [stdout] 11 |         config::REDDIT_APPID,
[INFO] [stdout]    |                 ^^^^^^^^^^^^ not found in `config`
[INFO] [stdout] 
[INFO] [stdout] 
[INFO] [stdout] error[E0425]: cannot find value `REDDIT_SECRET` in module `config`
[INFO] [stdout]   --> src/main.rs:12:17
[INFO] [stdout]    |
[INFO] [stdout] 12 |         config::REDDIT_SECRET,
[INFO] [stdout]    |                 ^^^^^^^^^^^^^ not found in `config`
[INFO] [stdout] 
[INFO] [stdout] 
[INFO] [stdout] warning: unused import: `tokio::prelude::*`
[INFO] [stdout]  --> src/main.rs:1:5
[INFO] [stdout]   |
[INFO] [stdout] 1 | use tokio::prelude::*;
[INFO] [stdout]   |     ^^^^^^^^^^^^^^^^^
[INFO] [stdout]   |
[INFO] [stdout]   = note: `#[warn(unused_imports)]` on by default
[INFO] [stdout] 
[INFO] [stdout] 
[INFO] [stdout] warning: unused import: `tokio::prelude::*`
[INFO] [stdout]  --> src/main.rs:1:5
[INFO] [stdout]   |
[INFO] [stdout] 1 | use tokio::prelude::*;
[INFO] [stdout]   |     ^^^^^^^^^^^^^^^^^
[INFO] [stdout]   |
[INFO] [stdout]   = note: `#[warn(unused_imports)]` on by default
[INFO] [stdout] 
[INFO] [stdout] 
[INFO] [stdout] error: aborting due to 5 previous errors; 1 warning emitted
[INFO] [stdout] 
[INFO] [stdout] 
[INFO] [stdout] Some errors have detailed explanations: E0425, E0583.
[INFO] [stdout] 
[INFO] [stdout] For more information about an error, try `rustc --explain E0425`.
[INFO] [stdout] 
[INFO] [stderr] error: could not compile `rust-reddit-saved-exporter` due to 6 previous errors; 1 warning emitted
[INFO] [stderr] warning: build failed, waiting for other jobs to finish...
[INFO] [stdout] error: aborting due to 5 previous errors; 1 warning emitted
[INFO] [stdout] 
[INFO] [stdout] 
[INFO] [stdout] Some errors have detailed explanations: E0425, E0583.
[INFO] [stdout] 
[INFO] [stdout] For more information about an error, try `rustc --explain E0425`.
[INFO] [stdout] 
[INFO] [stderr] error: build failed
[INFO] running `Command { std: "docker" "inspect" "d02adba1b9fe150098fa6213550bc19f1cf6af5c32d0bdd5b31aa2579b02a343", kill_on_drop: false }`
[INFO] running `Command { std: "docker" "rm" "-f" "d02adba1b9fe150098fa6213550bc19f1cf6af5c32d0bdd5b31aa2579b02a343", kill_on_drop: false }`
[INFO] [stdout] d02adba1b9fe150098fa6213550bc19f1cf6af5c32d0bdd5b31aa2579b02a343
