[INFO] cloning repository https://github.com/ShabbirHasan1/Rust_Learnings
[INFO] running `Command { std: "git" "-c" "credential.helper=" "-c" "credential.helper=/workspace/cargo-home/bin/git-credential-null" "clone" "--bare" "https://github.com/ShabbirHasan1/Rust_Learnings" "/workspace/cache/git-repos/https%3A%2F%2Fgithub.com%2FShabbirHasan1%2FRust_Learnings", kill_on_drop: false }`
[INFO] [stderr] Cloning into bare repository '/workspace/cache/git-repos/https%3A%2F%2Fgithub.com%2FShabbirHasan1%2FRust_Learnings'...
[INFO] running `Command { std: "git" "rev-parse" "HEAD", kill_on_drop: false }`
[INFO] [stdout] 58b96ec65109f5637320d3bc7528299c39c5d054
[INFO] checking ShabbirHasan1/Rust_Learnings against 1.55.0 for beta-1.56-3
[INFO] running `Command { std: "git" "clone" "/workspace/cache/git-repos/https%3A%2F%2Fgithub.com%2FShabbirHasan1%2FRust_Learnings" "/workspace/builds/worker-0/source", kill_on_drop: false }`
[INFO] [stderr] Cloning into '/workspace/builds/worker-0/source'...
[INFO] [stderr] done.
[INFO] validating manifest of git repo https://github.com/ShabbirHasan1/Rust_Learnings on toolchain 1.55.0
[INFO] running `Command { std: "/workspace/cargo-home/bin/cargo" "+1.55.0" "metadata" "--manifest-path" "Cargo.toml" "--no-deps", kill_on_drop: false }`
[INFO] started tweaking git repo https://github.com/ShabbirHasan1/Rust_Learnings
[INFO] finished tweaking git repo https://github.com/ShabbirHasan1/Rust_Learnings
[INFO] tweaked toml for git repo https://github.com/ShabbirHasan1/Rust_Learnings written to /workspace/builds/worker-0/source/Cargo.toml
[INFO] crate git repo https://github.com/ShabbirHasan1/Rust_Learnings already has a lockfile, it will not be regenerated
[INFO] running `Command { std: "/workspace/cargo-home/bin/cargo" "+1.55.0" "fetch" "--manifest-path" "Cargo.toml", kill_on_drop: false }`
[INFO] running `Command { std: "docker" "create" "-v" "/var/lib/crater-agent-workspace/builds/worker-0/target:/opt/rustwide/target:rw,Z" "-v" "/var/lib/crater-agent-workspace/builds/worker-0/source:/opt/rustwide/workdir:ro,Z" "-v" "/var/lib/crater-agent-workspace/cargo-home:/opt/rustwide/cargo-home:ro,Z" "-v" "/var/lib/crater-agent-workspace/rustup-home:/opt/rustwide/rustup-home:ro,Z" "-e" "SOURCE_DIR=/opt/rustwide/workdir" "-e" "CARGO_TARGET_DIR=/opt/rustwide/target" "-e" "CARGO_HOME=/opt/rustwide/cargo-home" "-e" "RUSTUP_HOME=/opt/rustwide/rustup-home" "-w" "/opt/rustwide/workdir" "-m" "1610612736" "--user" "0:0" "--network" "none" "ghcr.io/rust-lang/crates-build-env/linux@sha256:a89201d6b5b9fd45c15d5952ece0a0129e7e80cb26ec023fd59cf09bc26f1604" "/opt/rustwide/cargo-home/bin/cargo" "+1.55.0" "metadata" "--no-deps" "--format-version=1", kill_on_drop: false }`
[INFO] [stdout] a95d5c945cceaaf0344cc23f9187a870f683db9716fd474febc826e430e7cbc2
[INFO] [stderr] WARNING: Your kernel does not support swap limit capabilities or the cgroup is not mounted. Memory limited without swap.
[INFO] running `Command { std: "docker" "start" "-a" "a95d5c945cceaaf0344cc23f9187a870f683db9716fd474febc826e430e7cbc2", kill_on_drop: false }`
[INFO] running `Command { std: "docker" "inspect" "a95d5c945cceaaf0344cc23f9187a870f683db9716fd474febc826e430e7cbc2", kill_on_drop: false }`
[INFO] running `Command { std: "docker" "rm" "-f" "a95d5c945cceaaf0344cc23f9187a870f683db9716fd474febc826e430e7cbc2", kill_on_drop: false }`
[INFO] [stdout] a95d5c945cceaaf0344cc23f9187a870f683db9716fd474febc826e430e7cbc2
[INFO] running `Command { std: "docker" "create" "-v" "/var/lib/crater-agent-workspace/builds/worker-0/target:/opt/rustwide/target:rw,Z" "-v" "/var/lib/crater-agent-workspace/builds/worker-0/source:/opt/rustwide/workdir:ro,Z" "-v" "/var/lib/crater-agent-workspace/cargo-home:/opt/rustwide/cargo-home:ro,Z" "-v" "/var/lib/crater-agent-workspace/rustup-home:/opt/rustwide/rustup-home:ro,Z" "-e" "SOURCE_DIR=/opt/rustwide/workdir" "-e" "CARGO_TARGET_DIR=/opt/rustwide/target" "-e" "CARGO_INCREMENTAL=0" "-e" "RUST_BACKTRACE=full" "-e" "RUSTFLAGS=--cap-lints=warn" "-e" "CARGO_HOME=/opt/rustwide/cargo-home" "-e" "RUSTUP_HOME=/opt/rustwide/rustup-home" "-w" "/opt/rustwide/workdir" "-m" "1610612736" "--user" "0:0" "--network" "none" "ghcr.io/rust-lang/crates-build-env/linux@sha256:a89201d6b5b9fd45c15d5952ece0a0129e7e80cb26ec023fd59cf09bc26f1604" "/opt/rustwide/cargo-home/bin/cargo" "+1.55.0" "check" "--frozen" "--all" "--all-targets" "--message-format=json", kill_on_drop: false }`
[INFO] [stdout] 779cfc706890727476b126b483fd1991656a06f44642350124a7808e132f770e
[INFO] [stderr] WARNING: Your kernel does not support swap limit capabilities or the cgroup is not mounted. Memory limited without swap.
[INFO] running `Command { std: "docker" "start" "-a" "779cfc706890727476b126b483fd1991656a06f44642350124a7808e132f770e", kill_on_drop: false }`
[INFO] [stderr]    Compiling futures-task v0.3.15
[INFO] [stderr]    Compiling openssl v0.10.34
[INFO] [stderr]    Compiling futures-channel v0.3.15
[INFO] [stderr]    Compiling serde v1.0.126
[INFO] [stderr]    Compiling tokio v1.6.0
[INFO] [stderr]    Compiling futures-util v0.3.15
[INFO] [stderr]    Compiling openssl-sys v0.9.63
[INFO] [stderr]     Checking tracing v0.1.26
[INFO] [stderr]     Checking mio v0.7.11
[INFO] [stderr]     Checking signal-hook-registry v1.3.0
[INFO] [stderr]    Compiling syn v1.0.72
[INFO] [stderr]    Compiling native-tls v0.2.7
[INFO] [stderr]     Checking serde_json v1.0.64
[INFO] [stderr]     Checking serde_urlencoded v0.7.0
[INFO] [stderr]    Compiling tokio-macros v1.2.0
[INFO] [stderr]    Compiling pin-project-internal v1.0.7
[INFO] [stderr]     Checking pin-project v1.0.7
[INFO] [stderr]     Checking tokio-util v0.6.7
[INFO] [stderr]     Checking tokio-native-tls v0.3.0
[INFO] [stderr]     Checking h2 v0.3.3
[INFO] [stderr]     Checking hyper v0.14.7
[INFO] [stderr]     Checking hyper-tls v0.5.0
[INFO] [stderr]     Checking reqwest v0.11.3
[INFO] [stderr]     Checking reqwest_ex_1 v0.1.0 (/opt/rustwide/workdir)
[INFO] [stdout] error[E0428]: the name `main` is defined multiple times
[INFO] [stdout]   --> src/main.rs:45:1
[INFO] [stdout]    |
[INFO] [stdout] 22 | async fn main() -> Result<(), reqwest::Error> {
[INFO] [stdout]    |       --------------------------------------- previous definition of the value `main` here
[INFO] [stdout] ...
[INFO] [stdout] 45 | fn main() {}
[INFO] [stdout]    | ^^^^^^^^^ `main` redefined here
[INFO] [stdout]    |
[INFO] [stdout]    = note: `main` must be defined only once in the value namespace of this module
[INFO] [stdout] 
[INFO] [stdout] 
[INFO] [stdout] error[E0432]: unresolved import `reqwest::header::AUTHORITY`
[INFO] [stdout]   --> src/main.rs:15:54
[INFO] [stdout]    |
[INFO] [stdout] 15 |     HeaderMap, HeaderValue, ACCEPT, ACCEPT_LANGUAGE, AUTHORITY, COOKIE, USER_AGENT,
[INFO] [stdout]    |                                                      ^^^^^^^^^ no `AUTHORITY` in `header`
[INFO] [stdout] 
[INFO] [stdout] 
[INFO] [stdout] error[E0428]: the name `main` is defined multiple times
[INFO] [stdout]   --> src/main.rs:45:1
[INFO] [stdout]    |
[INFO] [stdout] 22 | async fn main() -> Result<(), reqwest::Error> {
[INFO] [stdout]    |       --------------------------------------- previous definition of the value `main` here
[INFO] [stdout] ...
[INFO] [stdout] 45 | fn main() {}
[INFO] [stdout]    | ^^^^^^^^^ `main` redefined here
[INFO] [stdout]    |
[INFO] [stdout]    = note: `main` must be defined only once in the value namespace of this module
[INFO] [stdout] 
[INFO] [stdout] 
[INFO] [stdout] error[E0432]: unresolved import `reqwest::header::AUTHORITY`
[INFO] [stdout]   --> src/main.rs:15:54
[INFO] [stdout]    |
[INFO] [stdout] 15 |     HeaderMap, HeaderValue, ACCEPT, ACCEPT_LANGUAGE, AUTHORITY, COOKIE, USER_AGENT,
[INFO] [stdout]    |                                                      ^^^^^^^^^ no `AUTHORITY` in `header`
[INFO] [stdout] 
[INFO] [stdout] 
[INFO] [stdout] error: aborting due to 2 previous errors
[INFO] [stdout] 
[INFO] [stdout] 
[INFO] [stdout] Some errors have detailed explanations: E0428, E0432.
[INFO] [stdout] 
[INFO] [stdout] For more information about an error, try `rustc --explain E0428`.
[INFO] [stdout] 
[INFO] [stderr] error: could not compile `reqwest_ex_1` due to 3 previous errors
[INFO] [stderr] warning: build failed, waiting for other jobs to finish...
[INFO] [stdout] error: aborting due to 2 previous errors
[INFO] [stdout] 
[INFO] [stdout] 
[INFO] [stdout] Some errors have detailed explanations: E0428, E0432.
[INFO] [stdout] 
[INFO] [stdout] For more information about an error, try `rustc --explain E0428`.
[INFO] [stdout] 
[INFO] [stderr] error: build failed
[INFO] running `Command { std: "docker" "inspect" "779cfc706890727476b126b483fd1991656a06f44642350124a7808e132f770e", kill_on_drop: false }`
[INFO] running `Command { std: "docker" "rm" "-f" "779cfc706890727476b126b483fd1991656a06f44642350124a7808e132f770e", kill_on_drop: false }`
[INFO] [stdout] 779cfc706890727476b126b483fd1991656a06f44642350124a7808e132f770e
