[INFO] cloning repository https://github.com/Setheum-Labs/fetch-price
[INFO] running `Command { std: "git" "-c" "credential.helper=" "-c" "credential.helper=/workspace/cargo-home/bin/git-credential-null" "clone" "--bare" "https://github.com/Setheum-Labs/fetch-price" "/workspace/cache/git-repos/https%3A%2F%2Fgithub.com%2FSetheum-Labs%2Ffetch-price", kill_on_drop: false }`
[INFO] [stderr] Cloning into bare repository '/workspace/cache/git-repos/https%3A%2F%2Fgithub.com%2FSetheum-Labs%2Ffetch-price'...
[INFO] running `Command { std: "git" "rev-parse" "HEAD", kill_on_drop: false }`
[INFO] [stdout] 0ae22d90649f681064b8926ccbb15d11e23b6dbf
[INFO] checking Setheum-Labs/fetch-price against 1.55.0 for beta-1.56-3
[INFO] running `Command { std: "git" "clone" "/workspace/cache/git-repos/https%3A%2F%2Fgithub.com%2FSetheum-Labs%2Ffetch-price" "/workspace/builds/worker-13/source", kill_on_drop: false }`
[INFO] [stderr] Cloning into '/workspace/builds/worker-13/source'...
[INFO] [stderr] done.
[INFO] [stderr] Updating files:  60% (1188/1966)
Updating files:  61% (1200/1966)
Updating files:  62% (1219/1966)
Updating files:  63% (1239/1966)
Updating files:  64% (1259/1966)
Updating files:  65% (1278/1966)
Updating files:  66% (1298/1966)
Updating files:  66% (1314/1966)
Updating files:  67% (1318/1966)
Updating files:  68% (1337/1966)
Updating files:  69% (1357/1966)
Updating files:  70% (1377/1966)
Updating files:  71% (1396/1966)
Updating files:  72% (1416/1966)
Updating files:  72% (1421/1966)
Updating files:  73% (1436/1966)
Updating files:  74% (1455/1966)
Updating files:  74% (1460/1966)
Updating files:  74% (1470/1966)
Updating files:  74% (1473/1966)
Updating files:  75% (1475/1966)
Updating files:  76% (1495/1966)
Updating files:  76% (1499/1966)
Updating files:  77% (1514/1966)
Updating files:  78% (1534/1966)
Updating files:  78% (1546/1966)
Updating files:  79% (1554/1966)
Updating files:  79% (1564/1966)
Updating files:  80% (1573/1966)
Updating files:  80% (1584/1966)
Updating files:  81% (1593/1966)
Updating files:  81% (1612/1966)
Updating files:  82% (1613/1966)
Updating files:  82% (1620/1966)
Updating files:  83% (1632/1966)
Updating files:  83% (1639/1966)
Updating files:  83% (1650/1966)
Updating files:  84% (1652/1966)
Updating files:  84% (1669/1966)
Updating files:  85% (1672/1966)
Updating files:  86% (1691/1966)
Updating files:  87% (1711/1966)
Updating files:  88% (1731/1966)
Updating files:  89% (1750/1966)
Updating files:  90% (1770/1966)
Updating files:  91% (1790/1966)
Updating files:  92% (1809/1966)
Updating files:  92% (1812/1966)
Updating files:  93% (1829/1966)
Updating files:  94% (1849/1966)
Updating files:  95% (1868/1966)
Updating files:  96% (1888/1966)
Updating files:  97% (1908/1966)
Updating files:  98% (1927/1966)
Updating files:  99% (1947/1966)
Updating files: 100% (1966/1966)
Updating files: 100% (1966/1966), done.
[INFO] validating manifest of git repo https://github.com/Setheum-Labs/fetch-price on toolchain 1.55.0
[INFO] running `Command { std: "/workspace/cargo-home/bin/cargo" "+1.55.0" "metadata" "--manifest-path" "Cargo.toml" "--no-deps", kill_on_drop: false }`
[INFO] started tweaking git repo https://github.com/Setheum-Labs/fetch-price
[INFO] finished tweaking git repo https://github.com/Setheum-Labs/fetch-price
[INFO] tweaked toml for git repo https://github.com/Setheum-Labs/fetch-price written to /workspace/builds/worker-13/source/Cargo.toml
[INFO] running `Command { std: "/workspace/cargo-home/bin/cargo" "+1.55.0" "generate-lockfile" "--manifest-path" "Cargo.toml" "-Zno-index-update", kill_on_drop: false }`
[INFO] running `Command { std: "/workspace/cargo-home/bin/cargo" "+1.55.0" "fetch" "--manifest-path" "Cargo.toml", kill_on_drop: false }`
[INFO] running `Command { std: "docker" "create" "-v" "/var/lib/crater-agent-workspace/builds/worker-13/target:/opt/rustwide/target:rw,Z" "-v" "/var/lib/crater-agent-workspace/builds/worker-13/source:/opt/rustwide/workdir:ro,Z" "-v" "/var/lib/crater-agent-workspace/cargo-home:/opt/rustwide/cargo-home:ro,Z" "-v" "/var/lib/crater-agent-workspace/rustup-home:/opt/rustwide/rustup-home:ro,Z" "-e" "SOURCE_DIR=/opt/rustwide/workdir" "-e" "CARGO_TARGET_DIR=/opt/rustwide/target" "-e" "CARGO_HOME=/opt/rustwide/cargo-home" "-e" "RUSTUP_HOME=/opt/rustwide/rustup-home" "-w" "/opt/rustwide/workdir" "-m" "1610612736" "--user" "0:0" "--network" "none" "ghcr.io/rust-lang/crates-build-env/linux@sha256:a89201d6b5b9fd45c15d5952ece0a0129e7e80cb26ec023fd59cf09bc26f1604" "/opt/rustwide/cargo-home/bin/cargo" "+1.55.0" "metadata" "--no-deps" "--format-version=1", kill_on_drop: false }`
[INFO] [stdout] 98d6f0a893fc926900f1c5bb94945e159a279fbc73d1c0e244efb6f7c7986a04
[INFO] [stderr] WARNING: Your kernel does not support swap limit capabilities or the cgroup is not mounted. Memory limited without swap.
[INFO] running `Command { std: "docker" "start" "-a" "98d6f0a893fc926900f1c5bb94945e159a279fbc73d1c0e244efb6f7c7986a04", kill_on_drop: false }`
[INFO] running `Command { std: "docker" "inspect" "98d6f0a893fc926900f1c5bb94945e159a279fbc73d1c0e244efb6f7c7986a04", kill_on_drop: false }`
[INFO] running `Command { std: "docker" "rm" "-f" "98d6f0a893fc926900f1c5bb94945e159a279fbc73d1c0e244efb6f7c7986a04", kill_on_drop: false }`
[INFO] [stdout] 98d6f0a893fc926900f1c5bb94945e159a279fbc73d1c0e244efb6f7c7986a04
[INFO] running `Command { std: "docker" "create" "-v" "/var/lib/crater-agent-workspace/builds/worker-13/target:/opt/rustwide/target:rw,Z" "-v" "/var/lib/crater-agent-workspace/builds/worker-13/source:/opt/rustwide/workdir:ro,Z" "-v" "/var/lib/crater-agent-workspace/cargo-home:/opt/rustwide/cargo-home:ro,Z" "-v" "/var/lib/crater-agent-workspace/rustup-home:/opt/rustwide/rustup-home:ro,Z" "-e" "SOURCE_DIR=/opt/rustwide/workdir" "-e" "CARGO_TARGET_DIR=/opt/rustwide/target" "-e" "CARGO_INCREMENTAL=0" "-e" "RUST_BACKTRACE=full" "-e" "RUSTFLAGS=--cap-lints=warn" "-e" "CARGO_HOME=/opt/rustwide/cargo-home" "-e" "RUSTUP_HOME=/opt/rustwide/rustup-home" "-w" "/opt/rustwide/workdir" "-m" "1610612736" "--user" "0:0" "--network" "none" "ghcr.io/rust-lang/crates-build-env/linux@sha256:a89201d6b5b9fd45c15d5952ece0a0129e7e80cb26ec023fd59cf09bc26f1604" "/opt/rustwide/cargo-home/bin/cargo" "+1.55.0" "check" "--frozen" "--all" "--all-targets" "--message-format=json", kill_on_drop: false }`
[INFO] [stdout] 7746f2bbdcfcbf11a4f48085504719dd3576abb920bcba35d32ec22574d25816
[INFO] [stderr] WARNING: Your kernel does not support swap limit capabilities or the cgroup is not mounted. Memory limited without swap.
[INFO] running `Command { std: "docker" "start" "-a" "7746f2bbdcfcbf11a4f48085504719dd3576abb920bcba35d32ec22574d25816", kill_on_drop: false }`
[INFO] [stderr]    Compiling serde v1.0.130
[INFO] [stderr]     Checking byteorder v1.4.3
[INFO] [stderr]    Compiling getrandom v0.1.16
[INFO] [stderr]     Checking byte-slice-cast v1.1.0
[INFO] [stderr]    Compiling futures-core v0.3.17
[INFO] [stderr]     Checking sp-std v3.0.0
[INFO] [stderr]    Compiling futures-channel v0.3.17
[INFO] [stderr]     Checking parity-wasm v0.41.0
[INFO] [stderr]     Checking futures-sink v0.3.17
[INFO] [stderr]     Checking hash-db v0.15.2
[INFO] [stderr]    Compiling parity-util-mem v0.9.0
[INFO] [stderr]     Checking arrayvec v0.5.2
[INFO] [stderr]     Checking rustc-demangle v0.1.21
[INFO] [stderr]    Compiling ahash v0.7.6
[INFO] [stderr]    Compiling backtrace v0.3.61
[INFO] [stderr]     Checking tracing v0.1.29
[INFO] [stderr]     Checking generic-array v0.12.4
[INFO] [stderr]     Checking object v0.26.2
[INFO] [stderr]     Checking blake2-rfc v0.2.18
[INFO] [stderr]     Checking crypto-mac v0.11.1
[INFO] [stderr]     Checking crypto-mac v0.8.0
[INFO] [stderr]     Checking trie-root v0.16.0
[INFO] [stderr]     Checking integer-sqrt v0.1.5
[INFO] [stderr]    Compiling synstructure v0.12.6
[INFO] [stderr]    Compiling impl-trait-for-tuples v0.2.1
[INFO] [stderr]    Compiling sp-debug-derive v3.0.0
[INFO] [stderr]    Compiling ref-cast-impl v1.0.6
[INFO] [stderr]    Compiling dyn-clonable-impl v0.9.0
[INFO] [stderr]    Compiling frame-support-procedural-tools-derive v3.0.0
[INFO] [stderr]    Compiling Inflector v0.11.4
[INFO] [stderr]     Checking num-bigint v0.2.6
[INFO] [stderr]     Checking chrono v0.4.19
[INFO] [stderr]     Checking lite-parser v0.1.2
[INFO] [stderr]    Compiling thiserror v1.0.30
[INFO] [stderr]     Checking uint v0.9.1
[INFO] [stderr]     Checking hmac v0.11.0
[INFO] [stderr]     Checking pbkdf2 v0.8.0
[INFO] [stderr]     Checking pbkdf2 v0.4.0
[INFO] [stderr]     Checking hmac v0.8.1
[INFO] [stderr]     Checking digest v0.8.1
[INFO] [stderr]     Checking block-buffer v0.7.3
[INFO] [stderr]     Checking crypto-mac v0.7.0
[INFO] [stderr]     Checking lite-json v0.1.3
[INFO] [stderr]     Checking fixed-hash v0.7.0
[INFO] [stderr]     Checking twox-hash v1.6.1
[INFO] [stderr]     Checking hmac v0.7.1
[INFO] [stderr]     Checking sha2 v0.8.2
[INFO] [stderr]     Checking rand_core v0.5.1
[INFO] [stderr]     Checking hashbrown v0.11.2
[INFO] [stderr]     Checking hmac-drbg v0.2.0
[INFO] [stderr]     Checking wasmi-validation v0.3.0
[INFO] [stderr]     Checking rand_pcg v0.2.1
[INFO] [stderr]     Checking rand_chacha v0.2.2
[INFO] [stderr]     Checking futures-util v0.3.17
[INFO] [stderr]     Checking num-rational v0.2.4
[INFO] [stderr]    Compiling zeroize_derive v1.2.0
[INFO] [stderr]    Compiling parity-util-mem-derive v0.1.0
[INFO] [stderr]     Checking trie-db v0.22.6
[INFO] [stderr]     Checking rand v0.7.3
[INFO] [stderr]     Checking ref-cast v1.0.6
[INFO] [stderr]     Checking dyn-clonable v0.9.0
[INFO] [stderr]     Checking wasmi v0.6.2
[INFO] [stderr]     Checking libsecp256k1 v0.3.5
[INFO] [stderr]     Checking zeroize v1.4.2
[INFO] [stderr]     Checking merlin v2.0.1
[INFO] [stderr]     Checking curve25519-dalek v2.1.3
[INFO] [stderr]     Checking curve25519-dalek v3.2.0
[INFO] [stderr]     Checking tiny-bip39 v0.8.2
[INFO] [stderr]     Checking secrecy v0.7.0
[INFO] [stderr]     Checking impl-serde v0.3.1
[INFO] [stderr]     Checking serde_json v1.0.68
[INFO] [stderr]     Checking tracing-serde v0.1.2
[INFO] [stderr]     Checking schnorrkel v0.9.1
[INFO] [stderr]     Checking ed25519-dalek v1.0.1
[INFO] [stderr]     Checking sp-panic-handler v3.0.0
[INFO] [stderr]    Compiling toml v0.5.8
[INFO] [stderr]     Checking substrate-bip39 v0.4.4
[INFO] [stderr]     Checking futures-executor v0.3.17
[INFO] [stderr]     Checking tracing-subscriber v0.2.25
[INFO] [stderr]     Checking futures v0.3.17
[INFO] [stderr]    Compiling proc-macro-crate v1.1.0
[INFO] [stderr]    Compiling proc-macro-crate v0.1.5
[INFO] [stderr]    Compiling frame-support-procedural-tools v3.0.0
[INFO] [stderr]    Compiling parity-scale-codec-derive v2.3.1
[INFO] [stderr]    Compiling sp-runtime-interface-proc-macro v3.0.0
[INFO] [stderr]    Compiling frame-support-procedural v3.0.0
[INFO] [stderr]     Checking parity-scale-codec v2.3.1
[INFO] [stderr]     Checking impl-codec v0.5.1
[INFO] [stderr]     Checking sp-storage v3.0.0
[INFO] [stderr]     Checking sp-wasm-interface v3.0.0
[INFO] [stderr]     Checking sp-tracing v3.0.0
[INFO] [stderr]     Checking sp-arithmetic v3.0.0
[INFO] [stderr]     Checking primitive-types v0.9.1
[INFO] [stderr]     Checking sp-externalities v0.9.0
[INFO] [stderr]     Checking sp-runtime-interface v3.0.0
[INFO] [stderr]     Checking memory-db v0.26.0
[INFO] [stderr]     Checking sp-core v3.0.0
[INFO] [stderr]     Checking sp-trie v3.0.0
[INFO] [stderr]     Checking sp-keystore v0.9.0
[INFO] [stderr]     Checking sp-inherents v3.0.0
[INFO] [stderr]     Checking frame-metadata v13.0.0
[INFO] [stderr]     Checking sp-state-machine v0.9.0
[INFO] [stderr]     Checking sp-io v3.0.0
[INFO] [stderr]     Checking sp-application-crypto v3.0.0
[INFO] [stderr]     Checking sp-runtime v3.0.0
[INFO] [stderr]     Checking sc-keystore v3.0.0
[INFO] [stderr]     Checking sp-staking v3.0.0
[INFO] [stderr]     Checking sp-version v3.0.0
[INFO] [stderr]     Checking frame-support v3.0.0
[INFO] [stderr]     Checking frame-system v3.0.0
[INFO] [stderr]     Checking fetch-price v0.4.1 (/opt/rustwide/workdir)
[INFO] [stdout] error[E0433]: failed to resolve: could not find `Trait` in `system`
[INFO] [stdout]   --> src/lib.rs:54:59
[INFO] [stdout]    |
[INFO] [stdout] 54 |     type Event: From<Event<Self>> + Into<<Self as system::Trait>::Event>;
[INFO] [stdout]    |                                                           ^^^^^ could not find `Trait` in `system`
[INFO] [stdout] 
[INFO] [stdout] 
[INFO] [stdout] error[E0433]: failed to resolve: could not find `Trait` in `system`
[INFO] [stdout]   --> src/lib.rs:90:35
[INFO] [stdout]    |
[INFO] [stdout] 90 |         AccountId = <T as system::Trait>::AccountId,
[INFO] [stdout]    |                                   ^^^^^ could not find `Trait` in `system`
[INFO] [stdout] 
[INFO] [stdout] 
[INFO] [stdout] error: aborting due to 2 previous errors
[INFO] [stdout] 
[INFO] [stdout] 
[INFO] [stdout] For more information about this error, try `rustc --explain E0433`.
[INFO] [stdout] 
[INFO] [stderr] error: could not compile `fetch-price` due to 3 previous errors
[INFO] [stderr] warning: build failed, waiting for other jobs to finish...
[INFO] [stdout] error[E0433]: failed to resolve: could not find `Trait` in `system`
[INFO] [stdout]   --> src/lib.rs:54:59
[INFO] [stdout]    |
[INFO] [stdout] 54 |     type Event: From<Event<Self>> + Into<<Self as system::Trait>::Event>;
[INFO] [stdout]    |                                                           ^^^^^ could not find `Trait` in `system`
[INFO] [stdout] 
[INFO] [stdout] 
[INFO] [stdout] error[E0433]: failed to resolve: could not find `Trait` in `system`
[INFO] [stdout]   --> src/lib.rs:90:35
[INFO] [stdout]    |
[INFO] [stdout] 90 |         AccountId = <T as system::Trait>::AccountId,
[INFO] [stdout]    |                                   ^^^^^ could not find `Trait` in `system`
[INFO] [stdout] 
[INFO] [stdout] 
[INFO] [stdout] error: aborting due to 2 previous errors
[INFO] [stdout] 
[INFO] [stdout] 
[INFO] [stdout] For more information about this error, try `rustc --explain E0433`.
[INFO] [stdout] 
[INFO] [stderr] error: build failed
[INFO] running `Command { std: "docker" "inspect" "7746f2bbdcfcbf11a4f48085504719dd3576abb920bcba35d32ec22574d25816", kill_on_drop: false }`
[INFO] running `Command { std: "docker" "rm" "-f" "7746f2bbdcfcbf11a4f48085504719dd3576abb920bcba35d32ec22574d25816", kill_on_drop: false }`
[INFO] [stdout] 7746f2bbdcfcbf11a4f48085504719dd3576abb920bcba35d32ec22574d25816
