[INFO] cloning repository https://github.com/SethPyle376/nes_emu
[INFO] running `Command { std: "git" "-c" "credential.helper=" "-c" "credential.helper=/workspace/cargo-home/bin/git-credential-null" "clone" "--bare" "https://github.com/SethPyle376/nes_emu" "/workspace/cache/git-repos/https%3A%2F%2Fgithub.com%2FSethPyle376%2Fnes_emu", kill_on_drop: false }`
[INFO] [stderr] Cloning into bare repository '/workspace/cache/git-repos/https%3A%2F%2Fgithub.com%2FSethPyle376%2Fnes_emu'...
[INFO] running `Command { std: "git" "rev-parse" "HEAD", kill_on_drop: false }`
[INFO] [stdout] 167ed62e4c3cfff139f00f2ad3b67c9cd13f41bc
[INFO] checking SethPyle376/nes_emu against 1.55.0 for beta-1.56-3
[INFO] running `Command { std: "git" "clone" "/workspace/cache/git-repos/https%3A%2F%2Fgithub.com%2FSethPyle376%2Fnes_emu" "/workspace/builds/worker-6/source", kill_on_drop: false }`
[INFO] [stderr] Cloning into '/workspace/builds/worker-6/source'...
[INFO] [stderr] done.
[INFO] validating manifest of git repo https://github.com/SethPyle376/nes_emu on toolchain 1.55.0
[INFO] running `Command { std: "/workspace/cargo-home/bin/cargo" "+1.55.0" "metadata" "--manifest-path" "Cargo.toml" "--no-deps", kill_on_drop: false }`
[INFO] started tweaking git repo https://github.com/SethPyle376/nes_emu
[INFO] finished tweaking git repo https://github.com/SethPyle376/nes_emu
[INFO] tweaked toml for git repo https://github.com/SethPyle376/nes_emu written to /workspace/builds/worker-6/source/Cargo.toml
[INFO] crate git repo https://github.com/SethPyle376/nes_emu already has a lockfile, it will not be regenerated
[INFO] running `Command { std: "/workspace/cargo-home/bin/cargo" "+1.55.0" "fetch" "--manifest-path" "Cargo.toml", kill_on_drop: false }`
[INFO] [stderr]     Blocking waiting for file lock on package cache
[INFO] running `Command { std: "docker" "create" "-v" "/var/lib/crater-agent-workspace/builds/worker-6/target:/opt/rustwide/target:rw,Z" "-v" "/var/lib/crater-agent-workspace/builds/worker-6/source:/opt/rustwide/workdir:ro,Z" "-v" "/var/lib/crater-agent-workspace/cargo-home:/opt/rustwide/cargo-home:ro,Z" "-v" "/var/lib/crater-agent-workspace/rustup-home:/opt/rustwide/rustup-home:ro,Z" "-e" "SOURCE_DIR=/opt/rustwide/workdir" "-e" "CARGO_TARGET_DIR=/opt/rustwide/target" "-e" "CARGO_HOME=/opt/rustwide/cargo-home" "-e" "RUSTUP_HOME=/opt/rustwide/rustup-home" "-w" "/opt/rustwide/workdir" "-m" "1610612736" "--user" "0:0" "--network" "none" "ghcr.io/rust-lang/crates-build-env/linux@sha256:a89201d6b5b9fd45c15d5952ece0a0129e7e80cb26ec023fd59cf09bc26f1604" "/opt/rustwide/cargo-home/bin/cargo" "+1.55.0" "metadata" "--no-deps" "--format-version=1", kill_on_drop: false }`
[INFO] [stdout] 029dd5d23d516efdece3fa809c5d52b9d5bb22b8aa226bc7c1cfb99437493ef7
[INFO] [stderr] WARNING: Your kernel does not support swap limit capabilities or the cgroup is not mounted. Memory limited without swap.
[INFO] running `Command { std: "docker" "start" "-a" "029dd5d23d516efdece3fa809c5d52b9d5bb22b8aa226bc7c1cfb99437493ef7", kill_on_drop: false }`
[INFO] running `Command { std: "docker" "inspect" "029dd5d23d516efdece3fa809c5d52b9d5bb22b8aa226bc7c1cfb99437493ef7", kill_on_drop: false }`
[INFO] running `Command { std: "docker" "rm" "-f" "029dd5d23d516efdece3fa809c5d52b9d5bb22b8aa226bc7c1cfb99437493ef7", kill_on_drop: false }`
[INFO] [stdout] 029dd5d23d516efdece3fa809c5d52b9d5bb22b8aa226bc7c1cfb99437493ef7
[INFO] running `Command { std: "docker" "create" "-v" "/var/lib/crater-agent-workspace/builds/worker-6/target:/opt/rustwide/target:rw,Z" "-v" "/var/lib/crater-agent-workspace/builds/worker-6/source:/opt/rustwide/workdir:ro,Z" "-v" "/var/lib/crater-agent-workspace/cargo-home:/opt/rustwide/cargo-home:ro,Z" "-v" "/var/lib/crater-agent-workspace/rustup-home:/opt/rustwide/rustup-home:ro,Z" "-e" "SOURCE_DIR=/opt/rustwide/workdir" "-e" "CARGO_TARGET_DIR=/opt/rustwide/target" "-e" "CARGO_INCREMENTAL=0" "-e" "RUST_BACKTRACE=full" "-e" "RUSTFLAGS=--cap-lints=warn" "-e" "CARGO_HOME=/opt/rustwide/cargo-home" "-e" "RUSTUP_HOME=/opt/rustwide/rustup-home" "-w" "/opt/rustwide/workdir" "-m" "1610612736" "--user" "0:0" "--network" "none" "ghcr.io/rust-lang/crates-build-env/linux@sha256:a89201d6b5b9fd45c15d5952ece0a0129e7e80cb26ec023fd59cf09bc26f1604" "/opt/rustwide/cargo-home/bin/cargo" "+1.55.0" "check" "--frozen" "--all" "--all-targets" "--message-format=json", kill_on_drop: false }`
[INFO] [stdout] b1b92182b14f90d7944615405ea435dee95262d3102e89f3ad15321d93918e63
[INFO] [stderr] WARNING: Your kernel does not support swap limit capabilities or the cgroup is not mounted. Memory limited without swap.
[INFO] running `Command { std: "docker" "start" "-a" "b1b92182b14f90d7944615405ea435dee95262d3102e89f3ad15321d93918e63", kill_on_drop: false }`
[INFO] [stderr]    Compiling syn v1.0.58
[INFO] [stderr]     Checking cassowary v0.3.0
[INFO] [stderr]     Checking atty v0.2.14
[INFO] [stderr]     Checking termion v1.5.5
[INFO] [stderr]     Checking tui v0.14.0
[INFO] [stderr]    Compiling proc-macro-error v1.0.4
[INFO] [stderr]    Compiling clap_derive v3.0.0-beta.2
[INFO] [stderr]     Checking clap v3.0.0-beta.2
[INFO] [stderr]     Checking nes_emu v0.1.0 (/opt/rustwide/workdir)
[INFO] [stdout] error[E0583]: file not found for module `bus`
[INFO] [stdout]  --> src/emu/mod.rs:1:1
[INFO] [stdout]   |
[INFO] [stdout] 1 | pub mod bus;
[INFO] [stdout]   | ^^^^^^^^^^^^
[INFO] [stdout]   |
[INFO] [stdout]   = help: to create the module `bus`, create file "src/emu/bus.rs" or "src/emu/bus/mod.rs"
[INFO] [stdout] 
[INFO] [stdout] 
[INFO] [stdout] error[E0432]: unresolved import `crate::emu::bus::Bus`
[INFO] [stdout]  --> src/emu/cpu.rs:1:5
[INFO] [stdout]   |
[INFO] [stdout] 1 | use crate::emu::bus::Bus;
[INFO] [stdout]   |     ^^^^^^^^^^^^^^^^^^^^ no `Bus` in `emu::bus`
[INFO] [stdout] 
[INFO] [stdout] 
[INFO] [stdout] error[E0432]: unresolved import `crate::emu::bus::Bus`
[INFO] [stdout]  --> src/emu/debug_interface.rs:3:5
[INFO] [stdout]   |
[INFO] [stdout] 3 | use crate::emu::bus::Bus;
[INFO] [stdout]   |     ^^^^^^^^^^^^^^^^^^^^ no `Bus` in `emu::bus`
[INFO] [stdout] 
[INFO] [stdout] 
[INFO] [stdout] error[E0432]: unresolved import `crate::emu::bus::Bus`
[INFO] [stdout]  --> src/emu/nes.rs:4:5
[INFO] [stdout]   |
[INFO] [stdout] 4 | use crate::emu::bus::Bus;
[INFO] [stdout]   |     ^^^^^^^^^^^^^^^^^^^^ no `Bus` in `emu::bus`
[INFO] [stdout] 
[INFO] [stdout] 
[INFO] [stdout] warning: unused import: `Duration`
[INFO] [stdout]  --> src/emu/debug_interface.rs:6:17
[INFO] [stdout]   |
[INFO] [stdout] 6 | use std::time::{Duration, Instant};
[INFO] [stdout]   |                 ^^^^^^^^
[INFO] [stdout]   |
[INFO] [stdout]   = note: `#[warn(unused_imports)]` on by default
[INFO] [stdout] 
[INFO] [stdout] 
[INFO] [stdout] warning: unused import: `tui::text::Span`
[INFO] [stdout]   --> src/emu/debug_interface.rs:14:5
[INFO] [stdout]    |
[INFO] [stdout] 14 | use tui::text::Span;
[INFO] [stdout]    |     ^^^^^^^^^^^^^^^
[INFO] [stdout] 
[INFO] [stdout] 
[INFO] [stdout] error[E0583]: file not found for module `bus`
[INFO] [stdout]  --> src/emu/mod.rs:1:1
[INFO] [stdout]   |
[INFO] [stdout] 1 | pub mod bus;
[INFO] [stdout]   | ^^^^^^^^^^^^
[INFO] [stdout]   |
[INFO] [stdout]   = help: to create the module `bus`, create file "src/emu/bus.rs" or "src/emu/bus/mod.rs"
[INFO] [stdout] 
[INFO] [stdout] 
[INFO] [stdout] error[E0432]: unresolved import `crate::emu::bus::Bus`
[INFO] [stdout]  --> src/emu/cpu.rs:1:5
[INFO] [stdout]   |
[INFO] [stdout] 1 | use crate::emu::bus::Bus;
[INFO] [stdout]   |     ^^^^^^^^^^^^^^^^^^^^ no `Bus` in `emu::bus`
[INFO] [stdout] 
[INFO] [stdout] 
[INFO] [stdout] error[E0432]: unresolved import `crate::emu::bus::Bus`
[INFO] [stdout]  --> src/emu/debug_interface.rs:3:5
[INFO] [stdout]   |
[INFO] [stdout] 3 | use crate::emu::bus::Bus;
[INFO] [stdout]   |     ^^^^^^^^^^^^^^^^^^^^ no `Bus` in `emu::bus`
[INFO] [stdout] 
[INFO] [stdout] 
[INFO] [stdout] error[E0432]: unresolved import `crate::emu::bus::Bus`
[INFO] [stdout]  --> src/emu/nes.rs:4:5
[INFO] [stdout]   |
[INFO] [stdout] 4 | use crate::emu::bus::Bus;
[INFO] [stdout]   |     ^^^^^^^^^^^^^^^^^^^^ no `Bus` in `emu::bus`
[INFO] [stdout] 
[INFO] [stdout] 
[INFO] [stdout] warning: unused import: `Duration`
[INFO] [stdout]  --> src/emu/debug_interface.rs:6:17
[INFO] [stdout]   |
[INFO] [stdout] 6 | use std::time::{Duration, Instant};
[INFO] [stdout]   |                 ^^^^^^^^
[INFO] [stdout]   |
[INFO] [stdout]   = note: `#[warn(unused_imports)]` on by default
[INFO] [stdout] 
[INFO] [stdout] 
[INFO] [stdout] warning: unused import: `tui::text::Span`
[INFO] [stdout]   --> src/emu/debug_interface.rs:14:5
[INFO] [stdout]    |
[INFO] [stdout] 14 | use tui::text::Span;
[INFO] [stdout]    |     ^^^^^^^^^^^^^^^
[INFO] [stdout] 
[INFO] [stdout] 
[INFO] [stdout] error: aborting due to 4 previous errors; 2 warnings emitted
[INFO] [stdout] 
[INFO] [stdout] 
[INFO] [stdout] Some errors have detailed explanations: E0432, E0583.
[INFO] [stdout] 
[INFO] [stdout] For more information about an error, try `rustc --explain E0432`.
[INFO] [stdout] 
[INFO] [stderr] error: could not compile `nes_emu` due to 5 previous errors; 2 warnings emitted
[INFO] [stderr] warning: build failed, waiting for other jobs to finish...
[INFO] [stdout] error: aborting due to 4 previous errors; 2 warnings emitted
[INFO] [stdout] 
[INFO] [stdout] 
[INFO] [stdout] Some errors have detailed explanations: E0432, E0583.
[INFO] [stdout] 
[INFO] [stdout] For more information about an error, try `rustc --explain E0432`.
[INFO] [stdout] 
[INFO] [stderr] error: build failed
[INFO] running `Command { std: "docker" "inspect" "b1b92182b14f90d7944615405ea435dee95262d3102e89f3ad15321d93918e63", kill_on_drop: false }`
[INFO] running `Command { std: "docker" "rm" "-f" "b1b92182b14f90d7944615405ea435dee95262d3102e89f3ad15321d93918e63", kill_on_drop: false }`
[INFO] [stdout] b1b92182b14f90d7944615405ea435dee95262d3102e89f3ad15321d93918e63
