[INFO] cloning repository https://github.com/SarthakSingh31/bevy_4x_camera
[INFO] running `Command { std: "git" "-c" "credential.helper=" "-c" "credential.helper=/workspace/cargo-home/bin/git-credential-null" "clone" "--bare" "https://github.com/SarthakSingh31/bevy_4x_camera" "/workspace/cache/git-repos/https%3A%2F%2Fgithub.com%2FSarthakSingh31%2Fbevy_4x_camera", kill_on_drop: false }`
[INFO] [stderr] Cloning into bare repository '/workspace/cache/git-repos/https%3A%2F%2Fgithub.com%2FSarthakSingh31%2Fbevy_4x_camera'...
[INFO] running `Command { std: "git" "rev-parse" "HEAD", kill_on_drop: false }`
[INFO] [stdout] 6e74d6335105887dcc7cc0bc18d341606fdb0ad5
[INFO] checking SarthakSingh31/bevy_4x_camera against beta-2021-10-15 for beta-1.56-3
[INFO] running `Command { std: "git" "clone" "/workspace/cache/git-repos/https%3A%2F%2Fgithub.com%2FSarthakSingh31%2Fbevy_4x_camera" "/workspace/builds/worker-16/source", kill_on_drop: false }`
[INFO] [stderr] Cloning into '/workspace/builds/worker-16/source'...
[INFO] [stderr] done.
[INFO] validating manifest of git repo https://github.com/SarthakSingh31/bevy_4x_camera on toolchain beta-2021-10-15
[INFO] running `Command { std: "/workspace/cargo-home/bin/cargo" "+beta-2021-10-15" "metadata" "--manifest-path" "Cargo.toml" "--no-deps", kill_on_drop: false }`
[INFO] started tweaking git repo https://github.com/SarthakSingh31/bevy_4x_camera
[INFO] finished tweaking git repo https://github.com/SarthakSingh31/bevy_4x_camera
[INFO] tweaked toml for git repo https://github.com/SarthakSingh31/bevy_4x_camera written to /workspace/builds/worker-16/source/Cargo.toml
[INFO] running `Command { std: "/workspace/cargo-home/bin/cargo" "+beta-2021-10-15" "generate-lockfile" "--manifest-path" "Cargo.toml" "-Zno-index-update", kill_on_drop: false }`
[INFO] [stderr]     Blocking waiting for file lock on package cache
[INFO] [stderr]     Updating git repository `https://github.com/bevyengine/bevy`
[INFO] [stderr]     Updating git repository `https://github.com/aevyrie/bevy_mod_picking`
[INFO] [stderr]     Updating git repository `https://github.com/aevyrie/bevy_mod_raycast`
[INFO] running `Command { std: "/workspace/cargo-home/bin/cargo" "+beta-2021-10-15" "fetch" "--manifest-path" "Cargo.toml", kill_on_drop: false }`
[INFO] [stderr]     Blocking waiting for file lock on package cache
[INFO] [stderr]  Downloading crates ...
[INFO] [stderr]   Downloaded hexasphere v5.0.0
[INFO] [stderr]   Downloaded thunderdome v0.4.2
[INFO] running `Command { std: "docker" "create" "-v" "/var/lib/crater-agent-workspace/builds/worker-16/target:/opt/rustwide/target:rw,Z" "-v" "/var/lib/crater-agent-workspace/builds/worker-16/source:/opt/rustwide/workdir:ro,Z" "-v" "/var/lib/crater-agent-workspace/cargo-home:/opt/rustwide/cargo-home:ro,Z" "-v" "/var/lib/crater-agent-workspace/rustup-home:/opt/rustwide/rustup-home:ro,Z" "-e" "SOURCE_DIR=/opt/rustwide/workdir" "-e" "CARGO_TARGET_DIR=/opt/rustwide/target" "-e" "CARGO_HOME=/opt/rustwide/cargo-home" "-e" "RUSTUP_HOME=/opt/rustwide/rustup-home" "-w" "/opt/rustwide/workdir" "-m" "1610612736" "--user" "0:0" "--network" "none" "ghcr.io/rust-lang/crates-build-env/linux@sha256:a89201d6b5b9fd45c15d5952ece0a0129e7e80cb26ec023fd59cf09bc26f1604" "/opt/rustwide/cargo-home/bin/cargo" "+beta-2021-10-15" "metadata" "--no-deps" "--format-version=1", kill_on_drop: false }`
[INFO] [stdout] 174e7e992adf9fad22104bbdb660ef90138d07651e4fe96d00363e311fb37778
[INFO] running `Command { std: "docker" "start" "-a" "174e7e992adf9fad22104bbdb660ef90138d07651e4fe96d00363e311fb37778", kill_on_drop: false }`
[INFO] running `Command { std: "docker" "inspect" "174e7e992adf9fad22104bbdb660ef90138d07651e4fe96d00363e311fb37778", kill_on_drop: false }`
[INFO] running `Command { std: "docker" "rm" "-f" "174e7e992adf9fad22104bbdb660ef90138d07651e4fe96d00363e311fb37778", kill_on_drop: false }`
[INFO] [stdout] 174e7e992adf9fad22104bbdb660ef90138d07651e4fe96d00363e311fb37778
[INFO] running `Command { std: "docker" "create" "-v" "/var/lib/crater-agent-workspace/builds/worker-16/target:/opt/rustwide/target:rw,Z" "-v" "/var/lib/crater-agent-workspace/builds/worker-16/source:/opt/rustwide/workdir:ro,Z" "-v" "/var/lib/crater-agent-workspace/cargo-home:/opt/rustwide/cargo-home:ro,Z" "-v" "/var/lib/crater-agent-workspace/rustup-home:/opt/rustwide/rustup-home:ro,Z" "-e" "SOURCE_DIR=/opt/rustwide/workdir" "-e" "CARGO_TARGET_DIR=/opt/rustwide/target" "-e" "CARGO_INCREMENTAL=0" "-e" "RUST_BACKTRACE=full" "-e" "RUSTFLAGS=--cap-lints=warn" "-e" "CARGO_HOME=/opt/rustwide/cargo-home" "-e" "RUSTUP_HOME=/opt/rustwide/rustup-home" "-w" "/opt/rustwide/workdir" "-m" "1610612736" "--user" "0:0" "--network" "none" "ghcr.io/rust-lang/crates-build-env/linux@sha256:a89201d6b5b9fd45c15d5952ece0a0129e7e80cb26ec023fd59cf09bc26f1604" "/opt/rustwide/cargo-home/bin/cargo" "+beta-2021-10-15" "check" "--frozen" "--all" "--all-targets" "--message-format=json", kill_on_drop: false }`
[INFO] [stdout] 97dc67e3779a58461ac10baed8b2856b1c53b0256efba1df3fc448656f3d78ad
[INFO] running `Command { std: "docker" "start" "-a" "97dc67e3779a58461ac10baed8b2856b1c53b0256efba1df3fc448656f3d78ad", kill_on_drop: false }`
[INFO] [stderr]     Blocking waiting for file lock on package cache
[INFO] [stderr]     Blocking waiting for file lock on package cache
[INFO] [stderr]    Compiling libc v0.2.104
[INFO] [stderr]    Compiling proc-macro2 v1.0.30
[INFO] [stderr]    Compiling syn v1.0.80
[INFO] [stderr]    Compiling serde v1.0.130
[INFO] [stderr]     Checking bitflags v1.3.2
[INFO] [stderr]     Checking scopeguard v1.1.0
[INFO] [stderr]     Checking byteorder v1.4.3
[INFO] [stderr]    Compiling erased-serde v0.3.16
[INFO] [stderr]     Checking cache-padded v1.1.1
[INFO] [stderr]    Compiling Inflector v0.11.4
[INFO] [stderr]     Checking waker-fn v1.1.0
[INFO] [stderr]     Checking futures-io v0.3.17
[INFO] [stderr]     Checking fastrand v1.5.0
[INFO] [stderr]     Checking parking v2.0.0
[INFO] [stderr]     Checking slab v0.4.5
[INFO] [stderr]     Checking downcast-rs v1.2.0
[INFO] [stderr]     Checking async-task v4.0.3
[INFO] [stderr]     Checking event-listener v2.5.1
[INFO] [stderr]    Compiling crossbeam-utils v0.8.5
[INFO] [stderr]     Checking fixedbitset v0.4.0
[INFO] [stderr]    Compiling pkg-config v0.3.20
[INFO] [stderr]    Compiling ryu v1.0.5
[INFO] [stderr]    Compiling serde_json v1.0.68
[INFO] [stderr]     Checking itoa v0.4.8
[INFO] [stderr]     Checking regex-syntax v0.6.25
[INFO] [stderr]     Checking ansi_term v0.12.1
[INFO] [stderr]     Checking ppv-lite86 v0.2.14
[INFO] [stderr]    Compiling anyhow v1.0.44
[INFO] [stderr]     Checking same-file v1.0.6
[INFO] [stderr]    Compiling crc32fast v1.2.1
[INFO] [stderr]     Checking adler32 v1.2.0
[INFO] [stderr]     Checking fixedbitset v0.2.0
[INFO] [stderr]    Compiling drm-fourcc v2.2.0
[INFO] [stderr]     Checking termcolor v1.1.2
[INFO] [stderr]    Compiling bevy-glsl-to-spirv v0.2.1
[INFO] [stderr]     Checking unicode-width v0.1.9
[INFO] [stderr]     Checking bit-vec v0.6.3
[INFO] [stderr]    Compiling crossbeam-epoch v0.9.5
[INFO] [stderr]     Checking scoped_threadpool v0.1.9
[INFO] [stderr]     Checking color_quant v1.1.0
[INFO] [stderr]     Checking hex v0.4.3
[INFO] [stderr]    Compiling crossbeam-queue v0.3.2
[INFO] [stderr]    Compiling khronos-egl v4.1.0
[INFO] [stderr]     Checking ttf-parser v0.12.3
[INFO] [stderr]     Checking renderdoc-sys v0.7.1
[INFO] [stderr]    Compiling cfg_aliases v0.1.1
[INFO] [stderr]     Checking arrayvec v0.5.2
[INFO] [stderr]     Checking ahash v0.4.7
[INFO] [stderr]    Compiling winit v0.25.0
[INFO] [stderr]     Checking inplace_it v0.3.3
[INFO] [stderr]    Compiling libm v0.1.4
[INFO] [stderr]    Compiling cpal v0.13.4
[INFO] [stderr]    Compiling inflections v1.1.1
[INFO] [stderr]     Checking glow v0.9.0
[INFO] [stderr]     Checking svg_fmt v0.4.1
[INFO] [stderr]     Checking ab_glyph_rasterizer v0.1.4
[INFO] [stderr]     Checking copyless v0.1.5
[INFO] [stderr]     Checking rectangle-pack v0.4.2
[INFO] [stderr]     Checking profiling v1.0.3
[INFO] [stderr]     Checking base64 v0.13.0
[INFO] [stderr]     Checking vec_map v0.8.2
[INFO] [stderr]     Checking xi-unicode v0.3.0
[INFO] [stderr]    Compiling indexmap v1.7.0
[INFO] [stderr]    Compiling num-traits v0.2.14
[INFO] [stderr]     Checking instant v0.1.11
[INFO] [stderr]     Checking lock_api v0.4.5
[INFO] [stderr]     Checking tracing-core v0.1.21
[INFO] [stderr]    Compiling ahash v0.7.6
[INFO] [stderr]    Compiling num-integer v0.1.44
[INFO] [stderr]     Checking sharded-slab v0.1.4
[INFO] [stderr]     Checking thread_local v1.1.3
[INFO] [stderr]    Compiling num-iter v0.1.42
[INFO] [stderr]    Compiling num-rational v0.3.2
[INFO] [stderr]    Compiling memoffset v0.6.4
[INFO] [stderr]     Checking libloading v0.7.1
[INFO] [stderr]     Checking gpu-descriptor-types v0.1.1
[INFO] [stderr]     Checking gpu-alloc-types v0.2.0
[INFO] [stderr]     Checking wgpu-types v0.9.0
[INFO] [stderr]     Checking fxhash v0.2.1
[INFO] [stderr]     Checking concurrent-queue v1.2.2
[INFO] [stderr]     Checking bit-set v0.5.2
[INFO] [stderr]     Checking futures-lite v1.12.0
[INFO] [stderr]     Checking aho-corasick v0.7.18
[INFO] [stderr]    Compiling wgpu-core v0.9.2
[INFO] [stderr]     Checking deflate v0.8.6
[INFO] [stderr]     Checking miniz_oxide v0.3.7
[INFO] [stderr]     Checking hashbrown v0.9.1
[INFO] [stderr]     Checking gpu-alloc v0.4.7
[INFO] [stderr]     Checking codespan-reporting v0.11.1
[INFO] [stderr]     Checking ash v0.32.1
[INFO] [stderr]     Checking async-channel v1.6.1
[INFO] [stderr]     Checking gfx-renderdoc v0.1.0
[INFO] [stderr]     Checking walkdir v2.3.2
[INFO] [stderr]     Checking tracing-log v0.1.2
[INFO] [stderr]    Compiling alsa-sys v0.3.1
[INFO] [stderr]    Compiling x11-dl v2.19.1
[INFO] [stderr]    Compiling libudev-sys v0.1.4
[INFO] [stderr]     Checking crossbeam-channel v0.5.1
[INFO] [stderr]     Checking async-executor v1.4.1
[INFO] [stderr]     Checking gpu-descriptor v0.1.1
[INFO] [stderr]     Checking stretch v0.3.2
[INFO] [stderr]     Checking png v0.16.8
[INFO] [stderr]     Checking owned_ttf_parser v0.12.1
[INFO] [stderr]    Compiling quote v1.0.10
[INFO] [stderr]     Checking ab_glyph v0.2.11
[INFO] [stderr]     Checking crossbeam-deque v0.8.1
[INFO] [stderr]     Checking petgraph v0.5.1
[INFO] [stderr]     Checking crossbeam v0.8.1
[INFO] [stderr]     Checking spirv_headers v1.5.0
[INFO] [stderr]     Checking approx v0.5.0
[INFO] [stderr]     Checking euclid v0.22.6
[INFO] [stderr]     Checking glyph_brush_layout v0.2.3
[INFO] [stderr]     Checking getrandom v0.2.3
[INFO] [stderr]     Checking num_cpus v1.13.0
[INFO] [stderr]     Checking mio v0.7.14
[INFO] [stderr]     Checking inotify-sys v0.1.5
[INFO] [stderr]     Checking filetime v0.2.15
[INFO] [stderr]     Checking raw-window-handle v0.3.3
[INFO] [stderr]     Checking nix v0.20.0
[INFO] [stderr]     Checking slice-deque v0.3.0
[INFO] [stderr]     Checking chrono v0.4.19
[INFO] [stderr]     Checking inotify v0.9.5
[INFO] [stderr]     Checking bevy_tasks v0.5.0 (https://github.com/bevyengine/bevy?branch=main#d65fbd7b)
[INFO] [stderr]    Compiling jobserver v0.1.24
[INFO] [stderr]     Checking rand_core v0.6.3
[INFO] [stderr]     Checking rand_chacha v0.3.1
[INFO] [stderr]    Compiling cc v1.0.71
[INFO] [stderr]     Checking guillotiere v0.6.2
[INFO] [stderr]     Checking notify v5.0.0-pre.11
[INFO] [stderr]     Checking mio-misc v1.2.1
[INFO] [stderr]     Checking regex-automata v0.1.10
[INFO] [stderr]     Checking regex v1.5.4
[INFO] [stderr]     Checking rand v0.8.4
[INFO] [stderr]     Checking rose_tree v0.2.0
[INFO] [stderr]     Checking matchers v0.0.1
[INFO] [stderr]    Compiling spirv-reflect v0.2.3
[INFO] [stderr]    Compiling minimp3-sys v0.3.2
[INFO] [stderr]     Checking alsa v0.5.0
[INFO] [stderr]    Compiling serde_derive v1.0.130
[INFO] [stderr]    Compiling thiserror-impl v1.0.30
[INFO] [stderr]    Compiling bytemuck_derive v1.0.1
[INFO] [stderr]    Compiling tracing-attributes v0.1.18
[INFO] [stderr]    Compiling gltf-derive v0.16.0
[INFO] [stderr]     Checking bytemuck v1.7.2
[INFO] [stderr]     Checking image v0.23.14
[INFO] [stderr]     Checking tracing v0.1.29
[INFO] [stderr]     Checking thiserror v1.0.30
[INFO] [stderr]     Checking naga v0.5.0
[INFO] [stderr]     Checking minimp3 v0.5.1
[INFO] [stderr]     Checking smallvec v1.7.0
[INFO] [stderr]     Checking uuid v0.8.2
[INFO] [stderr]     Checking glam v0.18.0
[INFO] [stderr]     Checking tracing-serde v0.1.2
[INFO] [stderr]     Checking ron v0.6.5
[INFO] [stderr]     Checking parking_lot_core v0.8.5
[INFO] [stderr]    Compiling toml v0.5.8
[INFO] [stderr]     Checking gilrs-core v0.3.1
[INFO] [stderr]     Checking external-memory v0.0.1
[INFO] [stderr]     Checking parking_lot v0.11.2
[INFO] [stderr]     Checking gfx-hal v0.9.0
[INFO] [stderr]     Checking gilrs v0.8.1
[INFO] [stderr]     Checking tracing-subscriber v0.2.25
[INFO] [stderr]     Checking gltf-json v0.16.0
[INFO] [stderr]     Checking rodio v0.14.0
[INFO] [stderr]    Compiling cargo-manifest v0.2.6
[INFO] [stderr]     Checking hexasphere v5.0.0
[INFO] [stderr]    Compiling bevy_macro_utils v0.5.0 (https://github.com/bevyengine/bevy?branch=main#d65fbd7b)
[INFO] [stderr]     Checking gltf v0.16.0
[INFO] [stderr]     Checking gfx-backend-empty v0.9.0
[INFO] [stderr]     Checking gfx-backend-vulkan v0.9.0
[INFO] [stderr]     Checking gfx-backend-gl v0.9.0
[INFO] [stderr]    Compiling bevy_derive v0.5.0 (https://github.com/bevyengine/bevy?branch=main#d65fbd7b)
[INFO] [stderr]    Compiling bevy_reflect_derive v0.5.0 (https://github.com/bevyengine/bevy?branch=main#d65fbd7b)
[INFO] [stderr]    Compiling bevy_ecs_macros v0.5.0 (https://github.com/bevyengine/bevy?branch=main#d65fbd7b)
[INFO] [stderr]     Checking bevy_utils v0.5.0 (https://github.com/bevyengine/bevy?branch=main#d65fbd7b)
[INFO] [stderr]     Checking bevy_reflect v0.5.0 (https://github.com/bevyengine/bevy?branch=main#d65fbd7b)
[INFO] [stderr]     Checking bevy_ecs v0.5.0 (https://github.com/bevyengine/bevy?branch=main#d65fbd7b)
[INFO] [stderr]     Checking bevy_math v0.5.0 (https://github.com/bevyengine/bevy?branch=main#d65fbd7b)
[INFO] [stderr]     Checking wgpu v0.9.0
[INFO] [stderr]     Checking bevy_app v0.5.0 (https://github.com/bevyengine/bevy?branch=main#d65fbd7b)
[INFO] [stderr]     Checking bevy_log v0.5.0 (https://github.com/bevyengine/bevy?branch=main#d65fbd7b)
[INFO] [stderr]     Checking bevy_core v0.5.0 (https://github.com/bevyengine/bevy?branch=main#d65fbd7b)
[INFO] [stderr]     Checking bevy_transform v0.5.0 (https://github.com/bevyengine/bevy?branch=main#d65fbd7b)
[INFO] [stderr]     Checking bevy_window v0.5.0 (https://github.com/bevyengine/bevy?branch=main#d65fbd7b)
[INFO] [stderr]     Checking bevy_input v0.5.0 (https://github.com/bevyengine/bevy?branch=main#d65fbd7b)
[INFO] [stderr]     Checking bevy_diagnostic v0.5.0 (https://github.com/bevyengine/bevy?branch=main#d65fbd7b)
[INFO] [stderr]     Checking bevy_winit v0.5.0 (https://github.com/bevyengine/bevy?branch=main#d65fbd7b)
[INFO] [stderr]     Checking bevy_gilrs v0.5.0 (https://github.com/bevyengine/bevy?branch=main#d65fbd7b)
[INFO] [stderr]     Checking bevy_asset v0.5.0 (https://github.com/bevyengine/bevy?branch=main#d65fbd7b)
[INFO] [stderr]     Checking bevy_render v0.5.0 (https://github.com/bevyengine/bevy?branch=main#d65fbd7b)
[INFO] [stderr]     Checking bevy_scene v0.5.0 (https://github.com/bevyengine/bevy?branch=main#d65fbd7b)
[INFO] [stderr]     Checking bevy_audio v0.5.0 (https://github.com/bevyengine/bevy?branch=main#d65fbd7b)
[INFO] [stderr]     Checking bevy_sprite v0.5.0 (https://github.com/bevyengine/bevy?branch=main#d65fbd7b)
[INFO] [stderr]     Checking bevy_pbr v0.5.0 (https://github.com/bevyengine/bevy?branch=main#d65fbd7b)
[INFO] [stderr]     Checking bevy_wgpu v0.5.0 (https://github.com/bevyengine/bevy?branch=main#d65fbd7b)
[INFO] [stderr]     Checking bevy_gltf v0.5.0 (https://github.com/bevyengine/bevy?branch=main#d65fbd7b)
[INFO] [stderr]     Checking bevy_text v0.5.0 (https://github.com/bevyengine/bevy?branch=main#d65fbd7b)
[INFO] [stderr]     Checking bevy_ui v0.5.0 (https://github.com/bevyengine/bevy?branch=main#d65fbd7b)
[INFO] [stderr]     Checking bevy_internal v0.5.0 (https://github.com/bevyengine/bevy?branch=main#d65fbd7b)
[INFO] [stderr]     Checking bevy v0.5.0 (https://github.com/bevyengine/bevy?branch=main#d65fbd7b)
[INFO] [stderr]     Checking bevy_mod_raycast v0.2.2 (https://github.com/aevyrie/bevy_mod_raycast?branch=master#f65cf178)
[INFO] [stderr]     Checking bevy_4x_camera v0.1.2 (/opt/rustwide/workdir)
[INFO] [stdout] error[E0412]: cannot find type `AppBuilder` in this scope
[INFO] [stdout]   --> src/lib.rs:16:31
[INFO] [stdout]    |
[INFO] [stdout] 16 |     fn build(&self, app: &mut AppBuilder) {
[INFO] [stdout]    |                               ^^^^^^^^^^ not found in this scope
[INFO] [stdout] 
[INFO] [stdout] 
[INFO] [stdout] error[E0277]: the trait bound `CameraRig: bevy::prelude::Component` is not satisfied
[INFO] [stdout]    --> src/lib.rs:106:9
[INFO] [stdout]     |
[INFO] [stdout] 106 |         Query<&mut Transform, With<CameraRig>>,
[INFO] [stdout]     |         ^^^^^^^^^^^^^^^^^^^^^^^^^^^^^^^^^^^^^^ the trait `bevy::prelude::Component` is not implemented for `CameraRig`
[INFO] [stdout]     |
[INFO] [stdout]     = note: required because of the requirements on the impl of `WorldQuery` for `bevy::prelude::With<CameraRig>`
[INFO] [stdout] 
[INFO] [stdout] 
[INFO] [stdout] error[E0277]: the trait bound `CameraRigFollow: bevy::prelude::Component` is not satisfied
[INFO] [stdout]    --> src/lib.rs:109:23
[INFO] [stdout]     |
[INFO] [stdout] 109 |     mut follow_query: Query<&mut CameraRigFollow>,
[INFO] [stdout]     |                       ^^^^^^^^^^^^^^^^^^^^^^^^^^^ the trait `bevy::prelude::Component` is not implemented for `CameraRigFollow`
[INFO] [stdout]     |
[INFO] [stdout]     = note: required because of the requirements on the impl of `WorldQuery` for `&mut CameraRigFollow`
[INFO] [stdout] note: required by a bound in `bevy::prelude::Query`
[INFO] [stdout]    --> /opt/rustwide/cargo-home/git/checkouts/bevy-f7ffde730c324c74/d65fbd7/crates/bevy_ecs/src/system/query.rs:243:37
[INFO] [stdout]     |
[INFO] [stdout] 243 | pub struct Query<'world, 'state, Q: WorldQuery, F: WorldQuery = ()>
[INFO] [stdout]     |                                     ^^^^^^^^^^ required by this bound in `bevy::prelude::Query`
[INFO] [stdout] 
[INFO] [stdout] 
[INFO] [stdout] error[E0277]: the trait bound `CameraRig: bevy::prelude::Component` is not satisfied
[INFO] [stdout]    --> src/lib.rs:318:9
[INFO] [stdout]     |
[INFO] [stdout] 318 |         Query<(&mut Transform, &mut CameraRig)>,
[INFO] [stdout]     |         ^^^^^^^^^^^^^^^^^^^^^^^^^^^^^^^^^^^^^^^ the trait `bevy::prelude::Component` is not implemented for `CameraRig`
[INFO] [stdout]     |
[INFO] [stdout]     = note: required because of the requirements on the impl of `WorldQuery` for `&mut CameraRig`
[INFO] [stdout]     = note: 1 redundant requirements hidden
[INFO] [stdout]     = note: required because of the requirements on the impl of `WorldQuery` for `(&mut bevy::prelude::Transform, &mut CameraRig)`
[INFO] [stdout] note: required by a bound in `bevy::prelude::Query`
[INFO] [stdout]    --> /opt/rustwide/cargo-home/git/checkouts/bevy-f7ffde730c324c74/d65fbd7/crates/bevy_ecs/src/system/query.rs:243:37
[INFO] [stdout]     |
[INFO] [stdout] 243 | pub struct Query<'world, 'state, Q: WorldQuery, F: WorldQuery = ()>
[INFO] [stdout]     |                                     ^^^^^^^^^^ required by this bound in `bevy::prelude::Query`
[INFO] [stdout] 
[INFO] [stdout] 
[INFO] [stdout] error[E0277]: the trait bound `CameraRigFollow: bevy::prelude::Component` is not satisfied
[INFO] [stdout]    --> src/lib.rs:319:9
[INFO] [stdout]     |
[INFO] [stdout] 319 |         Query<(&Transform, &CameraRigFollow), Changed<Transform>>,
[INFO] [stdout]     |         ^^^^^^^^^^^^^^^^^^^^^^^^^^^^^^^^^^^^^^^^^^^^^^^^^^^^^^^^^ the trait `bevy::prelude::Component` is not implemented for `CameraRigFollow`
[INFO] [stdout]     |
[INFO] [stdout]     = note: required because of the requirements on the impl of `WorldQuery` for `&CameraRigFollow`
[INFO] [stdout]     = note: 1 redundant requirements hidden
[INFO] [stdout]     = note: required because of the requirements on the impl of `WorldQuery` for `(&bevy::prelude::Transform, &CameraRigFollow)`
[INFO] [stdout] note: required by a bound in `bevy::prelude::Query`
[INFO] [stdout]    --> /opt/rustwide/cargo-home/git/checkouts/bevy-f7ffde730c324c74/d65fbd7/crates/bevy_ecs/src/system/query.rs:243:37
[INFO] [stdout]     |
[INFO] [stdout] 243 | pub struct Query<'world, 'state, Q: WorldQuery, F: WorldQuery = ()>
[INFO] [stdout]     |                                     ^^^^^^^^^^ required by this bound in `bevy::prelude::Query`
[INFO] [stdout] 
[INFO] [stdout] 
[INFO] [stdout] error: aborting due to 5 previous errors
[INFO] [stdout] 
[INFO] [stdout] 
[INFO] [stdout] Some errors have detailed explanations: E0277, E0412.
[INFO] [stdout] 
[INFO] [stdout] For more information about an error, try `rustc --explain E0277`.
[INFO] [stdout] 
[INFO] [stderr] error: could not compile `bevy_4x_camera` due to 6 previous errors
[INFO] [stderr] warning: build failed, waiting for other jobs to finish...
[INFO] [stderr] error: build failed
[INFO] running `Command { std: "docker" "inspect" "97dc67e3779a58461ac10baed8b2856b1c53b0256efba1df3fc448656f3d78ad", kill_on_drop: false }`
[INFO] running `Command { std: "docker" "rm" "-f" "97dc67e3779a58461ac10baed8b2856b1c53b0256efba1df3fc448656f3d78ad", kill_on_drop: false }`
[INFO] [stdout] 97dc67e3779a58461ac10baed8b2856b1c53b0256efba1df3fc448656f3d78ad
