[INFO] cloning repository https://github.com/Samuel-Pedraza/btc-rust-dlc
[INFO] running `Command { std: "git" "-c" "credential.helper=" "-c" "credential.helper=/workspace/cargo-home/bin/git-credential-null" "clone" "--bare" "https://github.com/Samuel-Pedraza/btc-rust-dlc" "/workspace/cache/git-repos/https%3A%2F%2Fgithub.com%2FSamuel-Pedraza%2Fbtc-rust-dlc", kill_on_drop: false }`
[INFO] [stderr] Cloning into bare repository '/workspace/cache/git-repos/https%3A%2F%2Fgithub.com%2FSamuel-Pedraza%2Fbtc-rust-dlc'...
[INFO] running `Command { std: "git" "rev-parse" "HEAD", kill_on_drop: false }`
[INFO] [stdout] 1764f3ade2d044c5e087f251047aebf645741692
[INFO] checking Samuel-Pedraza/btc-rust-dlc against 1.55.0 for beta-1.56-3
[INFO] running `Command { std: "git" "clone" "/workspace/cache/git-repos/https%3A%2F%2Fgithub.com%2FSamuel-Pedraza%2Fbtc-rust-dlc" "/workspace/builds/worker-64/source", kill_on_drop: false }`
[INFO] [stderr] Cloning into '/workspace/builds/worker-64/source'...
[INFO] [stderr] done.
[INFO] validating manifest of git repo https://github.com/Samuel-Pedraza/btc-rust-dlc on toolchain 1.55.0
[INFO] running `Command { std: "/workspace/cargo-home/bin/cargo" "+1.55.0" "metadata" "--manifest-path" "Cargo.toml" "--no-deps", kill_on_drop: false }`
[INFO] started tweaking git repo https://github.com/Samuel-Pedraza/btc-rust-dlc
[INFO] finished tweaking git repo https://github.com/Samuel-Pedraza/btc-rust-dlc
[INFO] tweaked toml for git repo https://github.com/Samuel-Pedraza/btc-rust-dlc written to /workspace/builds/worker-64/source/Cargo.toml
[INFO] crate git repo https://github.com/Samuel-Pedraza/btc-rust-dlc already has a lockfile, it will not be regenerated
[INFO] running `Command { std: "/workspace/cargo-home/bin/cargo" "+1.55.0" "fetch" "--manifest-path" "Cargo.toml", kill_on_drop: false }`
[INFO] [stderr]     Blocking waiting for file lock on package cache
[INFO] [stderr]     Blocking waiting for file lock on package cache
[INFO] [stderr]  Downloading crates ...
[INFO] [stderr]   Downloaded bitcoincore-rpc-json v0.12.0
[INFO] [stderr]   Downloaded jsonrpc v0.11.0
[INFO] [stderr]   Downloaded bitcoincore-rpc v0.12.0
[INFO] running `Command { std: "docker" "create" "-v" "/var/lib/crater-agent-workspace/builds/worker-64/target:/opt/rustwide/target:rw,Z" "-v" "/var/lib/crater-agent-workspace/builds/worker-64/source:/opt/rustwide/workdir:ro,Z" "-v" "/var/lib/crater-agent-workspace/cargo-home:/opt/rustwide/cargo-home:ro,Z" "-v" "/var/lib/crater-agent-workspace/rustup-home:/opt/rustwide/rustup-home:ro,Z" "-e" "SOURCE_DIR=/opt/rustwide/workdir" "-e" "CARGO_TARGET_DIR=/opt/rustwide/target" "-e" "CARGO_HOME=/opt/rustwide/cargo-home" "-e" "RUSTUP_HOME=/opt/rustwide/rustup-home" "-w" "/opt/rustwide/workdir" "-m" "1610612736" "--user" "0:0" "--network" "none" "ghcr.io/rust-lang/crates-build-env/linux@sha256:a89201d6b5b9fd45c15d5952ece0a0129e7e80cb26ec023fd59cf09bc26f1604" "/opt/rustwide/cargo-home/bin/cargo" "+1.55.0" "metadata" "--no-deps" "--format-version=1", kill_on_drop: false }`
[INFO] [stdout] 4feb3cb85f5fa796fe5a55db7bf5bfe9980b1f8d8b3ba545b41c340f6918fe99
[INFO] running `Command { std: "docker" "start" "-a" "4feb3cb85f5fa796fe5a55db7bf5bfe9980b1f8d8b3ba545b41c340f6918fe99", kill_on_drop: false }`
[INFO] running `Command { std: "docker" "inspect" "4feb3cb85f5fa796fe5a55db7bf5bfe9980b1f8d8b3ba545b41c340f6918fe99", kill_on_drop: false }`
[INFO] running `Command { std: "docker" "rm" "-f" "4feb3cb85f5fa796fe5a55db7bf5bfe9980b1f8d8b3ba545b41c340f6918fe99", kill_on_drop: false }`
[INFO] [stdout] 4feb3cb85f5fa796fe5a55db7bf5bfe9980b1f8d8b3ba545b41c340f6918fe99
[INFO] running `Command { std: "docker" "create" "-v" "/var/lib/crater-agent-workspace/builds/worker-64/target:/opt/rustwide/target:rw,Z" "-v" "/var/lib/crater-agent-workspace/builds/worker-64/source:/opt/rustwide/workdir:ro,Z" "-v" "/var/lib/crater-agent-workspace/cargo-home:/opt/rustwide/cargo-home:ro,Z" "-v" "/var/lib/crater-agent-workspace/rustup-home:/opt/rustwide/rustup-home:ro,Z" "-e" "SOURCE_DIR=/opt/rustwide/workdir" "-e" "CARGO_TARGET_DIR=/opt/rustwide/target" "-e" "CARGO_INCREMENTAL=0" "-e" "RUST_BACKTRACE=full" "-e" "RUSTFLAGS=--cap-lints=warn" "-e" "CARGO_HOME=/opt/rustwide/cargo-home" "-e" "RUSTUP_HOME=/opt/rustwide/rustup-home" "-w" "/opt/rustwide/workdir" "-m" "1610612736" "--user" "0:0" "--network" "none" "ghcr.io/rust-lang/crates-build-env/linux@sha256:a89201d6b5b9fd45c15d5952ece0a0129e7e80cb26ec023fd59cf09bc26f1604" "/opt/rustwide/cargo-home/bin/cargo" "+1.55.0" "check" "--frozen" "--all" "--all-targets" "--message-format=json", kill_on_drop: false }`
[INFO] [stdout] 7dcdb635b1991289e20288620e8c616742e051ce1c813c93061d54c94b2a872e
[INFO] running `Command { std: "docker" "start" "-a" "7dcdb635b1991289e20288620e8c616742e051ce1c813c93061d54c94b2a872e", kill_on_drop: false }`
[INFO] [stderr]    Compiling syn v1.0.54
[INFO] [stderr]    Compiling serde_derive v1.0.118
[INFO] [stderr]    Compiling serde v1.0.118
[INFO] [stderr]    Compiling log v0.4.11
[INFO] [stderr]    Compiling libc v0.2.81
[INFO] [stderr]    Compiling version_check v0.1.5
[INFO] [stderr]    Compiling serde_json v1.0.60
[INFO] [stderr]    Compiling httparse v1.3.4
[INFO] [stderr]     Checking percent-encoding v1.0.1
[INFO] [stderr]     Checking safemem v0.3.3
[INFO] [stderr]     Checking typeable v0.1.2
[INFO] [stderr]     Checking traitobject v0.1.0
[INFO] [stderr]     Checking bech32 v0.7.2
[INFO] [stderr]     Checking hex v0.3.2
[INFO] [stderr]    Compiling secp256k1-sys v0.3.0
[INFO] [stderr]     Checking tinyvec v1.1.0
[INFO] [stderr]    Compiling quote v1.0.7
[INFO] [stderr]     Checking base64 v0.9.3
[INFO] [stderr]    Compiling unicase v1.4.2
[INFO] [stderr]     Checking log v0.3.9
[INFO] [stderr]     Checking unicode-normalization v0.1.16
[INFO] [stderr]     Checking mime v0.2.6
[INFO] [stderr]     Checking num_cpus v1.13.0
[INFO] [stderr]     Checking time v0.1.44
[INFO] [stderr]     Checking idna v0.1.5
[INFO] [stderr]     Checking url v1.7.2
[INFO] [stderr]     Checking hyper v0.10.16
[INFO] [stderr]     Checking bitcoin_hashes v0.9.4
[INFO] [stderr]     Checking secp256k1 v0.19.0
[INFO] [stderr]     Checking jsonrpc v0.11.0
[INFO] [stderr]     Checking bitcoin v0.25.2
[INFO] [stderr]     Checking bitcoincore-rpc-json v0.12.0
[INFO] [stderr]     Checking bitcoincore-rpc v0.12.0
[INFO] [stderr]     Checking discrete-log-contract-playground v0.1.0 (/opt/rustwide/workdir)
[INFO] [stdout] error: expected `,`, or `}`, found `*`
[INFO] [stdout]   --> src/main.rs:44:45
[INFO] [stdout]    |
[INFO] [stdout] 44 |     funding_inputs: total_collateral_satoshi * num_funding_inputs,
[INFO] [stdout]    |                                             ^
[INFO] [stdout] 
[INFO] [stdout] 
[INFO] [stdout] error: expected `,`, or `}`, found `*`
[INFO] [stdout]   --> src/main.rs:44:45
[INFO] [stdout]    |
[INFO] [stdout] 44 |     funding_inputs: total_collateral_satoshi * num_funding_inputs,
[INFO] [stdout]    |                                             ^
[INFO] [stdout] 
[INFO] [stdout] 
[INFO] [stdout] error[E0573]: expected type, found derive macro `Hash`
[INFO] [stdout]   --> src/main.rs:37:17
[INFO] [stdout]    |
[INFO] [stdout] 37 |     chain_hash: Hash,
[INFO] [stdout]    |                 ^^^^ not a type
[INFO] [stdout]    |
[INFO] [stdout] help: consider importing one of these items instead
[INFO] [stdout]    |
[INFO] [stdout] 3  | use core::hash::Hash;
[INFO] [stdout]    |
[INFO] [stdout] 3  | use std::hash::Hash;
[INFO] [stdout]    |
[INFO] [stdout] 
[INFO] [stdout] 
[INFO] [stdout] error[E0573]: expected type, found derive macro `Hash`
[INFO] [stdout]   --> src/main.rs:37:17
[INFO] [stdout]    |
[INFO] [stdout] 37 |     chain_hash: Hash,
[INFO] [stdout]    |                 ^^^^ not a type
[INFO] [stdout]    |
[INFO] [stdout] help: consider importing one of these items instead
[INFO] [stdout]    |
[INFO] [stdout] 3  | use core::hash::Hash;
[INFO] [stdout]    |
[INFO] [stdout] 3  | use std::hash::Hash;
[INFO] [stdout]    |
[INFO] [stdout] 
[INFO] [stdout] 
[INFO] [stdout] error[E0283]: type annotations needed
[INFO] [stdout]    --> src/main.rs:37:5
[INFO] [stdout]     |
[INFO] [stdout] 34  | #[derive(Default)]
[INFO] [stdout]     |          ------- in this derive macro expansion
[INFO] [stdout] ...
[INFO] [stdout] 37  |     chain_hash: Hash,
[INFO] [stdout]     |     ^^^^^^^^^^^^^^^^ cannot infer type
[INFO] [stdout]     |
[INFO] [stdout]     = note: cannot satisfy `_: Default`
[INFO] [stdout] note: required by `std::default::Default::default`
[INFO] [stdout]     = note: this error originates in the derive macro `Default` (in Nightly builds, run with -Z macro-backtrace for more info)
[INFO] [stdout] 
[INFO] [stdout] 
[INFO] [stderr] error: could not compile `discrete-log-contract-playground` due to 4 previous errors
[INFO] [stdout] error: aborting due to 3 previous errors
[INFO] [stdout] 
[INFO] [stdout] 
[INFO] [stderr] warning: build failed, waiting for other jobs to finish...
[INFO] [stdout] Some errors have detailed explanations: E0283, E0573.
[INFO] [stdout] 
[INFO] [stdout] For more information about an error, try `rustc --explain E0283`.
[INFO] [stdout] 
[INFO] [stdout] error[E0283]: type annotations needed
[INFO] [stdout]    --> src/main.rs:37:5
[INFO] [stdout]     |
[INFO] [stdout] 34  | #[derive(Default)]
[INFO] [stdout]     |          ------- in this derive macro expansion
[INFO] [stdout] ...
[INFO] [stdout] 37  |     chain_hash: Hash,
[INFO] [stdout]     |     ^^^^^^^^^^^^^^^^ cannot infer type
[INFO] [stdout]     |
[INFO] [stdout]     = note: cannot satisfy `_: Default`
[INFO] [stdout] note: required by `std::default::Default::default`
[INFO] [stdout]     = note: this error originates in the derive macro `Default` (in Nightly builds, run with -Z macro-backtrace for more info)
[INFO] [stdout] 
[INFO] [stdout] 
[INFO] [stdout] error: aborting due to 3 previous errors
[INFO] [stdout] 
[INFO] [stdout] 
[INFO] [stdout] Some errors have detailed explanations: E0283, E0573.
[INFO] [stdout] 
[INFO] [stdout] For more information about an error, try `rustc --explain E0283`.
[INFO] [stdout] 
[INFO] [stderr] error: build failed
[INFO] running `Command { std: "docker" "inspect" "7dcdb635b1991289e20288620e8c616742e051ce1c813c93061d54c94b2a872e", kill_on_drop: false }`
[INFO] running `Command { std: "docker" "rm" "-f" "7dcdb635b1991289e20288620e8c616742e051ce1c813c93061d54c94b2a872e", kill_on_drop: false }`
[INFO] [stdout] 7dcdb635b1991289e20288620e8c616742e051ce1c813c93061d54c94b2a872e
