[INFO] cloning repository https://github.com/SaeedAnas/uno-rs
[INFO] running `Command { std: "git" "-c" "credential.helper=" "-c" "credential.helper=/workspace/cargo-home/bin/git-credential-null" "clone" "--bare" "https://github.com/SaeedAnas/uno-rs" "/workspace/cache/git-repos/https%3A%2F%2Fgithub.com%2FSaeedAnas%2Funo-rs", kill_on_drop: false }`
[INFO] [stderr] Cloning into bare repository '/workspace/cache/git-repos/https%3A%2F%2Fgithub.com%2FSaeedAnas%2Funo-rs'...
[INFO] running `Command { std: "git" "rev-parse" "HEAD", kill_on_drop: false }`
[INFO] [stdout] 2d6c2a5b35c43385c48a73bf1c67a3274fdd0c60
[INFO] checking SaeedAnas/uno-rs against 1.55.0 for beta-1.56-3
[INFO] running `Command { std: "git" "clone" "/workspace/cache/git-repos/https%3A%2F%2Fgithub.com%2FSaeedAnas%2Funo-rs" "/workspace/builds/worker-76/source", kill_on_drop: false }`
[INFO] [stderr] Cloning into '/workspace/builds/worker-76/source'...
[INFO] [stderr] done.
[INFO] validating manifest of git repo https://github.com/SaeedAnas/uno-rs on toolchain 1.55.0
[INFO] running `Command { std: "/workspace/cargo-home/bin/cargo" "+1.55.0" "metadata" "--manifest-path" "Cargo.toml" "--no-deps", kill_on_drop: false }`
[INFO] started tweaking git repo https://github.com/SaeedAnas/uno-rs
[INFO] finished tweaking git repo https://github.com/SaeedAnas/uno-rs
[INFO] tweaked toml for git repo https://github.com/SaeedAnas/uno-rs written to /workspace/builds/worker-76/source/Cargo.toml
[INFO] crate git repo https://github.com/SaeedAnas/uno-rs already has a lockfile, it will not be regenerated
[INFO] running `Command { std: "/workspace/cargo-home/bin/cargo" "+1.55.0" "fetch" "--manifest-path" "Cargo.toml", kill_on_drop: false }`
[INFO] [stderr]     Blocking waiting for file lock on package cache
[INFO] [stderr]     Blocking waiting for file lock on package cache
[INFO] running `Command { std: "docker" "create" "-v" "/var/lib/crater-agent-workspace/builds/worker-76/target:/opt/rustwide/target:rw,Z" "-v" "/var/lib/crater-agent-workspace/builds/worker-76/source:/opt/rustwide/workdir:ro,Z" "-v" "/var/lib/crater-agent-workspace/cargo-home:/opt/rustwide/cargo-home:ro,Z" "-v" "/var/lib/crater-agent-workspace/rustup-home:/opt/rustwide/rustup-home:ro,Z" "-e" "SOURCE_DIR=/opt/rustwide/workdir" "-e" "CARGO_TARGET_DIR=/opt/rustwide/target" "-e" "CARGO_HOME=/opt/rustwide/cargo-home" "-e" "RUSTUP_HOME=/opt/rustwide/rustup-home" "-w" "/opt/rustwide/workdir" "-m" "1610612736" "--user" "0:0" "--network" "none" "ghcr.io/rust-lang/crates-build-env/linux@sha256:a89201d6b5b9fd45c15d5952ece0a0129e7e80cb26ec023fd59cf09bc26f1604" "/opt/rustwide/cargo-home/bin/cargo" "+1.55.0" "metadata" "--no-deps" "--format-version=1", kill_on_drop: false }`
[INFO] [stdout] d433286994f5a4eb8ac7f15f623b4d92f93e593582c349b9171ae16cbebd9982
[INFO] running `Command { std: "docker" "start" "-a" "d433286994f5a4eb8ac7f15f623b4d92f93e593582c349b9171ae16cbebd9982", kill_on_drop: false }`
[INFO] running `Command { std: "docker" "inspect" "d433286994f5a4eb8ac7f15f623b4d92f93e593582c349b9171ae16cbebd9982", kill_on_drop: false }`
[INFO] running `Command { std: "docker" "rm" "-f" "d433286994f5a4eb8ac7f15f623b4d92f93e593582c349b9171ae16cbebd9982", kill_on_drop: false }`
[INFO] [stdout] d433286994f5a4eb8ac7f15f623b4d92f93e593582c349b9171ae16cbebd9982
[INFO] running `Command { std: "docker" "create" "-v" "/var/lib/crater-agent-workspace/builds/worker-76/target:/opt/rustwide/target:rw,Z" "-v" "/var/lib/crater-agent-workspace/builds/worker-76/source:/opt/rustwide/workdir:ro,Z" "-v" "/var/lib/crater-agent-workspace/cargo-home:/opt/rustwide/cargo-home:ro,Z" "-v" "/var/lib/crater-agent-workspace/rustup-home:/opt/rustwide/rustup-home:ro,Z" "-e" "SOURCE_DIR=/opt/rustwide/workdir" "-e" "CARGO_TARGET_DIR=/opt/rustwide/target" "-e" "CARGO_INCREMENTAL=0" "-e" "RUST_BACKTRACE=full" "-e" "RUSTFLAGS=--cap-lints=warn" "-e" "CARGO_HOME=/opt/rustwide/cargo-home" "-e" "RUSTUP_HOME=/opt/rustwide/rustup-home" "-w" "/opt/rustwide/workdir" "-m" "1610612736" "--user" "0:0" "--network" "none" "ghcr.io/rust-lang/crates-build-env/linux@sha256:a89201d6b5b9fd45c15d5952ece0a0129e7e80cb26ec023fd59cf09bc26f1604" "/opt/rustwide/cargo-home/bin/cargo" "+1.55.0" "check" "--frozen" "--all" "--all-targets" "--message-format=json", kill_on_drop: false }`
[INFO] [stdout] 3822bcbe98cf938a41a6eae1b39cfdb85c547669ec47785080ba2663968adeba
[INFO] running `Command { std: "docker" "start" "-a" "3822bcbe98cf938a41a6eae1b39cfdb85c547669ec47785080ba2663968adeba", kill_on_drop: false }`
[INFO] [stderr]     Blocking waiting for file lock on package cache
[INFO] [stderr]    Compiling proc-macro2 v1.0.21
[INFO] [stderr]    Compiling syn v1.0.41
[INFO] [stderr]    Compiling log v0.4.11
[INFO] [stderr]     Checking once_cell v1.4.1
[INFO] [stderr]     Checking futures-core v0.3.5
[INFO] [stderr]    Compiling proc-macro-hack v0.5.18
[INFO] [stderr]    Compiling anyhow v1.0.32
[INFO] [stderr]     Checking futures-io v0.3.5
[INFO] [stderr]    Compiling cc v1.0.60
[INFO] [stderr]    Compiling either v1.6.1
[INFO] [stderr]    Compiling byteorder v1.3.4
[INFO] [stderr]    Compiling pin-project-internal v0.4.23
[INFO] [stderr]    Compiling ppv-lite86 v0.2.9
[INFO] [stderr]    Compiling proc-macro-nested v0.1.6
[INFO] [stderr]     Checking futures-sink v0.3.5
[INFO] [stderr]    Compiling bytes v0.5.6
[INFO] [stderr]    Compiling hashbrown v0.9.0
[INFO] [stderr]    Compiling fixedbitset v0.2.0
[INFO] [stderr]    Compiling remove_dir_all v0.5.3
[INFO] [stderr]    Compiling multimap v0.8.2
[INFO] [stderr]     Checking subtle v2.3.0
[INFO] [stderr]     Checking block-padding v0.2.1
[INFO] [stderr]     Checking untrusted v0.7.1
[INFO] [stderr]     Checking spin v0.5.2
[INFO] [stderr]     Checking smallvec v1.4.2
[INFO] [stderr]     Checking arrayref v0.3.6
[INFO] [stderr]     Checking keccak v0.1.0
[INFO] [stderr]     Checking subtle v1.0.0
[INFO] [stderr]     Checking constant_time_eq v0.1.5
[INFO] [stderr]    Compiling crunchy v0.2.2
[INFO] [stderr]     Checking signature v1.2.2
[INFO] [stderr]     Checking data-encoding v2.3.0
[INFO] [stderr]     Checking bs58 v0.3.1
[INFO] [stderr]     Checking futures-timer v3.0.2
[INFO] [stderr]     Checking instant v0.1.6
[INFO] [stderr]     Checking pin-project-lite v0.1.7
[INFO] [stderr]     Checking cache-padded v1.1.1
[INFO] [stderr]     Checking parking v2.0.0
[INFO] [stderr]     Checking fastrand v1.3.5
[INFO] [stderr]     Checking waker-fn v1.1.0
[INFO] [stderr]    Compiling wasm-bindgen-shared v0.2.68
[INFO] [stderr]     Checking event-listener v2.4.0
[INFO] [stderr]    Compiling fnv v1.0.7
[INFO] [stderr]     Checking vec-arena v1.0.0
[INFO] [stderr]    Compiling ident_case v1.0.1
[INFO] [stderr]    Compiling strsim v0.9.3
[INFO] [stderr]     Checking async-task v3.0.0
[INFO] [stderr]    Compiling wasm-bindgen v0.2.68
[INFO] [stderr]     Checking atomic-waker v1.0.0
[INFO] [stderr]    Compiling maybe-uninit v2.0.0
[INFO] [stderr]     Checking stable_deref_trait v1.2.0
[INFO] [stderr]     Checking byteorder v0.5.3
[INFO] [stderr]     Checking nohash-hasher v0.2.0
[INFO] [stderr]     Checking c_linked_list v1.1.1
[INFO] [stderr]     Checking rustc-hex v2.1.0
[INFO] [stderr]     Checking array-macro v1.0.5
[INFO] [stderr]     Checking xi-unicode v0.2.1
[INFO] [stderr]     Checking hex_fmt v0.3.0
[INFO] [stderr]     Checking base64 v0.11.0
[INFO] [stderr]     Checking lru_time_cache v0.10.0
[INFO] [stderr]     Checking parity-send-wrapper v0.1.0
[INFO] [stderr]    Compiling serde_json v1.0.57
[INFO] [stderr]     Checking regex-syntax v0.6.18
[INFO] [stderr]     Checking maplit v1.0.2
[INFO] [stderr]     Checking atomic v0.4.6
[INFO] [stderr]     Checking termcolor v1.1.0
[INFO] [stderr]    Compiling libc v0.2.77
[INFO] [stderr]    Compiling heck v0.3.1
[INFO] [stderr]     Checking lock_api v0.3.4
[INFO] [stderr]     Checking lock_api v0.4.1
[INFO] [stderr]    Compiling num-traits v0.2.12
[INFO] [stderr]    Compiling crossbeam-utils v0.7.2
[INFO] [stderr]    Compiling num-integer v0.1.43
[INFO] [stderr]    Compiling miniz_oxide v0.4.2
[INFO] [stderr]    Compiling crc32fast v1.2.0
[INFO] [stderr]    Compiling hashbrown v0.8.2
[INFO] [stderr]    Compiling num-iter v0.1.41
[INFO] [stderr]    Compiling num-rational v0.3.0
[INFO] [stderr]     Checking humantime v1.3.0
[INFO] [stderr]     Checking num_cpus v1.13.0
[INFO] [stderr]     Checking getrandom v0.1.15
[INFO] [stderr]     Checking nb-connect v1.0.0
[INFO] [stderr]     Checking net2 v0.2.35
[INFO] [stderr]     Checking rand v0.4.6
[INFO] [stderr]     Checking signal-hook-registry v1.2.1
[INFO] [stderr]     Checking time v0.1.44
[INFO] [stderr]     Checking iovec v0.1.4
[INFO] [stderr]     Checking socket2 v0.3.15
[INFO] [stderr]     Checking atty v0.2.14
[INFO] [stderr]     Checking term_size v0.3.2
[INFO] [stderr]    Compiling snow v0.7.1
[INFO] [stderr]     Checking aho-corasick v0.7.13
[INFO] [stderr]     Checking block-cipher v0.7.1
[INFO] [stderr]     Checking stream-cipher v0.4.1
[INFO] [stderr]     Checking aead v0.3.2
[INFO] [stderr]     Checking stream-cipher v0.3.2
[INFO] [stderr]     Checking futures-task v0.3.5
[INFO] [stderr]     Checking block-buffer v0.9.0
[INFO] [stderr]     Checking futures-channel v0.3.5
[INFO] [stderr]     Checking async-mutex v1.3.0
[INFO] [stderr]    Compiling itertools v0.8.2
[INFO] [stderr]     Checking quicksink v0.1.2
[INFO] [stderr]     Checking concurrent-queue v1.2.2
[INFO] [stderr]     Checking crypto-mac v0.7.0
[INFO] [stderr]     Checking owning_ref v0.4.1
[INFO] [stderr]     Checking rand_core v0.5.1
[INFO] [stderr]    Compiling indexmap v1.6.0
[INFO] [stderr]     Checking universal-hash v0.4.0
[INFO] [stderr]     Checking crypto-mac v0.8.0
[INFO] [stderr]    Compiling which v3.1.1
[INFO] [stderr]     Checking salsa20-core v0.2.3
[INFO] [stderr]     Checking blake2s_simd v0.5.10
[INFO] [stderr]     Checking blake2b_simd v0.5.10
[INFO] [stderr]     Checking rand v0.3.23
[INFO] [stderr]     Checking get_if_addrs v0.5.3
[INFO] [stderr]     Checking parking_lot_core v0.7.2
[INFO] [stderr]     Checking parking_lot_core v0.8.0
[INFO] [stderr]     Checking futures-lite v1.7.0
[INFO] [stderr]     Checking sha2 v0.9.1
[INFO] [stderr]     Checking sha-1 v0.9.1
[INFO] [stderr]     Checking ed25519 v1.0.2
[INFO] [stderr]     Checking signal-hook v0.1.16
[INFO] [stderr]     Checking sha3 v0.9.1
[INFO] [stderr]     Checking hmac v0.7.1
[INFO] [stderr]     Checking async-channel v1.4.2
[INFO] [stderr]     Checking polyval v0.4.0
[INFO] [stderr]     Checking poly1305 v0.6.0
[INFO] [stderr]     Checking rand_chacha v0.2.2
[INFO] [stderr]     Checking cuckoofilter v0.3.2
[INFO] [stderr]     Checking polling v1.0.3
[INFO] [stderr]     Checking kv-log-macro v1.0.7
[INFO] [stderr]     Checking mio v0.6.22
[INFO] [stderr]     Checking parking_lot v0.10.2
[INFO] [stderr]    Compiling petgraph v0.5.1
[INFO] [stderr]    Compiling prost-build v0.6.1
[INFO] [stderr]     Checking rand v0.7.3
[INFO] [stderr]    Compiling quote v1.0.7
[INFO] [stderr]     Checking hmac-drbg v0.2.0
[INFO] [stderr]    Compiling const-random-macro v0.1.8
[INFO] [stderr]     Checking parking_lot v0.11.0
[INFO] [stderr]     Checking ghash v0.3.0
[INFO] [stderr]     Checking block-buffer v0.7.3
[INFO] [stderr]     Checking aes-soft v0.4.0
[INFO] [stderr]     Checking blake2 v0.9.0
[INFO] [stderr]     Checking uint v0.8.5
[INFO] [stderr]     Checking dns-parser v0.8.0
[INFO] [stderr]     Checking salsa20 v0.3.0
[INFO] [stderr]    Compiling ring v0.16.15
[INFO] [stderr]    Compiling libz-sys v1.1.2
[INFO] [stderr]    Compiling ncurses v5.99.0
[INFO] [stderr]     Checking async-executor v1.1.1
[INFO] [stderr]     Checking async-io v1.1.2
[INFO] [stderr]     Checking blocking v1.0.0
[INFO] [stderr]     Checking mio-uds v0.6.8
[INFO] [stderr]     Checking const-random v0.1.8
[INFO] [stderr]     Checking sha2 v0.8.2
[INFO] [stderr]     Checking sha3 v0.8.2
[INFO] [stderr]     Checking crossbeam-channel v0.4.4
[INFO] [stderr]     Checking num-complex v0.3.0
[INFO] [stderr]     Checking regex v1.3.9
[INFO] [stderr]     Checking aes v0.4.0
[INFO] [stderr]     Checking ahash v0.3.8
[INFO] [stderr]     Checking ahash v0.4.5
[INFO] [stderr]     Checking aes-gcm v0.6.0
[INFO] [stderr]     Checking libsecp256k1 v0.3.5
[INFO] [stderr]     Checking async-global-executor v1.0.2
[INFO] [stderr]     Checking chrono v0.4.15
[INFO] [stderr]     Checking async-std v1.6.4
[INFO] [stderr]     Checking flate2 v1.0.17
[INFO] [stderr]     Checking num v0.3.0
[INFO] [stderr]     Checking lru v0.6.0
[INFO] [stderr]    Compiling tempfile v3.1.0
[INFO] [stderr]     Checking env_logger v0.7.1
[INFO] [stderr]     Checking webpki v0.21.3
[INFO] [stderr]     Checking sct v0.6.0
[INFO] [stderr]    Compiling synstructure v0.12.4
[INFO] [stderr]    Compiling wasm-bindgen-backend v0.2.68
[INFO] [stderr]    Compiling darling_core v0.10.2
[INFO] [stderr]     Checking rustls v0.18.1
[INFO] [stderr]     Checking webpki-roots v0.19.0
[INFO] [stderr]     Checking webpki-roots v0.18.0
[INFO] [stderr]    Compiling wasm-bindgen-macro-support v0.2.68
[INFO] [stderr]    Compiling prost-derive v0.6.1
[INFO] [stderr]    Compiling futures-macro v0.3.5
[INFO] [stderr]    Compiling zeroize_derive v1.0.1
[INFO] [stderr]    Compiling serde_derive v1.0.116
[INFO] [stderr]    Compiling thiserror-impl v1.0.20
[INFO] [stderr]    Compiling asn1_der_derive v0.1.2
[INFO] [stderr]    Compiling minicbor-derive v0.4.1
[INFO] [stderr]    Compiling enum-map-derive v0.4.3
[INFO] [stderr]    Compiling async-trait v0.1.40
[INFO] [stderr]    Compiling tokio-macros v0.2.5
[INFO] [stderr]    Compiling libp2p-core-derive v0.20.2
[INFO] [stderr]    Compiling darling_macro v0.10.2
[INFO] [stderr]    Compiling wasm-bindgen-macro v0.2.68
[INFO] [stderr]     Checking asn1_der v0.6.3
[INFO] [stderr]     Checking enum-map v0.6.3
[INFO] [stderr]     Checking tokio v0.2.22
[INFO] [stderr]     Checking zeroize v1.1.1
[INFO] [stderr]    Compiling darling v0.10.2
[INFO] [stderr]     Checking curve25519-dalek v3.0.0
[INFO] [stderr]     Checking curve25519-dalek v2.1.0
[INFO] [stderr]     Checking chacha20 v0.4.3
[INFO] [stderr]    Compiling enumset_derive v0.5.0
[INFO] [stderr]     Checking chacha20poly1305 v0.5.1
[INFO] [stderr]     Checking thiserror v1.0.20
[INFO] [stderr]     Checking pin-project v0.4.23
[INFO] [stderr]     Checking minicbor v0.5.1
[INFO] [stderr]     Checking x25519-dalek v0.6.0
[INFO] [stderr]     Checking futures-util v0.3.5
[INFO] [stderr]     Checking js-sys v0.3.45
[INFO] [stderr]    Compiling prost v0.6.1
[INFO] [stderr]    Compiling prost-types v0.6.1
[INFO] [stderr]     Checking enumset v1.0.1
[INFO] [stderr]     Checking cursive_core v0.1.1
[INFO] [stderr]     Checking serde v1.0.116
[INFO] [stderr]     Checking wasm-bindgen-futures v0.4.18
[INFO] [stderr]     Checking futures-executor v0.3.5
[INFO] [stderr]     Checking unsigned-varint v0.5.1
[INFO] [stderr]    Compiling libp2p-core v0.22.1
[INFO] [stderr]    Compiling libp2p-identify v0.22.0
[INFO] [stderr]    Compiling libp2p-plaintext v0.22.0
[INFO] [stderr]    Compiling libp2p-gossipsub v0.22.0
[INFO] [stderr]    Compiling libp2p-noise v0.24.0
[INFO] [stderr]    Compiling libp2p-kad v0.23.0
[INFO] [stderr]    Compiling libp2p-floodsub v0.22.0
[INFO] [stderr]     Checking futures v0.3.5
[INFO] [stderr]     Checking multihash v0.11.4
[INFO] [stderr]     Checking cursive v0.15.0
[INFO] [stderr]     Checking futures_codec v0.4.1
[INFO] [stderr]     Checking rw-stream-sink v0.2.1
[INFO] [stderr]     Checking wasm-timer v0.2.5
[INFO] [stderr]     Checking yamux v0.8.0
[INFO] [stderr]     Checking async-tls v0.8.0
[INFO] [stderr]     Checking soketto v0.4.2
[INFO] [stderr]     Checking libp2p-pnet v0.19.1
[INFO] [stderr]     Checking unsigned-varint v0.4.0
[INFO] [stderr]     Checking multistream-select v0.8.2
[INFO] [stderr]     Checking parity-multiaddr v0.9.2
[INFO] [stderr]     Checking ed25519-dalek v1.0.0
[INFO] [stderr]     Checking libp2p-swarm v0.22.0
[INFO] [stderr]     Checking libp2p-tcp v0.22.0
[INFO] [stderr]     Checking libp2p-mplex v0.22.0
[INFO] [stderr]     Checking libp2p-uds v0.22.0
[INFO] [stderr]     Checking libp2p-wasm-ext v0.22.0
[INFO] [stderr]     Checking libp2p-dns v0.22.0
[INFO] [stderr]     Checking libp2p-deflate v0.22.0
[INFO] [stderr]     Checking libp2p-websocket v0.23.0
[INFO] [stderr]     Checking libp2p-yamux v0.25.0
[INFO] [stderr]     Checking libp2p-request-response v0.3.0
[INFO] [stderr]     Checking libp2p-ping v0.22.0
[INFO] [stderr]     Checking libp2p-mdns v0.22.0
[INFO] [stderr]     Checking libp2p v0.28.1
[INFO] [stderr]     Checking uno-rs v0.1.0 (/opt/rustwide/workdir)
[INFO] [stdout] error[E0433]: failed to resolve: use of undeclared type `NetworkWorker`
[INFO] [stdout]    --> src/main.rs:121:19
[INFO] [stdout]     |
[INFO] [stdout] 121 |     let network = NetworkWorker::new(cfg.get_user())
[INFO] [stdout]     |                   ^^^^^^^^^^^^^ use of undeclared type `NetworkWorker`
[INFO] [stdout] 
[INFO] [stdout] 
[INFO] [stdout] error[E0425]: cannot find value `net_reciever` in this scope
[INFO] [stdout]    --> src/main.rs:132:27
[INFO] [stdout]     |
[INFO] [stdout] 132 |         while let Ok(m) = net_reciever.recv().await? {
[INFO] [stdout]     |                           ^^^^^^^^^^^^ not found in this scope
[INFO] [stdout] 
[INFO] [stdout] 
[INFO] [stdout] error[E0425]: cannot find value `msg_sender` in this scope
[INFO] [stdout]    --> src/main.rs:141:13
[INFO] [stdout]     |
[INFO] [stdout] 141 |             msg_sender.send(m);
[INFO] [stdout]     |             ^^^^^^^^^^ not found in this scope
[INFO] [stdout] 
[INFO] [stdout] 
[INFO] [stdout] warning: unused import: `cursive::align::HAlign`
[INFO] [stdout]  --> src/network.rs:6:5
[INFO] [stdout]   |
[INFO] [stdout] 6 | use cursive::align::HAlign;
[INFO] [stdout]   |     ^^^^^^^^^^^^^^^^^^^^^^
[INFO] [stdout]   |
[INFO] [stdout]   = note: `#[warn(unused_imports)]` on by default
[INFO] [stdout] 
[INFO] [stdout] 
[INFO] [stdout] warning: unused import: `cursive::traits::*`
[INFO] [stdout]  --> src/network.rs:7:5
[INFO] [stdout]   |
[INFO] [stdout] 7 | use cursive::traits::*;
[INFO] [stdout]   |     ^^^^^^^^^^^^^^^^^^
[INFO] [stdout] 
[INFO] [stdout] 
[INFO] [stdout] warning: unused import: `cursive::Cursive`
[INFO] [stdout]  --> src/network.rs:8:5
[INFO] [stdout]   |
[INFO] [stdout] 8 | use cursive::Cursive;
[INFO] [stdout]   |     ^^^^^^^^^^^^^^^^
[INFO] [stdout] 
[INFO] [stdout] 
[INFO] [stdout] warning: unused imports: `Deserialize`, `Serialize`
[INFO] [stdout]   --> src/network.rs:14:13
[INFO] [stdout]    |
[INFO] [stdout] 14 | use serde::{Deserialize, Serialize};
[INFO] [stdout]    |             ^^^^^^^^^^^  ^^^^^^^^^
[INFO] [stdout] 
[INFO] [stdout] 
[INFO] [stdout] warning: unused imports: `Sender`, `channel`
[INFO] [stdout]   --> src/network.rs:17:23
[INFO] [stdout]    |
[INFO] [stdout] 17 | use std::sync::mpsc::{channel, Sender};
[INFO] [stdout]    |                       ^^^^^^^  ^^^^^^
[INFO] [stdout] 
[INFO] [stdout] 
[INFO] [stdout] warning: unused import: `std::thread`
[INFO] [stdout]   --> src/network.rs:18:5
[INFO] [stdout]    |
[INFO] [stdout] 18 | use std::thread;
[INFO] [stdout]    |     ^^^^^^^^^^^
[INFO] [stdout] 
[INFO] [stdout] 
[INFO] [stdout] warning: unused import: `cursive::view::ScrollStrategy`
[INFO] [stdout]   --> src/network.rs:32:5
[INFO] [stdout]    |
[INFO] [stdout] 32 | use cursive::view::ScrollStrategy;
[INFO] [stdout]    |     ^^^^^^^^^^^^^^^^^^^^^^^^^^^^^
[INFO] [stdout] 
[INFO] [stdout] 
[INFO] [stdout] warning: unused imports: `BoxView`, `Button`, `Dialog`, `DummyView`, `EditView`, `LinearLayout`, `ScrollView`, `SelectView`, `TextView`
[INFO] [stdout]   --> src/network.rs:34:5
[INFO] [stdout]    |
[INFO] [stdout] 34 |     BoxView, Button, Dialog, DummyView, EditView, LinearLayout, ScrollView, SelectView, TextView,
[INFO] [stdout]    |     ^^^^^^^  ^^^^^^  ^^^^^^  ^^^^^^^^^  ^^^^^^^^  ^^^^^^^^^^^^  ^^^^^^^^^^  ^^^^^^^^^^  ^^^^^^^^
[INFO] [stdout] 
[INFO] [stdout] 
[INFO] [stdout] warning: unused import: `std::sync::mpsc`
[INFO] [stdout]   --> src/network.rs:37:5
[INFO] [stdout]    |
[INFO] [stdout] 37 | use std::sync::mpsc;
[INFO] [stdout]    |     ^^^^^^^^^^^^^^^
[INFO] [stdout] 
[INFO] [stdout] 
[INFO] [stdout] warning: unused import: `cursive::traits::*`
[INFO] [stdout]   --> src/network.rs:39:5
[INFO] [stdout]    |
[INFO] [stdout] 39 | use cursive::traits::*;
[INFO] [stdout]    |     ^^^^^^^^^^^^^^^^^^
[INFO] [stdout] 
[INFO] [stdout] 
[INFO] [stdout] warning: unused import: `cursive::Cursive`
[INFO] [stdout]   --> src/main.rs:11:5
[INFO] [stdout]    |
[INFO] [stdout] 11 | use cursive::Cursive;
[INFO] [stdout]    |     ^^^^^^^^^^^^^^^^
[INFO] [stdout] 
[INFO] [stdout] 
[INFO] [stdout] warning: unused import: `std::thread`
[INFO] [stdout]   --> src/main.rs:21:5
[INFO] [stdout]    |
[INFO] [stdout] 21 | use std::thread;
[INFO] [stdout]    |     ^^^^^^^^^^^
[INFO] [stdout] 
[INFO] [stdout] 
[INFO] [stdout] warning: unused imports: `FloodsubEvent`, `Floodsub`, `MdnsEvent`, `Mdns`, `Multiaddr`, `PingConfig`, `Ping`, `Swarm`, `self`, `swarm::NetworkBehaviourEventProcess`
[INFO] [stdout]   --> src/main.rs:29:16
[INFO] [stdout]    |
[INFO] [stdout] 29 |     floodsub::{self, Floodsub, FloodsubEvent},
[INFO] [stdout]    |                ^^^^  ^^^^^^^^  ^^^^^^^^^^^^^
[INFO] [stdout] 30 |     mdns::{Mdns, MdnsEvent},
[INFO] [stdout]    |            ^^^^  ^^^^^^^^^
[INFO] [stdout] 31 |     ping::{Ping, PingConfig},
[INFO] [stdout]    |            ^^^^  ^^^^^^^^^^
[INFO] [stdout] 32 |     swarm::NetworkBehaviourEventProcess,
[INFO] [stdout]    |     ^^^^^^^^^^^^^^^^^^^^^^^^^^^^^^^^^^^
[INFO] [stdout] 33 |     Multiaddr, Swarm,
[INFO] [stdout]    |     ^^^^^^^^^  ^^^^^
[INFO] [stdout] 
[INFO] [stdout] 
[INFO] [stdout] warning: unused imports: `BoxView`, `Button`, `SelectView`
[INFO] [stdout]   --> src/main.rs:38:5
[INFO] [stdout]    |
[INFO] [stdout] 38 |     BoxView, Button, Dialog, DummyView, EditView, LinearLayout, ResizedView, ScrollView,
[INFO] [stdout]    |     ^^^^^^^  ^^^^^^
[INFO] [stdout] 39 |     SelectView, TextView,
[INFO] [stdout]    |     ^^^^^^^^^^
[INFO] [stdout] 
[INFO] [stdout] 
[INFO] [stdout] warning: unused import: `cursive::traits::*`
[INFO] [stdout]   --> src/main.rs:42:5
[INFO] [stdout]    |
[INFO] [stdout] 42 | use cursive::traits::*;
[INFO] [stdout]    |     ^^^^^^^^^^^^^^^^^^
[INFO] [stdout] 
[INFO] [stdout] 
[INFO] [stdout] warning: use of deprecated type alias `cursive::views::BoxView`: `BoxView` is being renamed to `ResizedView`
[INFO] [stdout]   --> src/main.rs:38:5
[INFO] [stdout]    |
[INFO] [stdout] 38 |     BoxView, Button, Dialog, DummyView, EditView, LinearLayout, ResizedView, ScrollView,
[INFO] [stdout]    |     ^^^^^^^
[INFO] [stdout]    |
[INFO] [stdout]    = note: `#[warn(deprecated)]` on by default
[INFO] [stdout] 
[INFO] [stdout] 
[INFO] [stdout] warning: use of deprecated type alias `cursive::views::BoxView`: `BoxView` is being renamed to `ResizedView`
[INFO] [stdout]   --> src/network.rs:34:5
[INFO] [stdout]    |
[INFO] [stdout] 34 |     BoxView, Button, Dialog, DummyView, EditView, LinearLayout, ScrollView, SelectView, TextView,
[INFO] [stdout]    |     ^^^^^^^
[INFO] [stdout] 
[INFO] [stdout] 
[INFO] [stdout] error[E0433]: failed to resolve: use of undeclared type `NetworkWorker`
[INFO] [stdout]    --> src/main.rs:121:19
[INFO] [stdout]     |
[INFO] [stdout] 121 |     let network = NetworkWorker::new(cfg.get_user())
[INFO] [stdout]     |                   ^^^^^^^^^^^^^ use of undeclared type `NetworkWorker`
[INFO] [stdout] 
[INFO] [stdout] 
[INFO] [stdout] error[E0425]: cannot find value `net_reciever` in this scope
[INFO] [stdout]    --> src/main.rs:132:27
[INFO] [stdout]     |
[INFO] [stdout] 132 |         while let Ok(m) = net_reciever.recv().await? {
[INFO] [stdout]     |                           ^^^^^^^^^^^^ not found in this scope
[INFO] [stdout] 
[INFO] [stdout] 
[INFO] [stdout] error[E0425]: cannot find value `msg_sender` in this scope
[INFO] [stdout]    --> src/main.rs:141:13
[INFO] [stdout]     |
[INFO] [stdout] 141 |             msg_sender.send(m);
[INFO] [stdout]     |             ^^^^^^^^^^ not found in this scope
[INFO] [stdout] 
[INFO] [stdout] 
[INFO] [stdout] warning: unused import: `cursive::align::HAlign`
[INFO] [stdout]  --> src/network.rs:6:5
[INFO] [stdout]   |
[INFO] [stdout] 6 | use cursive::align::HAlign;
[INFO] [stdout]   |     ^^^^^^^^^^^^^^^^^^^^^^
[INFO] [stdout]   |
[INFO] [stdout]   = note: `#[warn(unused_imports)]` on by default
[INFO] [stdout] 
[INFO] [stdout] 
[INFO] [stdout] warning: unused import: `cursive::traits::*`
[INFO] [stdout]  --> src/network.rs:7:5
[INFO] [stdout]   |
[INFO] [stdout] 7 | use cursive::traits::*;
[INFO] [stdout]   |     ^^^^^^^^^^^^^^^^^^
[INFO] [stdout] 
[INFO] [stdout] 
[INFO] [stdout] warning: unused import: `cursive::Cursive`
[INFO] [stdout]  --> src/network.rs:8:5
[INFO] [stdout]   |
[INFO] [stdout] 8 | use cursive::Cursive;
[INFO] [stdout]   |     ^^^^^^^^^^^^^^^^
[INFO] [stdout] 
[INFO] [stdout] 
[INFO] [stdout] warning: unused imports: `Deserialize`, `Serialize`
[INFO] [stdout]   --> src/network.rs:14:13
[INFO] [stdout]    |
[INFO] [stdout] 14 | use serde::{Deserialize, Serialize};
[INFO] [stdout]    |             ^^^^^^^^^^^  ^^^^^^^^^
[INFO] [stdout] 
[INFO] [stdout] 
[INFO] [stdout] warning: unused imports: `Sender`, `channel`
[INFO] [stdout]   --> src/network.rs:17:23
[INFO] [stdout]    |
[INFO] [stdout] 17 | use std::sync::mpsc::{channel, Sender};
[INFO] [stdout]    |                       ^^^^^^^  ^^^^^^
[INFO] [stdout] 
[INFO] [stdout] 
[INFO] [stdout] warning: unused import: `std::thread`
[INFO] [stdout]   --> src/network.rs:18:5
[INFO] [stdout]    |
[INFO] [stdout] 18 | use std::thread;
[INFO] [stdout]    |     ^^^^^^^^^^^
[INFO] [stdout] 
[INFO] [stdout] 
[INFO] [stdout] warning: unused import: `cursive::view::ScrollStrategy`
[INFO] [stdout]   --> src/network.rs:32:5
[INFO] [stdout]    |
[INFO] [stdout] 32 | use cursive::view::ScrollStrategy;
[INFO] [stdout]    |     ^^^^^^^^^^^^^^^^^^^^^^^^^^^^^
[INFO] [stdout] 
[INFO] [stdout] 
[INFO] [stdout] warning: unused imports: `BoxView`, `Button`, `Dialog`, `DummyView`, `EditView`, `LinearLayout`, `ScrollView`, `SelectView`, `TextView`
[INFO] [stdout]   --> src/network.rs:34:5
[INFO] [stdout]    |
[INFO] [stdout] 34 |     BoxView, Button, Dialog, DummyView, EditView, LinearLayout, ScrollView, SelectView, TextView,
[INFO] [stdout]    |     ^^^^^^^  ^^^^^^  ^^^^^^  ^^^^^^^^^  ^^^^^^^^  ^^^^^^^^^^^^  ^^^^^^^^^^  ^^^^^^^^^^  ^^^^^^^^
[INFO] [stdout] 
[INFO] [stdout] 
[INFO] [stdout] warning: unused import: `std::sync::mpsc`
[INFO] [stdout]   --> src/network.rs:37:5
[INFO] [stdout]    |
[INFO] [stdout] 37 | use std::sync::mpsc;
[INFO] [stdout]    |     ^^^^^^^^^^^^^^^
[INFO] [stdout] 
[INFO] [stdout] 
[INFO] [stdout] warning: unused import: `cursive::traits::*`
[INFO] [stdout]   --> src/network.rs:39:5
[INFO] [stdout]    |
[INFO] [stdout] 39 | use cursive::traits::*;
[INFO] [stdout]    |     ^^^^^^^^^^^^^^^^^^
[INFO] [stdout] 
[INFO] [stdout] 
[INFO] [stdout] warning: unused import: `cursive::Cursive`
[INFO] [stdout]   --> src/main.rs:11:5
[INFO] [stdout]    |
[INFO] [stdout] 11 | use cursive::Cursive;
[INFO] [stdout]    |     ^^^^^^^^^^^^^^^^
[INFO] [stdout] 
[INFO] [stdout] 
[INFO] [stdout] warning: unused import: `std::thread`
[INFO] [stdout]   --> src/main.rs:21:5
[INFO] [stdout]    |
[INFO] [stdout] 21 | use std::thread;
[INFO] [stdout]    |     ^^^^^^^^^^^
[INFO] [stdout] 
[INFO] [stdout] 
[INFO] [stdout] warning: unused imports: `FloodsubEvent`, `Floodsub`, `MdnsEvent`, `Mdns`, `Multiaddr`, `PingConfig`, `Ping`, `Swarm`, `self`, `swarm::NetworkBehaviourEventProcess`
[INFO] [stdout]   --> src/main.rs:29:16
[INFO] [stdout]    |
[INFO] [stdout] 29 |     floodsub::{self, Floodsub, FloodsubEvent},
[INFO] [stdout]    |                ^^^^  ^^^^^^^^  ^^^^^^^^^^^^^
[INFO] [stdout] 30 |     mdns::{Mdns, MdnsEvent},
[INFO] [stdout]    |            ^^^^  ^^^^^^^^^
[INFO] [stdout] 31 |     ping::{Ping, PingConfig},
[INFO] [stdout]    |            ^^^^  ^^^^^^^^^^
[INFO] [stdout] 32 |     swarm::NetworkBehaviourEventProcess,
[INFO] [stdout]    |     ^^^^^^^^^^^^^^^^^^^^^^^^^^^^^^^^^^^
[INFO] [stdout] 33 |     Multiaddr, Swarm,
[INFO] [stdout]    |     ^^^^^^^^^  ^^^^^
[INFO] [stdout] 
[INFO] [stdout] 
[INFO] [stdout] warning: unused imports: `BoxView`, `Button`, `SelectView`
[INFO] [stdout]   --> src/main.rs:38:5
[INFO] [stdout]    |
[INFO] [stdout] 38 |     BoxView, Button, Dialog, DummyView, EditView, LinearLayout, ResizedView, ScrollView,
[INFO] [stdout]    |     ^^^^^^^  ^^^^^^
[INFO] [stdout] 39 |     SelectView, TextView,
[INFO] [stdout]    |     ^^^^^^^^^^
[INFO] [stdout] 
[INFO] [stdout] 
[INFO] [stdout] warning: unused import: `cursive::traits::*`
[INFO] [stdout]   --> src/main.rs:42:5
[INFO] [stdout]    |
[INFO] [stdout] 42 | use cursive::traits::*;
[INFO] [stdout]    |     ^^^^^^^^^^^^^^^^^^
[INFO] [stdout] 
[INFO] [stdout] 
[INFO] [stdout] warning: use of deprecated type alias `cursive::views::BoxView`: `BoxView` is being renamed to `ResizedView`
[INFO] [stdout]   --> src/main.rs:38:5
[INFO] [stdout]    |
[INFO] [stdout] 38 |     BoxView, Button, Dialog, DummyView, EditView, LinearLayout, ResizedView, ScrollView,
[INFO] [stdout]    |     ^^^^^^^
[INFO] [stdout]    |
[INFO] [stdout]    = note: `#[warn(deprecated)]` on by default
[INFO] [stdout] 
[INFO] [stdout] 
[INFO] [stdout] warning: use of deprecated type alias `cursive::views::BoxView`: `BoxView` is being renamed to `ResizedView`
[INFO] [stdout]   --> src/network.rs:34:5
[INFO] [stdout]    |
[INFO] [stdout] 34 |     BoxView, Button, Dialog, DummyView, EditView, LinearLayout, ScrollView, SelectView, TextView,
[INFO] [stdout]    |     ^^^^^^^
[INFO] [stdout] 
[INFO] [stdout] 
[INFO] [stdout] error[E0277]: the `?` operator can only be used in an async block that returns `Result` or `Option` (or another type that implements `FromResidual`)
[INFO] [stdout]    --> src/main.rs:132:52
[INFO] [stdout]     |
[INFO] [stdout] 131 |       tokio::spawn(async move {
[INFO] [stdout]     |  _____________________________-
[INFO] [stdout] 132 | |         while let Ok(m) = net_reciever.recv().await? {
[INFO] [stdout]     | |                                                    ^ cannot use the `?` operator in an async block that returns `()`
[INFO] [stdout] 133 | |             service.publish(m).await?;
[INFO] [stdout] 134 | |         }
[INFO] [stdout] 135 | |     });
[INFO] [stdout]     | |_____- this function should return `Result` or `Option` to accept `?`
[INFO] [stdout]     |
[INFO] [stdout]     = help: the trait `FromResidual<_>` is not implemented for `()`
[INFO] [stdout] note: required by `from_residual`
[INFO] [stdout] 
[INFO] [stdout] 
[INFO] [stdout] error[E0277]: the `?` operator can only be used in an async block that returns `Result` or `Option` (or another type that implements `FromResidual`)
[INFO] [stdout]    --> src/main.rs:133:37
[INFO] [stdout]     |
[INFO] [stdout] 131 |       tokio::spawn(async move {
[INFO] [stdout]     |  _____________________________-
[INFO] [stdout] 132 | |         while let Ok(m) = net_reciever.recv().await? {
[INFO] [stdout] 133 | |             service.publish(m).await?;
[INFO] [stdout]     | |                                     ^ cannot use the `?` operator in an async block that returns `()`
[INFO] [stdout] 134 | |         }
[INFO] [stdout] 135 | |     });
[INFO] [stdout]     | |_____- this function should return `Result` or `Option` to accept `?`
[INFO] [stdout]     |
[INFO] [stdout]     = help: the trait `FromResidual<_>` is not implemented for `()`
[INFO] [stdout] note: required by `from_residual`
[INFO] [stdout] 
[INFO] [stdout] 
[INFO] [stdout] error[E0277]: the `?` operator can only be used in an async block that returns `Result` or `Option` (or another type that implements `FromResidual`)
[INFO] [stdout]    --> src/main.rs:140:49
[INFO] [stdout]     |
[INFO] [stdout] 139 |       tokio::spawn(async move {
[INFO] [stdout]     |  _____________________________-
[INFO] [stdout] 140 | |         while let Some(m) = service.next().await? {
[INFO] [stdout]     | |                                                 ^ cannot use the `?` operator in an async block that returns `()`
[INFO] [stdout] 141 | |             msg_sender.send(m);
[INFO] [stdout] 142 | |         }
[INFO] [stdout] 143 | |     });
[INFO] [stdout]     | |_____- this function should return `Result` or `Option` to accept `?`
[INFO] [stdout]     |
[INFO] [stdout]     = help: the trait `FromResidual<_>` is not implemented for `()`
[INFO] [stdout] note: required by `from_residual`
[INFO] [stdout] 
[INFO] [stdout] 
[INFO] [stdout] error[E0277]: the `?` operator can only be used in an async block that returns `Result` or `Option` (or another type that implements `FromResidual`)
[INFO] [stdout]    --> src/main.rs:132:52
[INFO] [stdout]     |
[INFO] [stdout] 131 |       tokio::spawn(async move {
[INFO] [stdout]     |  _____________________________-
[INFO] [stdout] 132 | |         while let Ok(m) = net_reciever.recv().await? {
[INFO] [stdout]     | |                                                    ^ cannot use the `?` operator in an async block that returns `()`
[INFO] [stdout] 133 | |             service.publish(m).await?;
[INFO] [stdout] 134 | |         }
[INFO] [stdout] 135 | |     });
[INFO] [stdout]     | |_____- this function should return `Result` or `Option` to accept `?`
[INFO] [stdout]     |
[INFO] [stdout]     = help: the trait `FromResidual<_>` is not implemented for `()`
[INFO] [stdout] note: required by `from_residual`
[INFO] [stdout] 
[INFO] [stdout] 
[INFO] [stdout] error[E0277]: the `?` operator can only be used in an async block that returns `Result` or `Option` (or another type that implements `FromResidual`)
[INFO] [stdout]    --> src/main.rs:133:37
[INFO] [stdout]     |
[INFO] [stdout] 131 |       tokio::spawn(async move {
[INFO] [stdout]     |  _____________________________-
[INFO] [stdout] 132 | |         while let Ok(m) = net_reciever.recv().await? {
[INFO] [stdout] 133 | |             service.publish(m).await?;
[INFO] [stdout]     | |                                     ^ cannot use the `?` operator in an async block that returns `()`
[INFO] [stdout] 134 | |         }
[INFO] [stdout] 135 | |     });
[INFO] [stdout]     | |_____- this function should return `Result` or `Option` to accept `?`
[INFO] [stdout]     |
[INFO] [stdout]     = help: the trait `FromResidual<_>` is not implemented for `()`
[INFO] [stdout] note: required by `from_residual`
[INFO] [stdout] 
[INFO] [stdout] 
[INFO] [stdout] error[E0277]: the `?` operator can only be used in an async block that returns `Result` or `Option` (or another type that implements `FromResidual`)
[INFO] [stdout]    --> src/main.rs:140:49
[INFO] [stdout]     |
[INFO] [stdout] 139 |       tokio::spawn(async move {
[INFO] [stdout]     |  _____________________________-
[INFO] [stdout] 140 | |         while let Some(m) = service.next().await? {
[INFO] [stdout]     | |                                                 ^ cannot use the `?` operator in an async block that returns `()`
[INFO] [stdout] 141 | |             msg_sender.send(m);
[INFO] [stdout] 142 | |         }
[INFO] [stdout] 143 | |     });
[INFO] [stdout]     | |_____- this function should return `Result` or `Option` to accept `?`
[INFO] [stdout]     |
[INFO] [stdout]     = help: the trait `FromResidual<_>` is not implemented for `()`
[INFO] [stdout] note: required by `from_residual`
[INFO] [stdout] 
[INFO] [stdout] 
[INFO] [stdout] error: aborting due to 6 previous errors; 17 warnings emitted
[INFO] [stdout] 
[INFO] [stdout] 
[INFO] [stdout] Some errors have detailed explanations: E0277, E0425, E0433.
[INFO] [stdout] 
[INFO] [stdout] For more information about an error, try `rustc --explain E0277`.
[INFO] [stdout] 
[INFO] [stdout] error: aborting due to 6 previous errors; 17 warnings emitted
[INFO] [stdout] 
[INFO] [stdout] 
[INFO] [stdout] Some errors have detailed explanations: E0277, E0425, E0433.
[INFO] [stdout] 
[INFO] [stdout] For more information about an error, try `rustc --explain E0277`.
[INFO] [stdout] 
[INFO] [stderr] error: could not compile `uno-rs` due to 7 previous errors; 17 warnings emitted
[INFO] [stderr] warning: build failed, waiting for other jobs to finish...
[INFO] [stderr] error: build failed
[INFO] running `Command { std: "docker" "inspect" "3822bcbe98cf938a41a6eae1b39cfdb85c547669ec47785080ba2663968adeba", kill_on_drop: false }`
[INFO] running `Command { std: "docker" "rm" "-f" "3822bcbe98cf938a41a6eae1b39cfdb85c547669ec47785080ba2663968adeba", kill_on_drop: false }`
[INFO] [stdout] 3822bcbe98cf938a41a6eae1b39cfdb85c547669ec47785080ba2663968adeba
