[INFO] cloning repository https://github.com/RodzHC/simpleRUSTBlockchain
[INFO] running `Command { std: "git" "-c" "credential.helper=" "-c" "credential.helper=/workspace/cargo-home/bin/git-credential-null" "clone" "--bare" "https://github.com/RodzHC/simpleRUSTBlockchain" "/workspace/cache/git-repos/https%3A%2F%2Fgithub.com%2FRodzHC%2FsimpleRUSTBlockchain", kill_on_drop: false }`
[INFO] [stderr] Cloning into bare repository '/workspace/cache/git-repos/https%3A%2F%2Fgithub.com%2FRodzHC%2FsimpleRUSTBlockchain'...
[INFO] running `Command { std: "git" "rev-parse" "HEAD", kill_on_drop: false }`
[INFO] [stdout] 9a1cb79b789ac9f5fd3a10acbb594f4bf13135fb
[INFO] checking RodzHC/simpleRUSTBlockchain against beta-2021-10-15 for beta-1.56-3
[INFO] running `Command { std: "git" "clone" "/workspace/cache/git-repos/https%3A%2F%2Fgithub.com%2FRodzHC%2FsimpleRUSTBlockchain" "/workspace/builds/worker-88/source", kill_on_drop: false }`
[INFO] [stderr] Cloning into '/workspace/builds/worker-88/source'...
[INFO] [stderr] done.
[INFO] validating manifest of git repo https://github.com/RodzHC/simpleRUSTBlockchain on toolchain beta-2021-10-15
[INFO] running `Command { std: "/workspace/cargo-home/bin/cargo" "+beta-2021-10-15" "metadata" "--manifest-path" "Cargo.toml" "--no-deps", kill_on_drop: false }`
[INFO] started tweaking git repo https://github.com/RodzHC/simpleRUSTBlockchain
[INFO] finished tweaking git repo https://github.com/RodzHC/simpleRUSTBlockchain
[INFO] tweaked toml for git repo https://github.com/RodzHC/simpleRUSTBlockchain written to /workspace/builds/worker-88/source/Cargo.toml
[INFO] crate git repo https://github.com/RodzHC/simpleRUSTBlockchain already has a lockfile, it will not be regenerated
[INFO] running `Command { std: "/workspace/cargo-home/bin/cargo" "+beta-2021-10-15" "fetch" "--manifest-path" "Cargo.toml", kill_on_drop: false }`
[INFO] [stderr]     Blocking waiting for file lock on package cache
[INFO] [stderr]     Blocking waiting for file lock on package cache
[INFO] running `Command { std: "docker" "create" "-v" "/var/lib/crater-agent-workspace/builds/worker-88/target:/opt/rustwide/target:rw,Z" "-v" "/var/lib/crater-agent-workspace/builds/worker-88/source:/opt/rustwide/workdir:ro,Z" "-v" "/var/lib/crater-agent-workspace/cargo-home:/opt/rustwide/cargo-home:ro,Z" "-v" "/var/lib/crater-agent-workspace/rustup-home:/opt/rustwide/rustup-home:ro,Z" "-e" "SOURCE_DIR=/opt/rustwide/workdir" "-e" "CARGO_TARGET_DIR=/opt/rustwide/target" "-e" "CARGO_HOME=/opt/rustwide/cargo-home" "-e" "RUSTUP_HOME=/opt/rustwide/rustup-home" "-w" "/opt/rustwide/workdir" "-m" "1610612736" "--user" "0:0" "--network" "none" "ghcr.io/rust-lang/crates-build-env/linux@sha256:a89201d6b5b9fd45c15d5952ece0a0129e7e80cb26ec023fd59cf09bc26f1604" "/opt/rustwide/cargo-home/bin/cargo" "+beta-2021-10-15" "metadata" "--no-deps" "--format-version=1", kill_on_drop: false }`
[INFO] [stdout] 3b3a9ec86a7f0c02b338dc244b8ddfd5e4f72f686c0643ac11a133ff87d00041
[INFO] running `Command { std: "docker" "start" "-a" "3b3a9ec86a7f0c02b338dc244b8ddfd5e4f72f686c0643ac11a133ff87d00041", kill_on_drop: false }`
[INFO] running `Command { std: "docker" "inspect" "3b3a9ec86a7f0c02b338dc244b8ddfd5e4f72f686c0643ac11a133ff87d00041", kill_on_drop: false }`
[INFO] running `Command { std: "docker" "rm" "-f" "3b3a9ec86a7f0c02b338dc244b8ddfd5e4f72f686c0643ac11a133ff87d00041", kill_on_drop: false }`
[INFO] [stdout] 3b3a9ec86a7f0c02b338dc244b8ddfd5e4f72f686c0643ac11a133ff87d00041
[INFO] running `Command { std: "docker" "create" "-v" "/var/lib/crater-agent-workspace/builds/worker-88/target:/opt/rustwide/target:rw,Z" "-v" "/var/lib/crater-agent-workspace/builds/worker-88/source:/opt/rustwide/workdir:ro,Z" "-v" "/var/lib/crater-agent-workspace/cargo-home:/opt/rustwide/cargo-home:ro,Z" "-v" "/var/lib/crater-agent-workspace/rustup-home:/opt/rustwide/rustup-home:ro,Z" "-e" "SOURCE_DIR=/opt/rustwide/workdir" "-e" "CARGO_TARGET_DIR=/opt/rustwide/target" "-e" "CARGO_INCREMENTAL=0" "-e" "RUST_BACKTRACE=full" "-e" "RUSTFLAGS=--cap-lints=warn" "-e" "CARGO_HOME=/opt/rustwide/cargo-home" "-e" "RUSTUP_HOME=/opt/rustwide/rustup-home" "-w" "/opt/rustwide/workdir" "-m" "1610612736" "--user" "0:0" "--network" "none" "ghcr.io/rust-lang/crates-build-env/linux@sha256:a89201d6b5b9fd45c15d5952ece0a0129e7e80cb26ec023fd59cf09bc26f1604" "/opt/rustwide/cargo-home/bin/cargo" "+beta-2021-10-15" "check" "--frozen" "--all" "--all-targets" "--message-format=json", kill_on_drop: false }`
[INFO] [stdout] a7282e21af95eb0d550fd64a3a60aa4e0e62896d3546c88d44e139c4a75ce72a
[INFO] running `Command { std: "docker" "start" "-a" "a7282e21af95eb0d550fd64a3a60aa4e0e62896d3546c88d44e139c4a75ce72a", kill_on_drop: false }`
[INFO] [stderr]     Checking BlockChain v0.1.0 (/opt/rustwide/workdir)
[INFO] [stdout] error[E0382]: use of moved value: `B`
[INFO] [stdout]   --> src/main.rs:33:10
[INFO] [stdout]    |
[INFO] [stdout] 27 |         let B = Block {
[INFO] [stdout]    |             - move occurs because `B` has type `Block`, which does not implement the `Copy` trait
[INFO] [stdout] ...
[INFO] [stdout] 32 |          self.chain.push(B);  
[INFO] [stdout]    |                          - value moved here
[INFO] [stdout] 33 |          B
[INFO] [stdout]    |          ^ value used here after move
[INFO] [stdout] 
[INFO] [stdout] 
[INFO] [stdout] error[E0382]: use of moved value: `T`
[INFO] [stdout]   --> src/main.rs:44:10
[INFO] [stdout]    |
[INFO] [stdout] 38 |         let T = Transaction {
[INFO] [stdout]    |             - move occurs because `T` has type `Transaction`, which does not implement the `Copy` trait
[INFO] [stdout] ...
[INFO] [stdout] 43 |          self.transactions.push(T);  
[INFO] [stdout]    |                                 - value moved here
[INFO] [stdout] 44 |          T
[INFO] [stdout]    |          ^ value used here after move
[INFO] [stdout] 
[INFO] [stdout] 
[INFO] [stdout] error: aborting due to 2 previous errors
[INFO] [stdout] 
[INFO] [stdout] 
[INFO] [stdout] For more information about this error, try `rustc --explain E0382`.
[INFO] [stdout] 
[INFO] [stderr] error: could not compile `BlockChain` due to 3 previous errors
[INFO] [stderr] warning: build failed, waiting for other jobs to finish...
[INFO] [stdout] error[E0382]: use of moved value: `B`
[INFO] [stdout]   --> src/main.rs:33:10
[INFO] [stdout]    |
[INFO] [stdout] 27 |         let B = Block {
[INFO] [stdout]    |             - move occurs because `B` has type `Block`, which does not implement the `Copy` trait
[INFO] [stdout] ...
[INFO] [stdout] 32 |          self.chain.push(B);  
[INFO] [stdout]    |                          - value moved here
[INFO] [stdout] 33 |          B
[INFO] [stdout]    |          ^ value used here after move
[INFO] [stdout] 
[INFO] [stdout] 
[INFO] [stdout] error[E0382]: use of moved value: `T`
[INFO] [stdout]   --> src/main.rs:44:10
[INFO] [stdout]    |
[INFO] [stdout] 38 |         let T = Transaction {
[INFO] [stdout]    |             - move occurs because `T` has type `Transaction`, which does not implement the `Copy` trait
[INFO] [stdout] ...
[INFO] [stdout] 43 |          self.transactions.push(T);  
[INFO] [stdout]    |                                 - value moved here
[INFO] [stdout] 44 |          T
[INFO] [stdout]    |          ^ value used here after move
[INFO] [stdout] 
[INFO] [stdout] 
[INFO] [stdout] error: aborting due to 2 previous errors
[INFO] [stdout] 
[INFO] [stdout] 
[INFO] [stdout] For more information about this error, try `rustc --explain E0382`.
[INFO] [stdout] 
[INFO] [stderr] error: build failed
[INFO] running `Command { std: "docker" "inspect" "a7282e21af95eb0d550fd64a3a60aa4e0e62896d3546c88d44e139c4a75ce72a", kill_on_drop: false }`
[INFO] running `Command { std: "docker" "rm" "-f" "a7282e21af95eb0d550fd64a3a60aa4e0e62896d3546c88d44e139c4a75ce72a", kill_on_drop: false }`
[INFO] [stdout] a7282e21af95eb0d550fd64a3a60aa4e0e62896d3546c88d44e139c4a75ce72a
