[INFO] cloning repository https://github.com/RinatNamazov/unique_gta_sa_user_files
[INFO] running `Command { std: "git" "-c" "credential.helper=" "-c" "credential.helper=/workspace/cargo-home/bin/git-credential-null" "clone" "--bare" "https://github.com/RinatNamazov/unique_gta_sa_user_files" "/workspace/cache/git-repos/https%3A%2F%2Fgithub.com%2FRinatNamazov%2Funique_gta_sa_user_files", kill_on_drop: false }`
[INFO] [stderr] Cloning into bare repository '/workspace/cache/git-repos/https%3A%2F%2Fgithub.com%2FRinatNamazov%2Funique_gta_sa_user_files'...
[INFO] running `Command { std: "git" "rev-parse" "HEAD", kill_on_drop: false }`
[INFO] [stdout] bfd29fb408b7b44cb2fc45f2cb99d816ef01ae4f
[INFO] checking RinatNamazov/unique_gta_sa_user_files against beta-2021-10-15 for beta-1.56-3
[INFO] running `Command { std: "git" "clone" "/workspace/cache/git-repos/https%3A%2F%2Fgithub.com%2FRinatNamazov%2Funique_gta_sa_user_files" "/workspace/builds/worker-106/source", kill_on_drop: false }`
[INFO] [stderr] Cloning into '/workspace/builds/worker-106/source'...
[INFO] [stderr] done.
[INFO] validating manifest of git repo https://github.com/RinatNamazov/unique_gta_sa_user_files on toolchain beta-2021-10-15
[INFO] running `Command { std: "/workspace/cargo-home/bin/cargo" "+beta-2021-10-15" "metadata" "--manifest-path" "Cargo.toml" "--no-deps", kill_on_drop: false }`
[INFO] started tweaking git repo https://github.com/RinatNamazov/unique_gta_sa_user_files
[INFO] finished tweaking git repo https://github.com/RinatNamazov/unique_gta_sa_user_files
[INFO] tweaked toml for git repo https://github.com/RinatNamazov/unique_gta_sa_user_files written to /workspace/builds/worker-106/source/Cargo.toml
[INFO] crate git repo https://github.com/RinatNamazov/unique_gta_sa_user_files already has a lockfile, it will not be regenerated
[INFO] running `Command { std: "/workspace/cargo-home/bin/cargo" "+beta-2021-10-15" "fetch" "--manifest-path" "Cargo.toml", kill_on_drop: false }`
[INFO] [stderr]     Blocking waiting for file lock on package cache
[INFO] running `Command { std: "docker" "create" "-v" "/var/lib/crater-agent-workspace/builds/worker-106/target:/opt/rustwide/target:rw,Z" "-v" "/var/lib/crater-agent-workspace/builds/worker-106/source:/opt/rustwide/workdir:ro,Z" "-v" "/var/lib/crater-agent-workspace/cargo-home:/opt/rustwide/cargo-home:ro,Z" "-v" "/var/lib/crater-agent-workspace/rustup-home:/opt/rustwide/rustup-home:ro,Z" "-e" "SOURCE_DIR=/opt/rustwide/workdir" "-e" "CARGO_TARGET_DIR=/opt/rustwide/target" "-e" "CARGO_HOME=/opt/rustwide/cargo-home" "-e" "RUSTUP_HOME=/opt/rustwide/rustup-home" "-w" "/opt/rustwide/workdir" "-m" "1610612736" "--user" "0:0" "--network" "none" "ghcr.io/rust-lang/crates-build-env/linux@sha256:a89201d6b5b9fd45c15d5952ece0a0129e7e80cb26ec023fd59cf09bc26f1604" "/opt/rustwide/cargo-home/bin/cargo" "+beta-2021-10-15" "metadata" "--no-deps" "--format-version=1", kill_on_drop: false }`
[INFO] [stdout] 74923717475e43f18fe2088259f9333f85be3d1e5c235bd465f790453f8b5acb
[INFO] running `Command { std: "docker" "start" "-a" "74923717475e43f18fe2088259f9333f85be3d1e5c235bd465f790453f8b5acb", kill_on_drop: false }`
[INFO] running `Command { std: "docker" "inspect" "74923717475e43f18fe2088259f9333f85be3d1e5c235bd465f790453f8b5acb", kill_on_drop: false }`
[INFO] running `Command { std: "docker" "rm" "-f" "74923717475e43f18fe2088259f9333f85be3d1e5c235bd465f790453f8b5acb", kill_on_drop: false }`
[INFO] [stdout] 74923717475e43f18fe2088259f9333f85be3d1e5c235bd465f790453f8b5acb
[INFO] running `Command { std: "docker" "create" "-v" "/var/lib/crater-agent-workspace/builds/worker-106/target:/opt/rustwide/target:rw,Z" "-v" "/var/lib/crater-agent-workspace/builds/worker-106/source:/opt/rustwide/workdir:ro,Z" "-v" "/var/lib/crater-agent-workspace/cargo-home:/opt/rustwide/cargo-home:ro,Z" "-v" "/var/lib/crater-agent-workspace/rustup-home:/opt/rustwide/rustup-home:ro,Z" "-e" "SOURCE_DIR=/opt/rustwide/workdir" "-e" "CARGO_TARGET_DIR=/opt/rustwide/target" "-e" "CARGO_INCREMENTAL=0" "-e" "RUST_BACKTRACE=full" "-e" "RUSTFLAGS=--cap-lints=warn" "-e" "CARGO_HOME=/opt/rustwide/cargo-home" "-e" "RUSTUP_HOME=/opt/rustwide/rustup-home" "-w" "/opt/rustwide/workdir" "-m" "1610612736" "--user" "0:0" "--network" "none" "ghcr.io/rust-lang/crates-build-env/linux@sha256:a89201d6b5b9fd45c15d5952ece0a0129e7e80cb26ec023fd59cf09bc26f1604" "/opt/rustwide/cargo-home/bin/cargo" "+beta-2021-10-15" "check" "--frozen" "--all" "--all-targets" "--message-format=json", kill_on_drop: false }`
[INFO] [stdout] a8d33579fcde99f083460af2e9e2479398782f9089527a79a6bc8972ae139518
[INFO] running `Command { std: "docker" "start" "-a" "a8d33579fcde99f083460af2e9e2479398782f9089527a79a6bc8972ae139518", kill_on_drop: false }`
[INFO] [stderr]     Blocking waiting for file lock on package cache
[INFO] [stderr]    Compiling winapi v0.3.9
[INFO] [stderr]     Checking unique_gta_sa_user_files v0.1.0 (/opt/rustwide/workdir)
[INFO] [stdout] error[E0433]: failed to resolve: could not find `shared` in `winapi`
[INFO] [stdout]  --> src/lib.rs:1:13
[INFO] [stdout]   |
[INFO] [stdout] 1 | use winapi::shared::minwindef::{BOOL, DWORD, HMODULE, LPVOID, TRUE};
[INFO] [stdout]   |             ^^^^^^ could not find `shared` in `winapi`
[INFO] [stdout] 
[INFO] [stdout] 
[INFO] [stdout] error[E0433]: failed to resolve: could not find `um` in `winapi`
[INFO] [stdout]  --> src/lib.rs:2:13
[INFO] [stdout]   |
[INFO] [stdout] 2 | use winapi::um::libloaderapi::DisableThreadLibraryCalls;
[INFO] [stdout]   |             ^^ could not find `um` in `winapi`
[INFO] [stdout] 
[INFO] [stdout] 
[INFO] [stdout] error[E0433]: failed to resolve: could not find `um` in `winapi`
[INFO] [stdout]  --> src/lib.rs:3:13
[INFO] [stdout]   |
[INFO] [stdout] 3 | use winapi::um::winnt::DLL_PROCESS_ATTACH;
[INFO] [stdout]   |             ^^ could not find `um` in `winapi`
[INFO] [stdout] 
[INFO] [stdout] 
[INFO] [stdout] error[E0433]: failed to resolve: could not find `shared` in `winapi`
[INFO] [stdout]  --> src/utils.rs:1:13
[INFO] [stdout]   |
[INFO] [stdout] 1 | use winapi::shared::minwindef::{DWORD, LPVOID};
[INFO] [stdout]   |             ^^^^^^ could not find `shared` in `winapi`
[INFO] [stdout] 
[INFO] [stdout] 
[INFO] [stdout] error[E0433]: failed to resolve: could not find `um` in `winapi`
[INFO] [stdout]  --> src/utils.rs:2:13
[INFO] [stdout]   |
[INFO] [stdout] 2 | use winapi::um::memoryapi::VirtualProtect;
[INFO] [stdout]   |             ^^ could not find `um` in `winapi`
[INFO] [stdout] 
[INFO] [stdout] 
[INFO] [stdout] error[E0433]: failed to resolve: could not find `um` in `winapi`
[INFO] [stdout]  --> src/utils.rs:3:13
[INFO] [stdout]   |
[INFO] [stdout] 3 | use winapi::um::winnt::PAGE_EXECUTE_READWRITE;
[INFO] [stdout]   |             ^^ could not find `um` in `winapi`
[INFO] [stdout] 
[INFO] [stdout] 
[INFO] [stdout] error[E0433]: failed to resolve: could not find `shared` in `winapi`
[INFO] [stdout]  --> src/lib.rs:1:13
[INFO] [stdout]   |
[INFO] [stdout] 1 | use winapi::shared::minwindef::{BOOL, DWORD, HMODULE, LPVOID, TRUE};
[INFO] [stdout]   |             ^^^^^^ could not find `shared` in `winapi`
[INFO] [stdout] 
[INFO] [stdout] 
[INFO] [stdout] error[E0433]: failed to resolve: could not find `um` in `winapi`
[INFO] [stdout]  --> src/lib.rs:2:13
[INFO] [stdout]   |
[INFO] [stdout] 2 | use winapi::um::libloaderapi::DisableThreadLibraryCalls;
[INFO] [stdout]   |             ^^ could not find `um` in `winapi`
[INFO] [stdout] 
[INFO] [stdout] 
[INFO] [stdout] error[E0433]: failed to resolve: could not find `um` in `winapi`
[INFO] [stdout]  --> src/lib.rs:3:13
[INFO] [stdout]   |
[INFO] [stdout] 3 | use winapi::um::winnt::DLL_PROCESS_ATTACH;
[INFO] [stdout]   |             ^^ could not find `um` in `winapi`
[INFO] [stdout] 
[INFO] [stdout] 
[INFO] [stdout] error[E0433]: failed to resolve: could not find `shared` in `winapi`
[INFO] [stdout]  --> src/utils.rs:1:13
[INFO] [stdout]   |
[INFO] [stdout] 1 | use winapi::shared::minwindef::{DWORD, LPVOID};
[INFO] [stdout]   |             ^^^^^^ could not find `shared` in `winapi`
[INFO] [stdout] 
[INFO] [stdout] 
[INFO] [stdout] error[E0433]: failed to resolve: could not find `um` in `winapi`
[INFO] [stdout]  --> src/utils.rs:2:13
[INFO] [stdout]   |
[INFO] [stdout] 2 | use winapi::um::memoryapi::VirtualProtect;
[INFO] [stdout]   |             ^^ could not find `um` in `winapi`
[INFO] [stdout] 
[INFO] [stdout] 
[INFO] [stdout] error[E0433]: failed to resolve: could not find `um` in `winapi`
[INFO] [stdout]  --> src/utils.rs:3:13
[INFO] [stdout]   |
[INFO] [stdout] 3 | use winapi::um::winnt::PAGE_EXECUTE_READWRITE;
[INFO] [stdout]   |             ^^ could not find `um` in `winapi`
[INFO] [stdout] 
[INFO] [stdout] 
[INFO] [stdout] error[E0412]: cannot find type `LPVOID` in this scope
[INFO] [stdout]  --> src/utils.rs:6:30
[INFO] [stdout]   |
[INFO] [stdout] 6 |     let address = address as LPVOID;
[INFO] [stdout]   |                              ^^^^^^ not found in this scope
[INFO] [stdout] 
[INFO] [stdout] 
[INFO] [stdout] error[E0412]: cannot find type `DWORD` in this scope
[INFO] [stdout]  --> src/utils.rs:7:17
[INFO] [stdout]   |
[INFO] [stdout] 7 |     let mut vp: DWORD = PAGE_EXECUTE_READWRITE;
[INFO] [stdout]   |                 ^^^^^ not found in this scope
[INFO] [stdout] 
[INFO] [stdout] 
[INFO] [stdout] error[E0425]: cannot find value `PAGE_EXECUTE_READWRITE` in this scope
[INFO] [stdout]  --> src/utils.rs:7:25
[INFO] [stdout]   |
[INFO] [stdout] 7 |     let mut vp: DWORD = PAGE_EXECUTE_READWRITE;
[INFO] [stdout]   |                         ^^^^^^^^^^^^^^^^^^^^^^ not found in this scope
[INFO] [stdout] 
[INFO] [stdout] 
[INFO] [stdout] error[E0425]: cannot find function, tuple struct or tuple variant `VirtualProtect` in this scope
[INFO] [stdout]  --> src/utils.rs:9:9
[INFO] [stdout]   |
[INFO] [stdout] 9 |         VirtualProtect(address, std::mem::size_of::<usize>(), vp, &mut vp);
[INFO] [stdout]   |         ^^^^^^^^^^^^^^ not found in this scope
[INFO] [stdout] 
[INFO] [stdout] 
[INFO] [stdout] error[E0425]: cannot find function, tuple struct or tuple variant `VirtualProtect` in this scope
[INFO] [stdout]   --> src/utils.rs:13:9
[INFO] [stdout]    |
[INFO] [stdout] 13 |         VirtualProtect(address, std::mem::size_of::<usize>(), vp, &mut vp);
[INFO] [stdout]    |         ^^^^^^^^^^^^^^ not found in this scope
[INFO] [stdout] 
[INFO] [stdout] 
[INFO] [stdout] error[E0412]: cannot find type `HMODULE` in this scope
[INFO] [stdout]   --> src/lib.rs:10:42
[INFO] [stdout]    |
[INFO] [stdout] 10 | pub extern "system" fn DllMain(instance: HMODULE, reason: DWORD, _reserved: LPVOID) -> BOOL {
[INFO] [stdout]    |                                          ^^^^^^^ not found in this scope
[INFO] [stdout] 
[INFO] [stdout] 
[INFO] [stdout] error[E0412]: cannot find type `DWORD` in this scope
[INFO] [stdout]   --> src/lib.rs:10:59
[INFO] [stdout]    |
[INFO] [stdout] 10 | pub extern "system" fn DllMain(instance: HMODULE, reason: DWORD, _reserved: LPVOID) -> BOOL {
[INFO] [stdout]    |                                                           ^^^^^ not found in this scope
[INFO] [stdout] 
[INFO] [stdout] 
[INFO] [stdout] error[E0412]: cannot find type `LPVOID` in this scope
[INFO] [stdout]   --> src/lib.rs:10:77
[INFO] [stdout]    |
[INFO] [stdout] 10 | pub extern "system" fn DllMain(instance: HMODULE, reason: DWORD, _reserved: LPVOID) -> BOOL {
[INFO] [stdout]    |                                                                             ^^^^^^ not found in this scope
[INFO] [stdout] 
[INFO] [stdout] 
[INFO] [stdout] error[E0412]: cannot find type `BOOL` in this scope
[INFO] [stdout]   --> src/lib.rs:10:88
[INFO] [stdout]    |
[INFO] [stdout] 10 | pub extern "system" fn DllMain(instance: HMODULE, reason: DWORD, _reserved: LPVOID) -> BOOL {
[INFO] [stdout]    |                                                                                        ^^^^ not found in this scope
[INFO] [stdout] 
[INFO] [stdout] 
[INFO] [stdout] error[E0425]: cannot find function, tuple struct or tuple variant `DisableThreadLibraryCalls` in this scope
[INFO] [stdout]   --> src/lib.rs:14:17
[INFO] [stdout]    |
[INFO] [stdout] 14 |                 DisableThreadLibraryCalls(instance);
[INFO] [stdout]    |                 ^^^^^^^^^^^^^^^^^^^^^^^^^ not found in this scope
[INFO] [stdout] 
[INFO] [stdout] 
[INFO] [stdout] error[E0425]: cannot find value `TRUE` in this scope
[INFO] [stdout]   --> src/lib.rs:21:5
[INFO] [stdout]    |
[INFO] [stdout] 21 |     TRUE
[INFO] [stdout]    |     ^^^^ not found in this scope
[INFO] [stdout] 
[INFO] [stdout] 
[INFO] [stdout] error[E0412]: cannot find type `LPVOID` in this scope
[INFO] [stdout]  --> src/utils.rs:6:30
[INFO] [stdout]   |
[INFO] [stdout] 6 |     let address = address as LPVOID;
[INFO] [stdout]   |                              ^^^^^^ not found in this scope
[INFO] [stdout] 
[INFO] [stdout] 
[INFO] [stdout] error[E0412]: cannot find type `DWORD` in this scope
[INFO] [stdout]  --> src/utils.rs:7:17
[INFO] [stdout]   |
[INFO] [stdout] 7 |     let mut vp: DWORD = PAGE_EXECUTE_READWRITE;
[INFO] [stdout]   |                 ^^^^^ not found in this scope
[INFO] [stdout] 
[INFO] [stdout] 
[INFO] [stdout] error[E0425]: cannot find value `PAGE_EXECUTE_READWRITE` in this scope
[INFO] [stdout]  --> src/utils.rs:7:25
[INFO] [stdout]   |
[INFO] [stdout] 7 |     let mut vp: DWORD = PAGE_EXECUTE_READWRITE;
[INFO] [stdout]   |                         ^^^^^^^^^^^^^^^^^^^^^^ not found in this scope
[INFO] [stdout] 
[INFO] [stdout] 
[INFO] [stdout] error[E0425]: cannot find function, tuple struct or tuple variant `VirtualProtect` in this scope
[INFO] [stdout]  --> src/utils.rs:9:9
[INFO] [stdout]   |
[INFO] [stdout] 9 |         VirtualProtect(address, std::mem::size_of::<usize>(), vp, &mut vp);
[INFO] [stdout]   |         ^^^^^^^^^^^^^^ not found in this scope
[INFO] [stdout] 
[INFO] [stdout] 
[INFO] [stdout] error[E0425]: cannot find function, tuple struct or tuple variant `VirtualProtect` in this scope
[INFO] [stdout]   --> src/utils.rs:13:9
[INFO] [stdout]    |
[INFO] [stdout] 13 |         VirtualProtect(address, std::mem::size_of::<usize>(), vp, &mut vp);
[INFO] [stdout]    |         ^^^^^^^^^^^^^^ not found in this scope
[INFO] [stdout] 
[INFO] [stdout] 
[INFO] [stdout] error[E0412]: cannot find type `HMODULE` in this scope
[INFO] [stdout]   --> src/lib.rs:10:42
[INFO] [stdout]    |
[INFO] [stdout] 10 | pub extern "system" fn DllMain(instance: HMODULE, reason: DWORD, _reserved: LPVOID) -> BOOL {
[INFO] [stdout]    |                                          ^^^^^^^ not found in this scope
[INFO] [stdout] 
[INFO] [stdout] 
[INFO] [stdout] error[E0412]: cannot find type `DWORD` in this scope
[INFO] [stdout]   --> src/lib.rs:10:59
[INFO] [stdout]    |
[INFO] [stdout] 10 | pub extern "system" fn DllMain(instance: HMODULE, reason: DWORD, _reserved: LPVOID) -> BOOL {
[INFO] [stdout]    |                                                           ^^^^^ not found in this scope
[INFO] [stdout] 
[INFO] [stdout] 
[INFO] [stdout] error: aborting due to 17 previous errors
[INFO] [stdout] 
[INFO] [stdout] 
[INFO] [stdout] Some errors have detailed explanations: E0412, E0425, E0433.
[INFO] [stdout] 
[INFO] [stdout] For more information about an error, try `rustc --explain E0412`.
[INFO] [stdout] 
[INFO] [stdout] error[E0412]: cannot find type `LPVOID` in this scope
[INFO] [stdout]   --> src/lib.rs:10:77
[INFO] [stdout]    |
[INFO] [stdout] 10 | pub extern "system" fn DllMain(instance: HMODULE, reason: DWORD, _reserved: LPVOID) -> BOOL {
[INFO] [stdout]    |                                                                             ^^^^^^ not found in this scope
[INFO] [stdout] 
[INFO] [stdout] 
[INFO] [stdout] error[E0412]: cannot find type `BOOL` in this scope
[INFO] [stdout]   --> src/lib.rs:10:88
[INFO] [stdout]    |
[INFO] [stdout] 10 | pub extern "system" fn DllMain(instance: HMODULE, reason: DWORD, _reserved: LPVOID) -> BOOL {
[INFO] [stdout]    |                                                                                        ^^^^ not found in this scope
[INFO] [stdout] 
[INFO] [stdout] 
[INFO] [stdout] error[E0425]: cannot find function, tuple struct or tuple variant `DisableThreadLibraryCalls` in this scope
[INFO] [stdout]   --> src/lib.rs:14:17
[INFO] [stdout]    |
[INFO] [stdout] 14 |                 DisableThreadLibraryCalls(instance);
[INFO] [stdout]    |                 ^^^^^^^^^^^^^^^^^^^^^^^^^ not found in this scope
[INFO] [stdout] 
[INFO] [stdout] 
[INFO] [stdout] error[E0425]: cannot find value `TRUE` in this scope
[INFO] [stdout]   --> src/lib.rs:21:5
[INFO] [stdout]    |
[INFO] [stdout] 21 |     TRUE
[INFO] [stdout]    |     ^^^^ not found in this scope
[INFO] [stdout] 
[INFO] [stdout] 
[INFO] [stderr] error: could not compile `unique_gta_sa_user_files` due to 18 previous errors
[INFO] [stderr] warning: build failed, waiting for other jobs to finish...
[INFO] [stdout] error: aborting due to 17 previous errors
[INFO] [stdout] 
[INFO] [stdout] 
[INFO] [stderr] error: build failed
[INFO] [stdout] Some errors have detailed explanations: E0412, E0425, E0433.
[INFO] [stdout] 
[INFO] [stdout] For more information about an error, try `rustc --explain E0412`.
[INFO] [stdout] 
[INFO] running `Command { std: "docker" "inspect" "a8d33579fcde99f083460af2e9e2479398782f9089527a79a6bc8972ae139518", kill_on_drop: false }`
[INFO] running `Command { std: "docker" "rm" "-f" "a8d33579fcde99f083460af2e9e2479398782f9089527a79a6bc8972ae139518", kill_on_drop: false }`
[INFO] [stdout] a8d33579fcde99f083460af2e9e2479398782f9089527a79a6bc8972ae139518
